{"id":784886,"date":"2026-03-15T03:11:55","date_gmt":"2026-03-15T00:11:55","guid":{"rendered":"https:\/\/roveyayinevi.com.tr\/index.php\/urun\/15-temmuzun-sosyolojisi-ve-teopolitigi\/"},"modified":"2026-04-15T03:27:35","modified_gmt":"2026-04-15T00:27:35","slug":"15-temmuzun-sosyolojisi-ve-teopolitigi","status":"publish","type":"product","link":"https:\/\/roveyayinevi.com.tr\/index.php\/urun\/15-temmuzun-sosyolojisi-ve-teopolitigi\/","title":{"rendered":"15 Temmuz\u2019un Sosyolojisi ve Teopoliti\u011fi"},"content":{"rendered":"<p>15 Temmuz gecesi sokaklarda direni\u015fi ya\u015fayan ve gazi unvan\u0131 alan bir sosyal bilimci olarak 1990\u2019l\u0131 y\u0131llardan beri g\u00f6zlemledi\u011fimiz G\u00fclen hareketinin, son y\u00fczy\u0131l\u0131n \u201cnedret dinselli\u011fi\u201d d\u00f6neminde, nas\u0131l bir din\u00ee gruptan yola \u00e7\u0131karak sosyal hareket olarak ba\u015flad\u0131\u011f\u0131 ve daha sonra k\u00fclt bir istihbarat \u00f6rg\u00fct\u00fcne d\u00f6n\u00fc\u015ft\u00fc\u011f\u00fcn\u00fcn sosyolojik zeminini ve teopolitik d\u00fc\u015f\u00fcnce haritas\u0131n\u0131 tespit etmek ve sonu\u00e7land\u0131rmak, \u015eerif Mardin\u2019in teorik perspektifinin katk\u0131s\u0131yla sahada m\u00fcmk\u00fcn olmu\u015ftur. Gerek Rudolf Steiner\u2019in ezoterik \u00f6\u011fretisini gerek \u015eemsettin G\u00fcnaltay\u2019\u0131n fikirlerini kendi mal\u0131 gibi kullanan Fethullah G\u00fclen\u2019i g\u00fcn\u00fcm\u00fczde Moon Kilisesiyle, tarihi ve askeri g\u00fc\u00e7 boyutuyla bin y\u0131l \u00f6nceki Sel\u00e7uklu Devleti\u2019ne kar\u015f\u0131 tedhi\u015f hareketlerinde bulunan Ha\u015fha\u015fi \u00f6rg\u00fct\u00fcyle mukayese etmek gittik\u00e7e yerine oturan bir benzetme olmu\u015ftur. 15 Temmuz\u2019u haz\u0131rlayan ve meydana getiren ko\u015fullar\u0131, olaylar\u0131, akt\u00f6rleri bilmek ve olaylar\u0131n nas\u0131l cereyan etti\u011fini anlamak i\u00e7in olgular\u0131n tarihini bazen binlerce, bazen y\u00fczlerce y\u0131l geriye do\u011fru takip edebilmek bazen de dijitalle\u015ferek, ya\u015fad\u0131\u011f\u0131m\u0131z y\u0131llara sari k\u0131lmak gerekmektedir. Sosyal bilimlerin bu momentumdaki g\u00f6revini ne kadar yapabildi\u011fini gelecekteki sosyal bilimci ku\u015faklar\u0131n takdir edece\u011fini ummaktay\u0131z.<\/p>\n","protected":false},"excerpt":{"rendered":"<p>15 Temmuz gecesi sokaklarda direni\u015fi ya\u015fayan ve gazi unvan\u0131 alan bir sosyal bilimci olarak 1990\u2019l\u0131 y\u0131llardan beri g\u00f6zlemledi\u011fimiz G\u00fclen hareketinin, son y\u00fczy\u0131l\u0131n \u201cnedret dinselli\u011fi\u201d d\u00f6neminde, nas\u0131l<span class=\"excerpt-hellip\"> [\u2026]<\/span><\/p>\n","protected":false},"featured_media":0,"template":"","meta":{"_monsterinsights_skip_tracking":false,"_monsterinsights_sitenote_active":false,"_monsterinsights_sitenote_note":"","_monsterinsights_sitenote_category":0},"product_brand":[],"product_cat":[12337,14706],"product_tag":[],"class_list":{"0":"post-784886","1":"product","2":"type-product","3":"status-publish","5":"product_cat-politika-siyaset","6":"product_cat-siyaset-bilimi","7":"pa_cilt-ciltsiz","8":"pa_tur-kitap","9":"pa_yayinevi-kadim-yayinlari","10":"pa_yazar-ercan-sen","12":"first","13":"instock","14":"sale","15":"shipping-taxable","16":"purchasable","17":"product-type-simple"},"_links":{"self":[{"href":"https:\/\/roveyayinevi.com.tr\/index.php\/wp-json\/wp\/v2\/product\/784886","targetHints":{"allow":["GET"]}}],"collection":[{"href":"https:\/\/roveyayinevi.com.tr\/index.php\/wp-json\/wp\/v2\/product"}],"about":[{"href":"https:\/\/roveyayinevi.com.tr\/index.php\/wp-json\/wp\/v2\/types\/product"}],"wp:attachment":[{"href":"https:\/\/roveyayinevi.com.tr\/index.php\/wp-json\/wp\/v2\/media?parent=784886"}],"wp:term":[{"taxonomy":"product_brand","embeddable":true,"href":"https:\/\/roveyayinevi.com.tr\/index.php\/wp-json\/wp\/v2\/product_brand?post=784886"},{"taxonomy":"product_cat","embeddable":true,"href":"https:\/\/roveyayinevi.com.tr\/index.php\/wp-json\/wp\/v2\/product_cat?post=784886"},{"taxonomy":"product_tag","embeddable":true,"href":"https:\/\/roveyayinevi.com.tr\/index.php\/wp-json\/wp\/v2\/product_tag?post=784886"}],"curies":[{"name":"wp","href":"https:\/\/api.w.org\/{rel}","templated":true}]}}

15 Temmuz’un Sosyolojisi ve Teopolitiği

<p>15 Temmuz gecesi sokaklarda direnişi yaşayan ve gazi unvanı alan bir sosyal bilimci olarak 1990’lı yıllardan beri gözlemlediğimiz Gülen hareketinin, son yüzyılın “nedret dinselliği” döneminde, nasıl bir dinî gruptan yola çıkarak sosyal hareket olarak başladığı ve daha sonra kült bir istihbarat örgütüne dönüştüğünün sosyolojik zeminini ve teopolitik düşünce haritasını tespit etmek ve sonuçlandırmak, Şerif Mardin’in teorik perspektifinin katkısıyla sahada mümkün olmuştur. Gerek Rudolf Steiner’in ezoterik öğretisini gerek Şemsettin Günaltay’ın fikirlerini kendi malı gibi kullanan Fethullah Gülen’i günümüzde Moon Kilisesiyle, tarihi ve askeri güç boyutuyla bin yıl önceki Selçuklu Devleti’ne karşı tedhiş hareketlerinde bulunan Haşhaşi örgütüyle mukayese etmek gittikçe yerine oturan bir benzetme olmuştur. 15 Temmuz’u hazırlayan ve meydana getiren koşulları, olayları, aktörleri bilmek ve olayların nasıl cereyan ettiğini anlamak için olguların tarihini bazen binlerce, bazen yüzlerce yıl geriye doğru takip edebilmek bazen de dijitalleşerek, yaşadığımız yıllara sari kılmak gerekmektedir. Sosyal bilimlerin bu momentumdaki görevini ne kadar yapabildiğini gelecekteki sosyal bilimci kuşakların takdir edeceğini ummaktayız.</p>

<p>15 Temmuz gecesi sokaklarda direnişi yaşayan ve gazi unvanı alan bir sosyal bilimci olarak 1990’lı yıllardan beri gözlemlediğimiz Gülen hareketinin, son yüzyılın “nedret dinselliği” döneminde, nasıl<span class="excerpt-hellip"> […]</span></p>
