{"id":784874,"date":"2026-03-15T03:07:28","date_gmt":"2026-03-15T00:07:28","guid":{"rendered":"https:\/\/roveyayinevi.com.tr\/index.php\/urun\/toplumsal-duzen-ve-kurumsal-yapilar\/"},"modified":"2026-04-16T03:10:07","modified_gmt":"2026-04-16T00:10:07","slug":"toplumsal-duzen-ve-kurumsal-yapilar","status":"publish","type":"product","link":"https:\/\/roveyayinevi.com.tr\/index.php\/urun\/toplumsal-duzen-ve-kurumsal-yapilar\/","title":{"rendered":"Toplumsal D\u00fczen ve Kurumsal Yap\u0131lar"},"content":{"rendered":"<p>Bu kitap, toplumsal d\u00fczen ve toplumun devaml\u0131l\u0131\u011f\u0131 a\u00e7\u0131s\u0131ndan temel toplumsal kurumlar\u0131n analizine yo\u011funla\u015fmaktad\u0131r.           Kitapta s\u0131ras\u0131yla aile, din, ekonomi ve siyasal yap\u0131lar analiz edilmi\u015ftir. Aile, toplum bilimcilerin b\u00fcy\u00fck \u00e7o\u011funlu\u011fu taraf\u0131ndan temel toplumsal yap\u0131 birimi olarak belirlenmi\u015ftir. Toplumsal d\u00fczen ve s\u00fcreklili\u011fin tam olarak anla\u015f\u0131labilmesi a\u00e7\u0131s\u0131ndan             ailenin analiz edilmesi \u00f6nemlidir.                                                                                                                                             \u0130lkel ya da medeni, tarih i\u00e7erisinde kar\u015f\u0131la\u015f\u0131lm\u0131\u015f t\u00fcm topluluklarda dinsel inan\u00e7lar\u0131n dolay\u0131s\u0131yla dinsel yap\u0131lar\u0131n varl\u0131\u011f\u0131 s\u00f6z        konusudur. Bu a\u00e7\u0131dan din, toplumsal d\u00fczen ve s\u00fcreklilik a\u00e7\u0131s\u0131ndan temel bir yap\u0131 olarak ele al\u0131nm\u0131\u015ft\u0131r.                                     \u0130nsanlar birtak\u0131m ihtiya\u00e7lar\u0131n\u0131 kar\u015f\u0131lamak \u00fczere \u00fcretim ve t\u00fcketim faaliyetlerinde bulunurlar, i\u015fte bu \u00fcretim ve t\u00fcketim faaliyetlerinin d\u00fczenlenmesi toplumdaki ekonomik yap\u0131lar\u0131n en \u00f6nemli fonksiyonudur. Bu a\u00e7\u0131dan ekonomik yap\u0131lar\u0131n da       ayr\u0131nt\u0131l\u0131 olarak irdelenmesi \u00f6nem arz etmektedir.                                                                                                                          Son ve en ayr\u0131nt\u0131l\u0131 olarak bu kitapta toplumsal d\u00fczen ve s\u00fcreklilik a\u00e7\u0131s\u0131ndan siyaset kurumu analiz edilmi\u015ftir. Siyaset kurumu, pek \u00e7ok kural\u0131 i\u00e7erisinde bar\u0131nd\u0131ran ve toplumsal d\u00fczenin dolay\u0131s\u0131yla s\u00fcreklili\u011fin sa\u011flanmas\u0131nda temel \u00f6neme sahip bir yap\u0131d\u0131r. Siyasal yap\u0131lar, bireysel ve toplumsal ya\u015fam\u0131n her alan\u0131n\u0131 etkilemektedir. Bu kitapta \u00f6zellikle siyasal yap\u0131lara odaklan\u0131larak toplumsal d\u00fczen ve s\u00fcreklilik a\u00e7\u0131s\u0131ndan \u00f6nemleri irdelenmi\u015ftir.   <\/p>\n","protected":false},"excerpt":{"rendered":"<p>Bu kitap, toplumsal d\u00fczen ve toplumun devaml\u0131l\u0131\u011f\u0131 a\u00e7\u0131s\u0131ndan temel toplumsal kurumlar\u0131n analizine yo\u011funla\u015fmaktad\u0131r. Kitapta s\u0131ras\u0131yla aile, din, ekonomi ve siyasal yap\u0131lar analiz edilmi\u015ftir. Aile, toplum bilimcilerin<span class=\"excerpt-hellip\"> [\u2026]<\/span><\/p>\n","protected":false},"featured_media":0,"template":"","meta":{"_monsterinsights_skip_tracking":false,"_monsterinsights_sitenote_active":false,"_monsterinsights_sitenote_note":"","_monsterinsights_sitenote_category":0},"product_brand":[],"product_cat":[12324],"product_tag":[],"class_list":{"0":"post-784874","1":"product","2":"type-product","3":"status-publish","5":"product_cat-sosyoloji","6":"pa_cilt-ciltsiz","7":"pa_tur-kitap","8":"pa_yayinevi-kadim-yayinlari","9":"pa_yazar-kamil-sahin","11":"first","12":"instock","13":"sale","14":"shipping-taxable","15":"purchasable","16":"product-type-simple"},"_links":{"self":[{"href":"https:\/\/roveyayinevi.com.tr\/index.php\/wp-json\/wp\/v2\/product\/784874","targetHints":{"allow":["GET"]}}],"collection":[{"href":"https:\/\/roveyayinevi.com.tr\/index.php\/wp-json\/wp\/v2\/product"}],"about":[{"href":"https:\/\/roveyayinevi.com.tr\/index.php\/wp-json\/wp\/v2\/types\/product"}],"wp:attachment":[{"href":"https:\/\/roveyayinevi.com.tr\/index.php\/wp-json\/wp\/v2\/media?parent=784874"}],"wp:term":[{"taxonomy":"product_brand","embeddable":true,"href":"https:\/\/roveyayinevi.com.tr\/index.php\/wp-json\/wp\/v2\/product_brand?post=784874"},{"taxonomy":"product_cat","embeddable":true,"href":"https:\/\/roveyayinevi.com.tr\/index.php\/wp-json\/wp\/v2\/product_cat?post=784874"},{"taxonomy":"product_tag","embeddable":true,"href":"https:\/\/roveyayinevi.com.tr\/index.php\/wp-json\/wp\/v2\/product_tag?post=784874"}],"curies":[{"name":"wp","href":"https:\/\/api.w.org\/{rel}","templated":true}]}}