{"id":784868,"date":"2026-03-15T03:04:18","date_gmt":"2026-03-15T00:04:18","guid":{"rendered":"https:\/\/roveyayinevi.com.tr\/index.php\/urun\/islam-ve-savas\/"},"modified":"2026-04-16T03:07:27","modified_gmt":"2026-04-16T00:07:27","slug":"islam-ve-savas","status":"publish","type":"product","link":"https:\/\/roveyayinevi.com.tr\/index.php\/urun\/islam-ve-savas\/","title":{"rendered":"\u0130slam ve Sava\u015f"},"content":{"rendered":"<p>\u0130nsan\u0131n f\u0131trat\u0131nda mevcut bulunan temel e\u011filimlerden biri olarak \u015fiddet, kan d\u00f6kmek ve sava\u015f Allah\u2019\u0131n varl\u0131klar\u0131 yaratmas\u0131 ve kavimlerin yeryu\u0308zu\u0308nde ortaya \u00e7\u0131kmas\u0131ndan bu yana devam eden bir olgudur. \u0130nsandan s\u00f6z edilen her yerde ve zamanda sava\u015f kavram\u0131 bir \u015fekilde kar\u015f\u0131m\u0131za \u00e7\u0131kmaktad\u0131r. Kabil\u2019in Habil\u2019i \u00f6ldu\u0308rmek i\u00e7in elini uzatmas\u0131ndan itibaren \u00f6nce bireyler aras\u0131, sonra topluluklar aras\u0131 \u00e7at\u0131\u015fmalar \u015feklinde sava\u015flar\u0131n yayg\u0131nla\u015ft\u0131\u011f\u0131 s\u00f6ylenebilir. Bronzun bir sava\u015f aleti olarak kullan\u0131lmas\u0131, at\u0131n evcille\u015ftirilip bir muharebe arac\u0131na d\u00f6nu\u0308\u015ftu\u0308ru\u0308lmesi, ilk sava\u015f arabalar\u0131n\u0131n M\u0131s\u0131r ve Mezopotamya\u2019da g\u00f6ru\u0308lmeye ba\u015flanmas\u0131, fillere sava\u015fta rol verilmesi ve devasa ordular\u0131n meydanlara \u00e7\u0131kmas\u0131, \u0130skender\u2019in, sonraki d\u00f6nemlerde Roma\u2019n\u0131n efsanevi piyadeleri, ard\u0131ndan Cermenlerin Avrupa\u2019da u\u0308stu\u0308nlu\u0308k sa\u011flamas\u0131 \u00f6rne\u011finde g\u00f6ru\u0308ldu\u0308\u011fu\u0308 gibi su\u0308varilerin bu\u0308yu\u0308k piyade ordular\u0131n\u0131 alt etmeye ba\u015flamas\u0131 gibi geli\u015fmeler ve sonraki yu\u0308zy\u0131llarda elde edilen teknolojik yenilikler, bilhassa kitle imha silahlar\u0131 sava\u015f tarihinin d\u00f6nu\u0308m noktalar\u0131d\u0131r. Hangi enstru\u0308manlarla yap\u0131l\u0131rsa yap\u0131ls\u0131n insan kadar eski olan sava\u015f\u0131n var olmad\u0131\u011f\u0131 bir zaman, neredeyse hi\u00e7 ya\u015fanmam\u0131\u015ft\u0131r. Nihayetinde hemen her neslin sava\u015fla tan\u0131\u015ft\u0131\u011f\u0131n\u0131 ve bizlerin de du\u0308nyan\u0131n \u00e7e\u015fitli co\u011frafyalar\u0131nda ya\u015fanan sava\u015flara \u015fahit oldu\u011fumuz, olmaya devam etti\u011fimizi s\u00f6yleyebiliriz.<\/p>\n","protected":false},"excerpt":{"rendered":"<p>\u0130nsan\u0131n f\u0131trat\u0131nda mevcut bulunan temel e\u011filimlerden biri olarak \u015fiddet, kan d\u00f6kmek ve sava\u015f Allah\u2019\u0131n varl\u0131klar\u0131 yaratmas\u0131 ve kavimlerin yeryu\u0308zu\u0308nde ortaya \u00e7\u0131kmas\u0131ndan bu yana devam eden bir<span class=\"excerpt-hellip\"> [\u2026]<\/span><\/p>\n","protected":false},"featured_media":0,"template":"","meta":{"_monsterinsights_skip_tracking":false,"_monsterinsights_sitenote_active":false,"_monsterinsights_sitenote_note":"","_monsterinsights_sitenote_category":0},"product_brand":[],"product_cat":[12337,14706],"product_tag":[],"class_list":{"0":"post-784868","1":"product","2":"type-product","3":"status-publish","5":"product_cat-politika-siyaset","6":"product_cat-siyaset-bilimi","7":"pa_cilt-ciltsiz","8":"pa_tur-kitap","9":"pa_yayinevi-kadim-yayinlari","10":"pa_yazar-hasan-dogan","12":"first","13":"instock","14":"sale","15":"shipping-taxable","16":"purchasable","17":"product-type-simple"},"_links":{"self":[{"href":"https:\/\/roveyayinevi.com.tr\/index.php\/wp-json\/wp\/v2\/product\/784868","targetHints":{"allow":["GET"]}}],"collection":[{"href":"https:\/\/roveyayinevi.com.tr\/index.php\/wp-json\/wp\/v2\/product"}],"about":[{"href":"https:\/\/roveyayinevi.com.tr\/index.php\/wp-json\/wp\/v2\/types\/product"}],"wp:attachment":[{"href":"https:\/\/roveyayinevi.com.tr\/index.php\/wp-json\/wp\/v2\/media?parent=784868"}],"wp:term":[{"taxonomy":"product_brand","embeddable":true,"href":"https:\/\/roveyayinevi.com.tr\/index.php\/wp-json\/wp\/v2\/product_brand?post=784868"},{"taxonomy":"product_cat","embeddable":true,"href":"https:\/\/roveyayinevi.com.tr\/index.php\/wp-json\/wp\/v2\/product_cat?post=784868"},{"taxonomy":"product_tag","embeddable":true,"href":"https:\/\/roveyayinevi.com.tr\/index.php\/wp-json\/wp\/v2\/product_tag?post=784868"}],"curies":[{"name":"wp","href":"https:\/\/api.w.org\/{rel}","templated":true}]}}