{"id":784863,"date":"2026-03-15T03:03:13","date_gmt":"2026-03-15T00:03:13","guid":{"rendered":"https:\/\/roveyayinevi.com.tr\/index.php\/urun\/devlet-akli-devlet-adami-ve-devlet-ahlaki-2-cilt\/"},"modified":"2026-04-16T03:06:40","modified_gmt":"2026-04-16T00:06:40","slug":"devlet-akli-devlet-adami-ve-devlet-ahlaki-2-cilt","status":"publish","type":"product","link":"https:\/\/roveyayinevi.com.tr\/index.php\/urun\/devlet-akli-devlet-adami-ve-devlet-ahlaki-2-cilt\/","title":{"rendered":"Devlet Akl\u0131, Devlet Adam\u0131 ve Devlet Ahlak\u0131 2. Cilt"},"content":{"rendered":"<p>Devlet akl\u0131&#8217; \u00fczerine yap\u0131lan t\u00fcm kavram, kuram ve kurum teorilerinde ba\u015fta devlet, devlet akl\u0131, devlet adam\u0131 ve devlet ahlak\u0131 \u00f6zde\u015fli\u011fi kuram\u0131n\u0131n \u00f6nc\u00fcs\u00fc Platon [Devlet ve Devlet Adam\u0131] olmak \u00fczere onun modern kurucu temsilcileri ve d\u00fc\u015f\u00fcn\u00fcrleri olan Machiavelli [Prens\/H\u00fck\u00fcmdar]. Hobbes [Leviathanl. Rousseau [Genel \u0130rade] ve Hegel&#8217;i [Thin, Geistl de bu gelenek i\u00e7inde anlamaya ve yorumlamaya y\u00f6nelik \u00e7al\u0131\u015fmalar onlar\u0131n bu doktrinin en asli kaynaklar\u0131 oldu\u011fu inanc\u0131nda ittifak i\u00e7inde olmu\u015flard\u0131r.   \u00c7\u00fcnk\u00fc devlet, devlet akl\u0131, devlet adam\u0131 ve devlet ahlak\u0131 \u00f6zde\u015fli\u011fi kuram\u0131n\u0131 salt bir siyasal sistem kurumsall\u0131\u011f\u0131 olarak alg\u0131lay\u0131p, tan\u0131mlay\u0131p ve s\u0131n\u0131rland\u0131rmak yerine iktidar-me\u015fruiyet ili\u015fkisinin oldu\u011fu her yerde gizli veya a\u00e7\u0131k olarak var olan t\u00fcm e\u015fitsiz g\u00fc\u00e7 ili\u015fkilerinin kayna\u011f\u0131nda aramaya ve anlamaya \u00e7al\u0131\u015fmak bu geleneksel kurgunun kadim ve modern ya lan la r\u0131n\u0131\/gerekliliklerini\/gerek\u00e7elerini\/zorunluluklar\u0131n\u0131 da kavra maya yard\u0131mc\u0131 olmu\u015ftur.   T\u00fcrkiye&#8217;de gerek sa\u011f gerekse sol siyaset\u00e7ilerin s\u0131kl\u0131kla dile getirmi\u015f oldu\u011fu, fakat teorik alanda makaleler d\u0131\u015f\u0131nda \u00e7al\u0131\u015f\u0131lmayan Devlet Akl\u0131&#8221; konusunu kavramsal, kuramsal ve kurumsal olarak \u00fc\u00e7 cilt \u015feklinde kurgulayan Halis \u00c7etin, hem genel okuyucuya hem de akademiye y\u00f6nelik b\u00fcy\u00fck bir eksikli\u011fi gidermi\u015ftir. Bu kitab\u0131 de\u011ferli k\u0131lan temel \u00f6zellik T\u00fcrkiye&#8217;de ilk defa \u00b7Devlet Akl\u0131&#8217; konusunun sistematik bir \u015fekilde \u00e7al\u0131\u015f\u0131lm\u0131\u015f olmas\u0131d\u0131r. <\/p>\n","protected":false},"excerpt":{"rendered":"<p>Devlet akl\u0131&#8217; \u00fczerine yap\u0131lan t\u00fcm kavram, kuram ve kurum teorilerinde ba\u015fta devlet, devlet akl\u0131, devlet adam\u0131 ve devlet ahlak\u0131 \u00f6zde\u015fli\u011fi kuram\u0131n\u0131n \u00f6nc\u00fcs\u00fc Platon [Devlet ve Devlet<span class=\"excerpt-hellip\"> [\u2026]<\/span><\/p>\n","protected":false},"featured_media":0,"template":"","meta":{"_monsterinsights_skip_tracking":false,"_monsterinsights_sitenote_active":false,"_monsterinsights_sitenote_note":"","_monsterinsights_sitenote_category":0},"product_brand":[],"product_cat":[12337,14706],"product_tag":[],"class_list":{"0":"post-784863","1":"product","2":"type-product","3":"status-publish","5":"product_cat-politika-siyaset","6":"product_cat-siyaset-bilimi","7":"pa_cilt-ciltsiz","8":"pa_tur-kitap","9":"pa_yayinevi-kadim-yayinlari","10":"pa_yazar-halis-cetin","12":"first","13":"instock","14":"sale","15":"shipping-taxable","16":"purchasable","17":"product-type-simple"},"_links":{"self":[{"href":"https:\/\/roveyayinevi.com.tr\/index.php\/wp-json\/wp\/v2\/product\/784863","targetHints":{"allow":["GET"]}}],"collection":[{"href":"https:\/\/roveyayinevi.com.tr\/index.php\/wp-json\/wp\/v2\/product"}],"about":[{"href":"https:\/\/roveyayinevi.com.tr\/index.php\/wp-json\/wp\/v2\/types\/product"}],"wp:attachment":[{"href":"https:\/\/roveyayinevi.com.tr\/index.php\/wp-json\/wp\/v2\/media?parent=784863"}],"wp:term":[{"taxonomy":"product_brand","embeddable":true,"href":"https:\/\/roveyayinevi.com.tr\/index.php\/wp-json\/wp\/v2\/product_brand?post=784863"},{"taxonomy":"product_cat","embeddable":true,"href":"https:\/\/roveyayinevi.com.tr\/index.php\/wp-json\/wp\/v2\/product_cat?post=784863"},{"taxonomy":"product_tag","embeddable":true,"href":"https:\/\/roveyayinevi.com.tr\/index.php\/wp-json\/wp\/v2\/product_tag?post=784863"}],"curies":[{"name":"wp","href":"https:\/\/api.w.org\/{rel}","templated":true}]}}