{"id":784848,"date":"2026-03-15T02:48:54","date_gmt":"2026-03-14T23:48:54","guid":{"rendered":"https:\/\/roveyayinevi.com.tr\/index.php\/urun\/konformizm-pragmata-siyaset-ucgeni\/"},"modified":"2026-04-16T02:47:52","modified_gmt":"2026-04-15T23:47:52","slug":"konformizm-pragmata-siyaset-ucgeni","status":"publish","type":"product","link":"https:\/\/roveyayinevi.com.tr\/index.php\/urun\/konformizm-pragmata-siyaset-ucgeni\/","title":{"rendered":"Konformizm Pragmata Siyaset \u00dc\u00e7geni"},"content":{"rendered":"<p>Konformist kavram\u0131 s\u0131kl\u0131kla ve hatal\u0131 olarak \u2018comfort\u2019 (rahatl\u0131k) s\u00f6zc\u00fc\u011f\u00fcnden k\u00f6ken alm\u0131\u015f oldu\u011fu zannedilerek \u2018konforu seven\u2019 veya \u2018rahat\u0131na d\u00fc\u015fk\u00fcn\u2019 anlamlar\u0131na gelen bir s\u0131fatm\u0131\u015f gibi de\u011ferlendirilmekte ve g\u00fcndelik hayatta bu yanl\u0131\u015f bi\u00e7imiyle kullan\u0131lmaktad\u0131r. Oysa \u2018konformist\u2019 i\u00e7inde \u2018konforlu hayat ya\u015fama arzusu\u2019nu da bar\u0131nd\u0131ran bir kavram olarak toplumsal k\u00fclt\u00fcr\u00fcn ve politik sistemin\/d\u00fczenin standartlar\u0131na pragmatist talepler, de\u011ferler, sonu\u00e7lar, faydalar ve \u00fcr\u00fcnler\/meyveler elde etmek i\u00e7in uymay\u0131 hemen kabul eden, pragmatist talepler d\u00fczeninin belirledi\u011fi t\u00fcm norm, form, yasa, hiyerar\u015fi ve kurallar\u0131na sorgulamadan ve ko\u015fulsuz itaat eden, sistemle mutabakat halinde olan, d\u00fczene uygun hareket eden pragmatist ki\u015filer i\u00e7in kullan\u0131lan bir s\u0131fatt\u0131r. Elinizdeki kitap, konformizm kavram\u0131n\u0131n pragmatizm ile ili\u015fkilendirip derinlemesine inceler. Ayr\u0131ca kitab\u0131n son b\u00f6l\u00fcm\u00fcnde \u2018II Conformista\u2019, \u2018Zelig\u2019 ve \u2018Fight Club\u2019 filmlerinin konformizm odakl\u0131 okumas\u0131n\u0131 yapmaktad\u0131r.   <\/p>\n","protected":false},"excerpt":{"rendered":"<p>Konformist kavram\u0131 s\u0131kl\u0131kla ve hatal\u0131 olarak \u2018comfort\u2019 (rahatl\u0131k) s\u00f6zc\u00fc\u011f\u00fcnden k\u00f6ken alm\u0131\u015f oldu\u011fu zannedilerek \u2018konforu seven\u2019 veya \u2018rahat\u0131na d\u00fc\u015fk\u00fcn\u2019 anlamlar\u0131na gelen bir s\u0131fatm\u0131\u015f gibi de\u011ferlendirilmekte ve g\u00fcndelik<span class=\"excerpt-hellip\"> [\u2026]<\/span><\/p>\n","protected":false},"featured_media":0,"template":"","meta":{"_monsterinsights_skip_tracking":false,"_monsterinsights_sitenote_active":false,"_monsterinsights_sitenote_note":"","_monsterinsights_sitenote_category":0},"product_brand":[],"product_cat":[12388,15536],"product_tag":[],"class_list":{"0":"post-784848","1":"product","2":"type-product","3":"status-publish","5":"product_cat-felsefe","6":"product_cat-siyaset-felsefesi","7":"pa_cilt-ciltsiz","8":"pa_tur-kitap","9":"pa_yayinevi-kadim-yayinlari","10":"pa_yazar-halis-cetin","12":"first","13":"instock","14":"sale","15":"shipping-taxable","16":"purchasable","17":"product-type-simple"},"_links":{"self":[{"href":"https:\/\/roveyayinevi.com.tr\/index.php\/wp-json\/wp\/v2\/product\/784848","targetHints":{"allow":["GET"]}}],"collection":[{"href":"https:\/\/roveyayinevi.com.tr\/index.php\/wp-json\/wp\/v2\/product"}],"about":[{"href":"https:\/\/roveyayinevi.com.tr\/index.php\/wp-json\/wp\/v2\/types\/product"}],"wp:attachment":[{"href":"https:\/\/roveyayinevi.com.tr\/index.php\/wp-json\/wp\/v2\/media?parent=784848"}],"wp:term":[{"taxonomy":"product_brand","embeddable":true,"href":"https:\/\/roveyayinevi.com.tr\/index.php\/wp-json\/wp\/v2\/product_brand?post=784848"},{"taxonomy":"product_cat","embeddable":true,"href":"https:\/\/roveyayinevi.com.tr\/index.php\/wp-json\/wp\/v2\/product_cat?post=784848"},{"taxonomy":"product_tag","embeddable":true,"href":"https:\/\/roveyayinevi.com.tr\/index.php\/wp-json\/wp\/v2\/product_tag?post=784848"}],"curies":[{"name":"wp","href":"https:\/\/api.w.org\/{rel}","templated":true}]}}