{"id":784846,"date":"2026-03-15T02:48:26","date_gmt":"2026-03-14T23:48:26","guid":{"rendered":"https:\/\/roveyayinevi.com.tr\/index.php\/urun\/pragmata-siyaset-ucgeni-zygmunt-bauman-cilt-4\/"},"modified":"2026-04-16T02:47:32","modified_gmt":"2026-04-15T23:47:32","slug":"pragmata-siyaset-ucgeni-zygmunt-bauman-cilt-4","status":"publish","type":"product","link":"https:\/\/roveyayinevi.com.tr\/index.php\/urun\/pragmata-siyaset-ucgeni-zygmunt-bauman-cilt-4\/","title":{"rendered":"Pragmata Siyaset \u00dc\u00e7geni &#8211; Zygmunt Bauman Cilt 4"},"content":{"rendered":"<p>Modernli\u011fin \u2018modern devlet, modern b\u00fcrokrasi, modern ak\u0131l, modern teknoloji, modern ahlak\u2019 gibi unsurlarla olu\u015ftu\u011funa vurgu yapan ve modernli\u011fi d\u00fczen, kaos, s\u0131n\u0131r \u00e7izme, \u00e7it \u00e7ekme ve soyk\u0131r\u0131m (Holocaust) gibi kavramlarla ili\u015fkilendiren Bauman, bu \u00f6zellikleri ile modernli\u011fin ayn\u0131 zamanda \u2018konforme bir d\u00fczen\/bah\u00e7e tasar\u0131m\u0131\u2019 oldu\u011funu belirtir. Modern toplum tasar\u0131m\u0131n\u0131 \u2018d\u00fczen ve kaosun \u00e7at\u0131\u015fmas\u0131 ve alternatiflerini i\u00e7ermesi\u2019 ve \u2018kendi kendini tasarlama gayretiyle y\u00f6nlendirildi\u011fi \u00f6l\u00e7\u00fcde var olabilmesi\u2019 \u00f6zellikleri ile a\u00e7\u0131klayan Bauman\u2019a g\u00f6re modernli\u011fin en \u00f6nemli \u00f6zelli\u011fi \u2018d\u00fczen ve d\u00fczenleme \u00f6devidir\u2019: Konformizmin konformesi. Tamamen konformizm \u00fczerine in\u015fa edilmi\u015f bu d\u00fczenin amac\u0131 toplumda d\u00fc\u015fman, zararl\u0131, yabanc\u0131, \u00f6teki ve fazlal\u0131k olarak g\u00f6r\u00fcnen non-konformist unsurlar\u0131 d\u0131\u015flama politikas\u0131 g\u00f6revini \u00fcstlenmektedir: Bu y\u00fczden pragmatizm, pop\u00fclizm ve konformizm gibi onlar\u0131n ala\u015f\u0131m\u0131n\u0131 temsil eden modernizm de ideolojiktir.  \u2018Modern d\u00fczen Prokrustes\u2019in yata\u011f\u0131 gibidir: Yata\u011fa k\u0131sa gelenlerin bacaklar\u0131n\u0131 \u00e7ekip uzat\u0131r; yata\u011fa uzun gelenlerin bacaklar\u0131n\u0131 kesip k\u0131salt\u0131r\u2019. Zygmunt Bauman <\/p>\n","protected":false},"excerpt":{"rendered":"<p>Modernli\u011fin \u2018modern devlet, modern b\u00fcrokrasi, modern ak\u0131l, modern teknoloji, modern ahlak\u2019 gibi unsurlarla olu\u015ftu\u011funa vurgu yapan ve modernli\u011fi d\u00fczen, kaos, s\u0131n\u0131r \u00e7izme, \u00e7it \u00e7ekme ve soyk\u0131r\u0131m<span class=\"excerpt-hellip\"> [\u2026]<\/span><\/p>\n","protected":false},"featured_media":0,"template":"","meta":{"_monsterinsights_skip_tracking":false,"_monsterinsights_sitenote_active":false,"_monsterinsights_sitenote_note":"","_monsterinsights_sitenote_category":0},"product_brand":[],"product_cat":[12388,15536],"product_tag":[],"class_list":{"0":"post-784846","1":"product","2":"type-product","3":"status-publish","5":"product_cat-felsefe","6":"product_cat-siyaset-felsefesi","7":"pa_cilt-ciltsiz","8":"pa_tur-kitap","9":"pa_yayinevi-kadim-yayinlari","10":"pa_yazar-halis-cetin","12":"first","13":"instock","14":"sale","15":"shipping-taxable","16":"purchasable","17":"product-type-simple"},"_links":{"self":[{"href":"https:\/\/roveyayinevi.com.tr\/index.php\/wp-json\/wp\/v2\/product\/784846","targetHints":{"allow":["GET"]}}],"collection":[{"href":"https:\/\/roveyayinevi.com.tr\/index.php\/wp-json\/wp\/v2\/product"}],"about":[{"href":"https:\/\/roveyayinevi.com.tr\/index.php\/wp-json\/wp\/v2\/types\/product"}],"wp:attachment":[{"href":"https:\/\/roveyayinevi.com.tr\/index.php\/wp-json\/wp\/v2\/media?parent=784846"}],"wp:term":[{"taxonomy":"product_brand","embeddable":true,"href":"https:\/\/roveyayinevi.com.tr\/index.php\/wp-json\/wp\/v2\/product_brand?post=784846"},{"taxonomy":"product_cat","embeddable":true,"href":"https:\/\/roveyayinevi.com.tr\/index.php\/wp-json\/wp\/v2\/product_cat?post=784846"},{"taxonomy":"product_tag","embeddable":true,"href":"https:\/\/roveyayinevi.com.tr\/index.php\/wp-json\/wp\/v2\/product_tag?post=784846"}],"curies":[{"name":"wp","href":"https:\/\/api.w.org\/{rel}","templated":true}]}}