{"id":784837,"date":"2026-03-15T02:47:44","date_gmt":"2026-03-14T23:47:44","guid":{"rendered":"https:\/\/roveyayinevi.com.tr\/index.php\/urun\/imparatorlugun-savas-karari\/"},"modified":"2026-04-16T02:46:48","modified_gmt":"2026-04-15T23:46:48","slug":"imparatorlugun-savas-karari","status":"publish","type":"product","link":"https:\/\/roveyayinevi.com.tr\/index.php\/urun\/imparatorlugun-savas-karari\/","title":{"rendered":"\u0130mparatorlu\u011fun Sava\u015f Karar\u0131"},"content":{"rendered":"<p>Da\u011f\u0131lman\u0131n e\u015fi\u011finde bir \u0130mparatorluk, neden Avrupa\u2019n\u0131n b\u00fcy\u00fck devletleri aras\u0131ndaki sava\u015fa dahil oldu? Devletin sonunu getiren sava\u015f\u0131n karar\u0131n\u0131 kimler, hangi ko\u015fullar alt\u0131nda ald\u0131? Elinizdeki kitap, ge\u00e7 Osmanl\u0131 d\u00f6neminin en \u00e7ok ilgi \u00e7eken sorusunu ele al\u0131yor. Bu soruyu cevaplarken, okuyucusunu \u2018Osmanl\u0131 i\u00e7in tek se\u00e7enek sava\u015fa girmekti\u2019 ya da \u2018Enver Pa\u015fa Osmanl\u0131\u2019y\u0131 sava\u015fa soktu\u2019 gibi basmakal\u0131p cevaplar\u0131n d\u0131\u015f\u0131nda d\u00fc\u015f\u00fcnmeye sevk ediyor.Kitap, Birinci D\u00fcnya Sava\u015f\u0131 karar\u0131n\u0131 a\u00e7\u0131klaman\u0131n \u00f6tesinde, akademik bir perspektife de sahip. Alan\u0131nda yetkin d\u00f6rt uluslararas\u0131 ili\u015fkiler hocas\u0131, \u00e7al\u0131\u015fma boyunca d\u0131\u015f politika kararlar\u0131n\u0131 a\u00e7\u0131klamada \u00f6ne \u00e7\u0131kan neoklasik realizm teorisini kullan\u0131yor. Dolay\u0131s\u0131yla kitap sadece yak\u0131n tarihin en ilgi \u00e7ekici konular\u0131ndan birini a\u00e7\u0131klamakla kendini s\u0131n\u0131rland\u0131rm\u0131yor. Ayn\u0131 zamanda Osmanl\u0131 tarihinin uluslararas\u0131 ili\u015fkiler teorileri i\u00e7in ne kadar b\u00fcy\u00fck bir hazine oldu\u011funu da ortaya koyuyor.Kitap, Osmanl\u0131 tarihi, sava\u015f karar\u0131 ve uluslararas\u0131 ili\u015fkiler teorileri gibi \u00fc\u00e7 konuda ilgi sahibi her okuyucuya hitap ediyor. Kapsaml\u0131 foto\u011fraf ve belge ekleri ile kitap, Osmanl\u0131\u2019n\u0131n sava\u015f karar\u0131n\u0131 b\u00fct\u00fcn detaylar\u0131 ile okuyucunun ilgisine sunuyor.<\/p>\n","protected":false},"excerpt":{"rendered":"<p>Da\u011f\u0131lman\u0131n e\u015fi\u011finde bir \u0130mparatorluk, neden Avrupa\u2019n\u0131n b\u00fcy\u00fck devletleri aras\u0131ndaki sava\u015fa dahil oldu? Devletin sonunu getiren sava\u015f\u0131n karar\u0131n\u0131 kimler, hangi ko\u015fullar alt\u0131nda ald\u0131? Elinizdeki kitap, ge\u00e7 Osmanl\u0131<span class=\"excerpt-hellip\"> [\u2026]<\/span><\/p>\n","protected":false},"featured_media":0,"template":"","meta":{"_monsterinsights_skip_tracking":false,"_monsterinsights_sitenote_active":false,"_monsterinsights_sitenote_note":"","_monsterinsights_sitenote_category":0},"product_brand":[],"product_cat":[13517,12304],"product_tag":[],"class_list":{"0":"post-784837","1":"product","2":"type-product","3":"status-publish","5":"product_cat-osmanli-tarihi","6":"product_cat-tarih","7":"pa_cilt-ciltsiz","8":"pa_tur-kitap","9":"pa_yayinevi-kadim-yayinlari","10":"pa_yazar-kadim-yayinlari-kolektif","12":"first","13":"instock","14":"sale","15":"shipping-taxable","16":"purchasable","17":"product-type-simple"},"_links":{"self":[{"href":"https:\/\/roveyayinevi.com.tr\/index.php\/wp-json\/wp\/v2\/product\/784837","targetHints":{"allow":["GET"]}}],"collection":[{"href":"https:\/\/roveyayinevi.com.tr\/index.php\/wp-json\/wp\/v2\/product"}],"about":[{"href":"https:\/\/roveyayinevi.com.tr\/index.php\/wp-json\/wp\/v2\/types\/product"}],"wp:attachment":[{"href":"https:\/\/roveyayinevi.com.tr\/index.php\/wp-json\/wp\/v2\/media?parent=784837"}],"wp:term":[{"taxonomy":"product_brand","embeddable":true,"href":"https:\/\/roveyayinevi.com.tr\/index.php\/wp-json\/wp\/v2\/product_brand?post=784837"},{"taxonomy":"product_cat","embeddable":true,"href":"https:\/\/roveyayinevi.com.tr\/index.php\/wp-json\/wp\/v2\/product_cat?post=784837"},{"taxonomy":"product_tag","embeddable":true,"href":"https:\/\/roveyayinevi.com.tr\/index.php\/wp-json\/wp\/v2\/product_tag?post=784837"}],"curies":[{"name":"wp","href":"https:\/\/api.w.org\/{rel}","templated":true}]}}