{"id":784829,"date":"2026-03-15T02:47:29","date_gmt":"2026-03-14T23:47:29","guid":{"rendered":"https:\/\/roveyayinevi.com.tr\/index.php\/urun\/osmanli-yargi-sistemi-ve-kazaskerlik\/"},"modified":"2026-04-16T02:46:48","modified_gmt":"2026-04-15T23:46:48","slug":"osmanli-yargi-sistemi-ve-kazaskerlik","status":"publish","type":"product","link":"https:\/\/roveyayinevi.com.tr\/index.php\/urun\/osmanli-yargi-sistemi-ve-kazaskerlik\/","title":{"rendered":"Osmanl\u0131 Yarg\u0131 Sistemi ve Kazaskerlik"},"content":{"rendered":"<p>Osmanl\u0131 sistemi her\u015feyden \u00f6nce bir hukuk d\u00fczenidir ve bu bir b\u00fct\u00fcn olarak Osmanl\u0131 sistemini do\u011fru \u00e7\u00f6z\u00fcmleyebilmek, tarihi s\u00fcre\u00e7 i\u00e7erisinde Osmanl\u0131 adalet mekanizmas\u0131n\u0131n i\u015fleyi\u015f bi\u00e7imini do\u011fru tahlil edebilmeye ba\u011fl\u0131d\u0131r. Osmanl\u0131 sistemini anlaman\u0131n yolu adalet sisteminin anla\u015f\u0131lmas\u0131ndan ge\u00e7er. Osmanl\u0131 y\u00f6netim bi\u00e7imini klasik imparatorluklardan ay\u0131r\u0131n en \u00f6nemli unsur, adalet mekanizmas\u0131n\u0131n merkezi konumudur.Bu nedenle Osmanl\u0131 \u0130mparatorlu\u011fu i\u00e7erisinde hukuki otorite, mutlak g\u00fcce sahip oldu\u011fu d\u00fc\u015f\u00fcn\u00fclen padi\u015fahlar\u0131n g\u00fcc\u00fcn\u00fc s\u0131n\u0131rlayan bir \u00f6zerklik g\u00f6stermektedir. Osmanl\u0131 hukuk sistemi i\u00e7erisinde \u00e7ok merkezi bir konuma sahip olan kazaskerlik kurumunun birinci el kaynaklardan hareketle inceleyen eser, Osmanl\u0131 \u0130mparatorluk Sistemi i\u00e7erisindeki adalet fikri hakk\u0131nda muhattab\u0131n\u0131 ayd\u0131nlatmakla kalmamakla, ayn\u0131 zamanda Osmanl\u0131 \u0130mparatorluk Sisteminin do\u011fas\u0131 hakk\u0131nda da son derece berrak bir bak\u0131\u015f a\u00e7\u0131s\u0131 sunmaktad\u0131r.<\/p>\n","protected":false},"excerpt":{"rendered":"<p>Osmanl\u0131 sistemi her\u015feyden \u00f6nce bir hukuk d\u00fczenidir ve bu bir b\u00fct\u00fcn olarak Osmanl\u0131 sistemini do\u011fru \u00e7\u00f6z\u00fcmleyebilmek, tarihi s\u00fcre\u00e7 i\u00e7erisinde Osmanl\u0131 adalet mekanizmas\u0131n\u0131n i\u015fleyi\u015f bi\u00e7imini do\u011fru tahlil<span class=\"excerpt-hellip\"> [\u2026]<\/span><\/p>\n","protected":false},"featured_media":0,"template":"","meta":{"_monsterinsights_skip_tracking":false,"_monsterinsights_sitenote_active":false,"_monsterinsights_sitenote_note":"","_monsterinsights_sitenote_category":0},"product_brand":[],"product_cat":[13517,12304],"product_tag":[],"class_list":{"0":"post-784829","1":"product","2":"type-product","3":"status-publish","5":"product_cat-osmanli-tarihi","6":"product_cat-tarih","7":"pa_cilt-ciltli","8":"pa_tur-kitap","9":"pa_yayinevi-kadim-yayinlari","10":"pa_yazar-mustafa-sentop","12":"first","13":"instock","14":"sale","15":"shipping-taxable","16":"purchasable","17":"product-type-simple"},"_links":{"self":[{"href":"https:\/\/roveyayinevi.com.tr\/index.php\/wp-json\/wp\/v2\/product\/784829","targetHints":{"allow":["GET"]}}],"collection":[{"href":"https:\/\/roveyayinevi.com.tr\/index.php\/wp-json\/wp\/v2\/product"}],"about":[{"href":"https:\/\/roveyayinevi.com.tr\/index.php\/wp-json\/wp\/v2\/types\/product"}],"wp:attachment":[{"href":"https:\/\/roveyayinevi.com.tr\/index.php\/wp-json\/wp\/v2\/media?parent=784829"}],"wp:term":[{"taxonomy":"product_brand","embeddable":true,"href":"https:\/\/roveyayinevi.com.tr\/index.php\/wp-json\/wp\/v2\/product_brand?post=784829"},{"taxonomy":"product_cat","embeddable":true,"href":"https:\/\/roveyayinevi.com.tr\/index.php\/wp-json\/wp\/v2\/product_cat?post=784829"},{"taxonomy":"product_tag","embeddable":true,"href":"https:\/\/roveyayinevi.com.tr\/index.php\/wp-json\/wp\/v2\/product_tag?post=784829"}],"curies":[{"name":"wp","href":"https:\/\/api.w.org\/{rel}","templated":true}]}}