{"id":784822,"date":"2026-03-15T02:39:52","date_gmt":"2026-03-14T23:39:52","guid":{"rendered":"https:\/\/roveyayinevi.com.tr\/index.php\/urun\/hayvan-ciftligi-35\/"},"modified":"2026-04-16T02:37:15","modified_gmt":"2026-04-15T23:37:15","slug":"hayvan-ciftligi-35","status":"publish","type":"product","link":"https:\/\/roveyayinevi.com.tr\/index.php\/urun\/hayvan-ciftligi-35\/","title":{"rendered":"Hayvan \u00c7iftli\u011fi"},"content":{"rendered":"<p>\u201cHayvan \u00c7iftli\u011fi, ne yapt\u0131\u011f\u0131m\u0131n tamamen bilincinde olarak politik ve sanatsal ama\u00e7lar\u0131 bir b\u00fct\u00fcnde kayna\u015ft\u0131rmay\u0131 denedi\u011fim ilk kitapt\u0131.\u201d  G. Orwell   Efendi \u00c7iftli\u011finde Napoleon ve Snowball isimli iki domuz \u00f6nc\u00fcl\u00fc\u011f\u00fcnde \u00f6rg\u00fctlenen t\u00fcm hayvanlar bir ak\u015fam ayaklanmay\u0131 ba\u015flat\u0131rlar ve \u00e7iftli\u011fin sahibi Bay Jones\u2019la adamlar\u0131n\u0131 ka\u00e7\u0131rmay\u0131 ba\u015far\u0131rlar. Bu ayaklanma sistemde radikal de\u011fi\u015fiklik yapan bir devrimdir. Art\u0131k \u00e7iftlik hayvanlar\u0131nd\u0131r ve ad\u0131 da bu yeni duruma uygun \u015fekilde de\u011fi\u015ftirilir: Hayvan \u00c7iftli\u011fi. Devrim ger\u00e7ekle\u015fir ger\u00e7ekle\u015fmez t\u00fcm hayvanlar\u0131n e\u015fit olduklar\u0131n\u0131 s\u00f6yleyen \u201cYedi Buyruk\u201d ilan edilir. Ba\u015fta hayvanlar i\u00e7in her \u015fey iyi gider. Daha \u00e7ok yemleri, dinlenmeleri i\u00e7in daha fazla zamanlar\u0131 olur. Ancak bu durum uzun s\u00fcre devam etmez ve Napoleon yava\u015f yava\u015f kendini iktidar\u0131n merkezine yerle\u015ftirir. Asl\u0131nda Napoleon, di\u011fer hayvanlar\u0131n\u0131n durumlar\u0131n\u0131n k\u00f6t\u00fcle\u015fmesi pahas\u0131na kendi \u015fartlar\u0131n\u0131 olduk\u00e7a iyile\u015ftiren domuzlar\u0131n iktidar\u0131n\u0131n sembol\u00fcd\u00fcr. Zaman i\u00e7inde \u00f6zel olarak yeti\u015ftirdikleri k\u00f6peklerin de deste\u011fiyle domuzlar di\u011fer t\u00fcm hayvanlar \u00fczerinde mutlak bir tahakk\u00fcm kurarlar. H. Emrah Beri\u015f <\/p>\n","protected":false},"excerpt":{"rendered":"<p>\u201cHayvan \u00c7iftli\u011fi, ne yapt\u0131\u011f\u0131m\u0131n tamamen bilincinde olarak politik ve sanatsal ama\u00e7lar\u0131 bir b\u00fct\u00fcnde kayna\u015ft\u0131rmay\u0131 denedi\u011fim ilk kitapt\u0131.\u201d G. Orwell Efendi \u00c7iftli\u011finde Napoleon ve Snowball isimli iki<span class=\"excerpt-hellip\"> [\u2026]<\/span><\/p>\n","protected":false},"featured_media":0,"template":"","meta":{"_monsterinsights_skip_tracking":false,"_monsterinsights_sitenote_active":false,"_monsterinsights_sitenote_note":"","_monsterinsights_sitenote_category":0},"product_brand":[],"product_cat":[12291,12711],"product_tag":[],"class_list":{"0":"post-784822","1":"product","2":"type-product","3":"status-publish","5":"product_cat-edebiyat","6":"product_cat-roman-oyku","7":"pa_cilt-ciltsiz","8":"pa_tur-kitap","9":"pa_yayinevi-kadim-yayinlari","10":"pa_yazar-george-orwell","12":"first","13":"instock","14":"sale","15":"shipping-taxable","16":"purchasable","17":"product-type-simple"},"_links":{"self":[{"href":"https:\/\/roveyayinevi.com.tr\/index.php\/wp-json\/wp\/v2\/product\/784822","targetHints":{"allow":["GET"]}}],"collection":[{"href":"https:\/\/roveyayinevi.com.tr\/index.php\/wp-json\/wp\/v2\/product"}],"about":[{"href":"https:\/\/roveyayinevi.com.tr\/index.php\/wp-json\/wp\/v2\/types\/product"}],"wp:attachment":[{"href":"https:\/\/roveyayinevi.com.tr\/index.php\/wp-json\/wp\/v2\/media?parent=784822"}],"wp:term":[{"taxonomy":"product_brand","embeddable":true,"href":"https:\/\/roveyayinevi.com.tr\/index.php\/wp-json\/wp\/v2\/product_brand?post=784822"},{"taxonomy":"product_cat","embeddable":true,"href":"https:\/\/roveyayinevi.com.tr\/index.php\/wp-json\/wp\/v2\/product_cat?post=784822"},{"taxonomy":"product_tag","embeddable":true,"href":"https:\/\/roveyayinevi.com.tr\/index.php\/wp-json\/wp\/v2\/product_tag?post=784822"}],"curies":[{"name":"wp","href":"https:\/\/api.w.org\/{rel}","templated":true}]}}