{"id":784820,"date":"2026-03-15T02:38:01","date_gmt":"2026-03-14T23:38:01","guid":{"rendered":"https:\/\/roveyayinevi.com.tr\/index.php\/urun\/chp-genel-sekreterlik-burolari\/"},"modified":"2026-04-16T02:35:53","modified_gmt":"2026-04-15T23:35:53","slug":"chp-genel-sekreterlik-burolari","status":"publish","type":"product","link":"https:\/\/roveyayinevi.com.tr\/index.php\/urun\/chp-genel-sekreterlik-burolari\/","title":{"rendered":"Chp Genel Sekreterlik B\u00fcrolar\u0131"},"content":{"rendered":"<p>Ad\u0131n\u0131 rejim ve cumhurun kendisinden alan Cumhuriyet Halk Partisi, Cumhuriyet ile ya\u015f\u0131t bir siyasi partidir. Devletinin bizatihi haf\u0131zas\u0131 konumunda olan parti, T\u00fcrkiye\u2019nin modernle\u015fme s\u00fcrecinde \u00f6nemli bir misyona sahip olmu\u015ftur. Reformlar\u0131n yap\u0131lmas\u0131nda toplumsal ve siyasal manada d\u00f6n\u00fc\u015f\u00fcm\u00fcn ger\u00e7ekle\u015ftirilmesinde partinin devlet yerine ge\u00e7ti\u011fi bir d\u00f6nemde CHP, 1930\u2019dan ba\u015flayarak partinin devleti yutmaya ba\u015flamas\u0131 s\u00fcrecine tan\u0131k oldu. Yak\u0131n d\u00f6nem tarih\u00e7ileri ve siyaset bilimcilerin tek partili d\u00f6nem olarak da ifade etti\u011fi 1930-1945 y\u0131llar\u0131 aras\u0131nda CHP iktidar\u0131, parti-devlet b\u00fct\u00fcnle\u015fmesinin \u00f6rneklerinden birini temsil etmektedir. CHP, ola\u011fan ve ola\u011fan\u00fcst\u00fc kurultaylar i\u00e7erisinde tek adam\u0131n d\u0131\u015f\u0131nda parti ile devlet aras\u0131ndaki ili\u015fkileri d\u00fczenleyen ikinci makam konumundaki CHP Genel Sekreterli\u011fi\u2019nin de tarihini kapsamaklad\u0131r. CHP Genel Sekreterli\u011fi makam\u0131 kendisini bakanl\u0131klar \u00fcst\u00fc g\u00f6ren bir yap\u0131y\u0131 olu\u015fturmaktad\u0131r. Genel Sekreterlik sadece parti i\u015flerini d\u00fczenlemezdi; kendine ba\u011fl\u0131 \u00e7al\u0131\u015fan on \u00fc\u00e7 b\u00fcrodan olu\u015fan yap\u0131s\u0131yla parti-devlet-halk aras\u0131ndaki sorunlar\u0131n \u00e7\u00f6z\u00fcm\u00fcnde ve ili\u015fkilerin d\u00fczenlenmesinde de \u00f6nemli bir g\u00f6revi ifa etmekteydi. Elinizdeki bu \u00e7al\u0131\u015fma 1931-1950 y\u0131llar\u0131 aras\u0131nda CHP Genel Sekreterli\u011fi\u2019ne ba\u011fl\u0131 ve periferi \u015feklinde \u00f6rg\u00fctlenme i\u00e7erisinde yer alan b\u00fcrolar\u0131n parti-devlet b\u00fct\u00fcnle\u015fmesi kapsam\u0131ndaki rol\u00fc \u00fczerine in\u015fa edilmeye \u00e7al\u0131\u015f\u0131lm\u0131\u015ft\u0131r.<\/p>\n","protected":false},"excerpt":{"rendered":"<p>Ad\u0131n\u0131 rejim ve cumhurun kendisinden alan Cumhuriyet Halk Partisi, Cumhuriyet ile ya\u015f\u0131t bir siyasi partidir. Devletinin bizatihi haf\u0131zas\u0131 konumunda olan parti, T\u00fcrkiye\u2019nin modernle\u015fme s\u00fcrecinde \u00f6nemli bir<span class=\"excerpt-hellip\"> [\u2026]<\/span><\/p>\n","protected":false},"featured_media":0,"template":"","meta":{"_monsterinsights_skip_tracking":false,"_monsterinsights_sitenote_active":false,"_monsterinsights_sitenote_note":"","_monsterinsights_sitenote_category":0},"product_brand":[],"product_cat":[12337,14706],"product_tag":[],"class_list":{"0":"post-784820","1":"product","2":"type-product","3":"status-publish","5":"product_cat-politika-siyaset","6":"product_cat-siyaset-bilimi","7":"pa_cilt-ciltsiz","8":"pa_tur-kitap","9":"pa_yayinevi-kadim-yayinlari","10":"pa_yazar-ahmet-ilyas-ebru-coban","12":"first","13":"instock","14":"sale","15":"shipping-taxable","16":"purchasable","17":"product-type-simple"},"_links":{"self":[{"href":"https:\/\/roveyayinevi.com.tr\/index.php\/wp-json\/wp\/v2\/product\/784820","targetHints":{"allow":["GET"]}}],"collection":[{"href":"https:\/\/roveyayinevi.com.tr\/index.php\/wp-json\/wp\/v2\/product"}],"about":[{"href":"https:\/\/roveyayinevi.com.tr\/index.php\/wp-json\/wp\/v2\/types\/product"}],"wp:attachment":[{"href":"https:\/\/roveyayinevi.com.tr\/index.php\/wp-json\/wp\/v2\/media?parent=784820"}],"wp:term":[{"taxonomy":"product_brand","embeddable":true,"href":"https:\/\/roveyayinevi.com.tr\/index.php\/wp-json\/wp\/v2\/product_brand?post=784820"},{"taxonomy":"product_cat","embeddable":true,"href":"https:\/\/roveyayinevi.com.tr\/index.php\/wp-json\/wp\/v2\/product_cat?post=784820"},{"taxonomy":"product_tag","embeddable":true,"href":"https:\/\/roveyayinevi.com.tr\/index.php\/wp-json\/wp\/v2\/product_tag?post=784820"}],"curies":[{"name":"wp","href":"https:\/\/api.w.org\/{rel}","templated":true}]}}