{"id":784815,"date":"2026-03-15T02:32:59","date_gmt":"2026-03-14T23:32:59","guid":{"rendered":"https:\/\/roveyayinevi.com.tr\/index.php\/urun\/osmanlidan-gunumuze-turkiyede-sag-siyaset\/"},"modified":"2026-04-16T02:30:57","modified_gmt":"2026-04-15T23:30:57","slug":"osmanlidan-gunumuze-turkiyede-sag-siyaset","status":"publish","type":"product","link":"https:\/\/roveyayinevi.com.tr\/index.php\/urun\/osmanlidan-gunumuze-turkiyede-sag-siyaset\/","title":{"rendered":"Osmanl\u0131\u2019dan G\u00fcn\u00fcm\u00fcze &#8211; T\u00fcrkiye\u2019de Sa\u011f Siyaset"},"content":{"rendered":"<p>Sa\u011f Siyaset, Osmanl\u0131\u2019dan g\u00fcn\u00fcm\u00fcze sa\u011f siyaseti ba\u015ftan sona anlatan, literat\u00fcrdeki tek kitapt\u0131r. Bu kitapta, Karabekir, Menderes, Demirel, \u00d6zal ve Erdo\u011fan gibi \u00f6nemli siyasi akt\u00f6rler ve bunlar\u0131n partileri detayl\u0131 bir \u015fekilde incelenmi\u015ftir. Kronolojik analize ilaveten \u00f6nemli konular, kurumlar ve partiler tematik olarak incelenmi\u015ftir. Kitab\u0131n sonuna yorum yaz\u0131lar\u0131 eklenmi\u015ftir. Kitapta cevab\u0131 aranan \u00f6nemli sorular \u015funlard\u0131r:  Sa\u011f ve sol kavramlar\u0131 ilk ne zaman kullan\u0131ld\u0131; sa\u011f kavram\u0131 tam olarak ne anlama geliyor? Menderes, Hilafeti geri getirmek mi istemi\u015fti? Menderes neden ve nas\u0131l \u00f6ld\u00fcr\u00fcld\u00fc? 27 May\u0131s\u2019\u0131n kapatt\u0131\u011f\u0131 Demokrat Parti, sonradan nas\u0131l a\u00e7\u0131ld\u0131; ba\u015f\u0131na neler geldi? \u00d6zal, AB s\u00fcrecini nas\u0131l ba\u015flatt\u0131; darbeleri nas\u0131l \u00f6nledi? Ak Parti, nas\u0131l kuruldu, nas\u0131l geli\u015fti, nereye do\u011fru gidiyor? Ak Parti\u2019nin alternatifi ortaya \u00e7\u0131kt\u0131 m\u0131? Ak Parti\u2019nin siyasi kimli\u011fi nas\u0131l olu\u015ftu? MHP Hareketi nas\u0131l do\u011fdu, nas\u0131l geli\u015fti? \u0130yi Parti\u2019nin ak\u0131beti ne olacak? Saadet Partisi, bir cemaat midir, parti midir? 27 May\u0131s sonras\u0131nda do\u011fan Adalet Partisi, 12 Mart\u2019a nas\u0131l s\u00fcr\u00fcklendi? Demirel Adalet Partisi\u2019nin ba\u015f\u0131na nas\u0131l ge\u00e7ti? 12 Eyl\u00fcl darbesi, sa\u011f siyaseti nas\u0131l etkiledi? T\u00fcrkiye\u2019de liberalizm nas\u0131l do\u011fdu, nas\u0131l geli\u015fti? <\/p>\n","protected":false},"excerpt":{"rendered":"<p>Sa\u011f Siyaset, Osmanl\u0131\u2019dan g\u00fcn\u00fcm\u00fcze sa\u011f siyaseti ba\u015ftan sona anlatan, literat\u00fcrdeki tek kitapt\u0131r. Bu kitapta, Karabekir, Menderes, Demirel, \u00d6zal ve Erdo\u011fan gibi \u00f6nemli siyasi akt\u00f6rler ve bunlar\u0131n<span class=\"excerpt-hellip\"> [\u2026]<\/span><\/p>\n","protected":false},"featured_media":0,"template":"","meta":{"_monsterinsights_skip_tracking":false,"_monsterinsights_sitenote_active":false,"_monsterinsights_sitenote_note":"","_monsterinsights_sitenote_category":0},"product_brand":[],"product_cat":[12337,14528],"product_tag":[],"class_list":{"0":"post-784815","1":"product","2":"type-product","3":"status-publish","5":"product_cat-politika-siyaset","6":"product_cat-siyaset-tarihi","7":"pa_cilt-ciltsiz","8":"pa_tur-kitap","9":"pa_yayinevi-kadim-yayinlari","10":"pa_yazar-cemal-fedayi","12":"first","13":"instock","14":"sale","15":"shipping-taxable","16":"purchasable","17":"product-type-simple"},"_links":{"self":[{"href":"https:\/\/roveyayinevi.com.tr\/index.php\/wp-json\/wp\/v2\/product\/784815","targetHints":{"allow":["GET"]}}],"collection":[{"href":"https:\/\/roveyayinevi.com.tr\/index.php\/wp-json\/wp\/v2\/product"}],"about":[{"href":"https:\/\/roveyayinevi.com.tr\/index.php\/wp-json\/wp\/v2\/types\/product"}],"wp:attachment":[{"href":"https:\/\/roveyayinevi.com.tr\/index.php\/wp-json\/wp\/v2\/media?parent=784815"}],"wp:term":[{"taxonomy":"product_brand","embeddable":true,"href":"https:\/\/roveyayinevi.com.tr\/index.php\/wp-json\/wp\/v2\/product_brand?post=784815"},{"taxonomy":"product_cat","embeddable":true,"href":"https:\/\/roveyayinevi.com.tr\/index.php\/wp-json\/wp\/v2\/product_cat?post=784815"},{"taxonomy":"product_tag","embeddable":true,"href":"https:\/\/roveyayinevi.com.tr\/index.php\/wp-json\/wp\/v2\/product_tag?post=784815"}],"curies":[{"name":"wp","href":"https:\/\/api.w.org\/{rel}","templated":true}]}}