{"id":784769,"date":"2026-03-14T03:27:36","date_gmt":"2026-03-14T00:27:36","guid":{"rendered":"https:\/\/roveyayinevi.com.tr\/index.php\/urun\/mahir-cayan-kitabi\/"},"modified":"2026-04-15T03:47:50","modified_gmt":"2026-04-15T00:47:50","slug":"mahir-cayan-kitabi","status":"publish","type":"product","link":"https:\/\/roveyayinevi.com.tr\/index.php\/urun\/mahir-cayan-kitabi\/","title":{"rendered":"Mahir \u00c7ayan Kitab\u0131"},"content":{"rendered":"<p>T\u00fcrkiye sosyalist hareketinin ikonik fig\u00fcrleri aras\u0131ndaki en parlak y\u0131ld\u0131z\u0131n Mahir \u00c7ayan oldu\u011funu s\u00f6ylesek san\u0131r\u0131z abartm\u0131\u015f olmay\u0131z. Onun FKF ile ba\u015flay\u0131p Dev-Gen\u00e7 ve THKP-C ile devam eden politik-ideolojik-pratik ser\u00fcveni T\u00fcrkiye sosyalist hareketi \u00fczerinde -g\u00fcn\u00fcm\u00fcze de\u011fin s\u00fcren- b\u00fcy\u00fck ve kapsaml\u0131 bir etki yaratm\u0131\u015ft\u0131r.  Arkas\u0131nda b\u0131rakt\u0131\u011f\u0131 \u201cPolitikle\u015fmi\u015f Askeri Sava\u015f Stratejisi\u201d, \u201cSuni Denge\u201d, \u201cYeni-s\u00f6m\u00fcrgecilik\u201d ba\u015fl\u0131kl\u0131 yaz\u0131lar\u0131, emperyalizmi i\u00e7sel bir olgu olarak ele almas\u0131, emperyalizmin bunal\u0131m d\u00f6nemlerine ili\u015fkin tasnif ve te\u015fhisleri T\u00fcrkiye solunun teorik birikiminde birer kilometre ta\u015f\u0131 niteli\u011findedir. Kurucusu oldu\u011fu THKP-C\u2019nin i\u00e7inden do\u011fan siyasi hareketler de sosyalist hareketin &#8217;71 sonras\u0131 serencam\u0131nda etkili bir rol oynam\u0131\u015flard\u0131r. Elinizdeki kitap, T\u00fcrkiye sosyalist hareketinin bu benzersiz \u00f6nderinin tarihsel ve politik de\u011feri olduk\u00e7a y\u00fcksek teorik miras\u0131n\u0131 (b\u00fct\u00fcn yaz\u0131lar\u0131n\u0131) bir araya getiriyor, ayr\u0131ca kimi yazarlar\u0131n Mahir \u00c7ayan ve onun fikriyat\u0131 hakk\u0131ndaki de\u011ferlendirmelerini i\u00e7eriyor. Kitab\u0131n Mahir \u00c7ayan\u2019\u0131n yeniden d\u00fc\u015f\u00fcn\u00fcl\u00fcp tart\u0131\u015f\u0131lmas\u0131na m\u00fctevaz\u0131 bir katk\u0131 sunmas\u0131n\u0131 umuyoruz.<\/p>\n","protected":false},"excerpt":{"rendered":"<p>T\u00fcrkiye sosyalist hareketinin ikonik fig\u00fcrleri aras\u0131ndaki en parlak y\u0131ld\u0131z\u0131n Mahir \u00c7ayan oldu\u011funu s\u00f6ylesek san\u0131r\u0131z abartm\u0131\u015f olmay\u0131z. Onun FKF ile ba\u015flay\u0131p Dev-Gen\u00e7 ve THKP-C ile devam eden<span class=\"excerpt-hellip\"> [\u2026]<\/span><\/p>\n","protected":false},"featured_media":0,"template":"","meta":{"_monsterinsights_skip_tracking":false,"_monsterinsights_sitenote_active":false,"_monsterinsights_sitenote_note":"","_monsterinsights_sitenote_category":0},"product_brand":[],"product_cat":[12337,14543],"product_tag":[],"class_list":{"0":"post-784769","1":"product","2":"type-product","3":"status-publish","5":"product_cat-politika-siyaset","6":"product_cat-turkiye-siyaseti-ve-politikasi","7":"pa_cilt-ciltli","8":"pa_tur-kitap","9":"pa_yayinevi-dipnot-yayinlari","10":"pa_yazar-kolektif","12":"first","13":"instock","14":"sale","15":"shipping-taxable","16":"purchasable","17":"product-type-simple"},"_links":{"self":[{"href":"https:\/\/roveyayinevi.com.tr\/index.php\/wp-json\/wp\/v2\/product\/784769","targetHints":{"allow":["GET"]}}],"collection":[{"href":"https:\/\/roveyayinevi.com.tr\/index.php\/wp-json\/wp\/v2\/product"}],"about":[{"href":"https:\/\/roveyayinevi.com.tr\/index.php\/wp-json\/wp\/v2\/types\/product"}],"wp:attachment":[{"href":"https:\/\/roveyayinevi.com.tr\/index.php\/wp-json\/wp\/v2\/media?parent=784769"}],"wp:term":[{"taxonomy":"product_brand","embeddable":true,"href":"https:\/\/roveyayinevi.com.tr\/index.php\/wp-json\/wp\/v2\/product_brand?post=784769"},{"taxonomy":"product_cat","embeddable":true,"href":"https:\/\/roveyayinevi.com.tr\/index.php\/wp-json\/wp\/v2\/product_cat?post=784769"},{"taxonomy":"product_tag","embeddable":true,"href":"https:\/\/roveyayinevi.com.tr\/index.php\/wp-json\/wp\/v2\/product_tag?post=784769"}],"curies":[{"name":"wp","href":"https:\/\/api.w.org\/{rel}","templated":true}]}}