{"id":784767,"date":"2026-03-14T03:27:28","date_gmt":"2026-03-14T00:27:28","guid":{"rendered":"https:\/\/roveyayinevi.com.tr\/index.php\/urun\/ela-gozlu-pars-celile\/"},"modified":"2026-04-15T03:47:49","modified_gmt":"2026-04-15T00:47:49","slug":"ela-gozlu-pars-celile","status":"publish","type":"product","link":"https:\/\/roveyayinevi.com.tr\/index.php\/urun\/ela-gozlu-pars-celile\/","title":{"rendered":"Ela G\u00f6zl\u00fc Pars Celile"},"content":{"rendered":"<p>Osmanl\u0131\u2019n\u0131n en g\u00fczel kad\u0131nlar\u0131ndand\u0131. Saray ressam\u0131 Fausto Zonaro\u2019nun rahleyi tedrisinden ge\u00e7ti. Paris ve Roma\u2019da e\u011fitim g\u00f6rd\u00fc. Ad\u0131n\u0131 resim sanat\u0131na alt\u0131n harflerle yazd\u0131rd\u0131.   Padi\u015fah hafiyeleriyle, Balkan \u00e7etecileriyle, \u0130ttihat ve Terakkicilerle bo\u011fu\u015ftu&#8230; Korku nedir hi\u00e7 bilmedi!   G\u00f6nl\u00fcn\u00fc kendinden d\u00f6rt ya\u015f k\u00fc\u00e7\u00fck olan Yahya Kemal\u2019e kapt\u0131rd\u0131\u011f\u0131nda evliydi, iki \u00e7ocu\u011fu vard\u0131. \u201cEla g\u00f6zl\u00fc pars\u201d diye \u015fiirler yazd\u0131 \u00fcnl\u00fc \u015fair onun i\u00e7in. G\u00fczel kad\u0131n, hayat\u0131nda ilk kez bulutlar\u0131n \u00fczerinde u\u00e7tu\u011funu d\u00fc\u015f\u00fcnd\u00fc. A\u015fk\u0131 u\u011fruna e\u015fini, evini terk etti! Maalesef, onu ta\u015f\u0131yabilecek b\u00fcy\u00fckl\u00fckte bir y\u00fcre\u011fe sahip de\u011fildi \u015fair. Onu yar\u0131 yolda b\u0131rakt\u0131, s\u0131v\u0131\u015f\u0131p ka\u00e7t\u0131. \u00c7ok \u00fcz\u00fcld\u00fc, kahroldu ama y\u0131k\u0131lmad\u0131 ela g\u00f6zl\u00fc pars.   Ayn\u0131 \u00e7ocuk iki kere do\u011furulabilir mi? Do\u011furdu Celile! O\u011flu N\u00e2z\u0131m Hikmet yirmi sekiz y\u0131ll\u0131k hapis cezas\u0131n\u0131n on ikinci y\u0131l\u0131nda \u00f6l\u00fcm orucuna ba\u015flay\u0131nca, bir panter gibi ileri at\u0131ld\u0131 ve b\u00fcy\u00fck \u015fairi, \u00f6l\u00fcm\u00fcn k\u0131y\u0131s\u0131ndan \u00e7ekip ald\u0131.   Bir solukta okuyacaks\u0131n\u0131z. T\u0131pk\u0131 \u00f6teki Osman Balc\u0131gil romanlar\u0131n\u0131 okudu\u011funuz gibi&#8230;<\/p>\n","protected":false},"excerpt":{"rendered":"<p>Osmanl\u0131\u2019n\u0131n en g\u00fczel kad\u0131nlar\u0131ndand\u0131. Saray ressam\u0131 Fausto Zonaro\u2019nun rahleyi tedrisinden ge\u00e7ti. Paris ve Roma\u2019da e\u011fitim g\u00f6rd\u00fc. Ad\u0131n\u0131 resim sanat\u0131na alt\u0131n harflerle yazd\u0131rd\u0131. Padi\u015fah hafiyeleriyle, Balkan \u00e7etecileriyle,<span class=\"excerpt-hellip\"> [\u2026]<\/span><\/p>\n","protected":false},"featured_media":0,"template":"","meta":{"_monsterinsights_skip_tracking":false,"_monsterinsights_sitenote_active":false,"_monsterinsights_sitenote_note":"","_monsterinsights_sitenote_category":0},"product_brand":[],"product_cat":[12291,12711],"product_tag":[],"class_list":{"0":"post-784767","1":"product","2":"type-product","3":"status-publish","5":"product_cat-edebiyat","6":"product_cat-roman-oyku","7":"pa_cilt-ciltsiz","8":"pa_tur-kitap","9":"pa_yayinevi-destek-yayinlari","10":"pa_yazar-osman-balcigil","12":"first","13":"instock","14":"sale","15":"shipping-taxable","16":"purchasable","17":"product-type-simple"},"_links":{"self":[{"href":"https:\/\/roveyayinevi.com.tr\/index.php\/wp-json\/wp\/v2\/product\/784767","targetHints":{"allow":["GET"]}}],"collection":[{"href":"https:\/\/roveyayinevi.com.tr\/index.php\/wp-json\/wp\/v2\/product"}],"about":[{"href":"https:\/\/roveyayinevi.com.tr\/index.php\/wp-json\/wp\/v2\/types\/product"}],"wp:attachment":[{"href":"https:\/\/roveyayinevi.com.tr\/index.php\/wp-json\/wp\/v2\/media?parent=784767"}],"wp:term":[{"taxonomy":"product_brand","embeddable":true,"href":"https:\/\/roveyayinevi.com.tr\/index.php\/wp-json\/wp\/v2\/product_brand?post=784767"},{"taxonomy":"product_cat","embeddable":true,"href":"https:\/\/roveyayinevi.com.tr\/index.php\/wp-json\/wp\/v2\/product_cat?post=784767"},{"taxonomy":"product_tag","embeddable":true,"href":"https:\/\/roveyayinevi.com.tr\/index.php\/wp-json\/wp\/v2\/product_tag?post=784767"}],"curies":[{"name":"wp","href":"https:\/\/api.w.org\/{rel}","templated":true}]}}