{"id":784761,"date":"2026-03-14T03:26:49","date_gmt":"2026-03-14T00:26:49","guid":{"rendered":"https:\/\/roveyayinevi.com.tr\/index.php\/urun\/the-elder-scrolls-tamriel-oykuleri-1-diyar\/"},"modified":"2026-04-15T03:47:34","modified_gmt":"2026-04-15T00:47:34","slug":"the-elder-scrolls-tamriel-oykuleri-1-diyar","status":"publish","type":"product","link":"https:\/\/roveyayinevi.com.tr\/index.php\/urun\/the-elder-scrolls-tamriel-oykuleri-1-diyar\/","title":{"rendered":"The Elder Scrolls: Tamriel \u00d6yk\u00fcleri 1 &#8211; Diyar"},"content":{"rendered":"<p>Ejderhalar\u0131n g\u00f6lgesinde yank\u0131lanan bin y\u0131ll\u0131k bir d\u00fcnyan\u0131n kalbine ho\u015f geldin.Burada tarih, kanla yaz\u0131l\u0131r. Efsaneler, sessiz tap\u0131naklarda nefes al\u0131r.Elflerin, insanlar\u0131n, canavarlar\u0131n ve tanr\u0131lar\u0131n kaderi, tek bir k\u0131tan\u0131n damarlar\u0131nda akar: Tamriel.Bu cilt, kadim diyarlar\u0131n mitlerinden, unutulmu\u015f krall\u0131klar\u0131n kay\u0131tlar\u0131ndan s\u00fcz\u00fclm\u00fc\u015f \u00f6yk\u00fcleri bir araya getiriyor.Ye\u015filvadi\u2019nin sisli ormanlar\u0131ndan Alik\u2019r \u00c7\u00f6l\u00fc\u2019n\u00fcn yak\u0131c\u0131 kumlar\u0131na, Altmer bilginlerinden Khajiit avc\u0131lar\u0131na, Dunmer b\u00fcy\u00fcc\u00fclerinden Breton \u015f\u00f6valyelerine uzanan destans\u0131 bir anlat\u0131 yolculu\u011fu\u2026Zaman\u0131n ba\u015f\u0131na d\u00f6nmeye, tanr\u0131lar\u0131n f\u0131s\u0131lt\u0131s\u0131n\u0131 duymaya ve kendi kaderini yazmaya haz\u0131r m\u0131s\u0131n?Tamriel seni \u00e7a\u011f\u0131r\u0131yor.<\/p>\n","protected":false},"excerpt":{"rendered":"<p>Ejderhalar\u0131n g\u00f6lgesinde yank\u0131lanan bin y\u0131ll\u0131k bir d\u00fcnyan\u0131n kalbine ho\u015f geldin.Burada tarih, kanla yaz\u0131l\u0131r. Efsaneler, sessiz tap\u0131naklarda nefes al\u0131r.Elflerin, insanlar\u0131n, canavarlar\u0131n ve tanr\u0131lar\u0131n kaderi, tek bir k\u0131tan\u0131n<span class=\"excerpt-hellip\"> [\u2026]<\/span><\/p>\n","protected":false},"featured_media":0,"template":"","meta":{"_monsterinsights_skip_tracking":false,"_monsterinsights_sitenote_active":false,"_monsterinsights_sitenote_note":"","_monsterinsights_sitenote_category":0},"product_brand":[],"product_cat":[12291,14777],"product_tag":[],"class_list":{"0":"post-784761","1":"product","2":"type-product","3":"status-publish","5":"product_cat-edebiyat","6":"product_cat-fantastik","7":"pa_cilt-ciltsiz","8":"pa_tur-kitap","9":"pa_yayinevi-athica-yayinlari","10":"pa_yazar-bethesda-softworks","12":"first","13":"instock","14":"sale","15":"shipping-taxable","16":"purchasable","17":"product-type-simple"},"_links":{"self":[{"href":"https:\/\/roveyayinevi.com.tr\/index.php\/wp-json\/wp\/v2\/product\/784761","targetHints":{"allow":["GET"]}}],"collection":[{"href":"https:\/\/roveyayinevi.com.tr\/index.php\/wp-json\/wp\/v2\/product"}],"about":[{"href":"https:\/\/roveyayinevi.com.tr\/index.php\/wp-json\/wp\/v2\/types\/product"}],"wp:attachment":[{"href":"https:\/\/roveyayinevi.com.tr\/index.php\/wp-json\/wp\/v2\/media?parent=784761"}],"wp:term":[{"taxonomy":"product_brand","embeddable":true,"href":"https:\/\/roveyayinevi.com.tr\/index.php\/wp-json\/wp\/v2\/product_brand?post=784761"},{"taxonomy":"product_cat","embeddable":true,"href":"https:\/\/roveyayinevi.com.tr\/index.php\/wp-json\/wp\/v2\/product_cat?post=784761"},{"taxonomy":"product_tag","embeddable":true,"href":"https:\/\/roveyayinevi.com.tr\/index.php\/wp-json\/wp\/v2\/product_tag?post=784761"}],"curies":[{"name":"wp","href":"https:\/\/api.w.org\/{rel}","templated":true}]}}