{"id":784741,"date":"2026-03-14T02:45:42","date_gmt":"2026-03-13T23:45:42","guid":{"rendered":"https:\/\/roveyayinevi.com.tr\/index.php\/urun\/dagin-agrisi-2-kirik-kopru\/"},"modified":"2026-04-03T02:52:38","modified_gmt":"2026-04-02T23:52:38","slug":"dagin-agrisi-2-kirik-kopru","status":"publish","type":"product","link":"https:\/\/roveyayinevi.com.tr\/index.php\/urun\/dagin-agrisi-2-kirik-kopru\/","title":{"rendered":"Da\u011f\u0131n A\u011fr\u0131s\u0131 2 &#8211; K\u0131r\u0131k K\u00f6pr\u00fc"},"content":{"rendered":"<p>K\u0131r\u0131k K\u00f6pr\u00fc\u2019n\u00fcn kumsal\u0131, b\u00fct\u00fcn denizlerin kumsal\u0131ndan g\u00fczeldir. Akdeniz\u2019in s\u0131cak kumundan tutun, Karadeniz\u2019in deli kumuna kadar her kumun \u00f6zelli\u011fi vard\u0131r Murat Nehri\u2019nin kumsal\u0131nda.   Bir avu\u00e7 kuru kum al\u0131n, hafif\u00e7e koklay\u0131n, Van Denizi kokar. Yay\u0131n avucunuza, Hazar Denizi\u2019nin rengini g\u00f6r\u00fcrs\u00fcn\u00fcz. Yerden ald\u0131\u011f\u0131n\u0131z kumu avucunuzda sallay\u0131n, sonra yukar\u0131dan tekrar kumsala d\u00f6k\u00fcn!   Yay\u0131lan kokuyu iyice hissedin. Nerenin kokusu?   Evet, sizi kucaklayan o koku, bildi\u011finiz gibi Marmara\u2019n\u0131n kokusu.   \u015eimdi oturun kumsala&#8230;   Dikkatlice bak\u0131n kumlara&#8230;   \u00d6nce g\u00fcn y\u00fcz\u00fcne d\u00f6nerseniz; kumlar\u0131n beyaz, g\u00fcn bat\u0131m\u0131na d\u00f6nerseniz t\u00fcm kumlar\u0131n k\u0131z\u0131la kesildi\u011fini g\u00f6r\u00fcrs\u00fcn\u00fcz&#8230;   G\u00fcne\u015fi, K\u00f6se Da\u011f\u0131\u2019ndan batmaya g\u00f6nderseniz bile kumlar\u0131n rengini de\u011fi\u015ftiremezsiniz.   K\u0131r\u0131k K\u00f6pr\u00fc, \u0131\u015f\u0131\u011f\u0131 \u00e7a\u011f\u0131ran k\u00f6pr\u00fcd\u00fcr.   I\u015f\u0131k Karak\u00f6se\u2019ye, K\u0131r\u0131k K\u00f6pr\u00fc\u2019den gelir, ama \u0131\u015f\u0131k k\u0131r\u0131k de\u011fildir. D\u00fcz gelir. Ayd\u0131nl\u0131kla, umutla gelir\u2026 <\/p>\n","protected":false},"excerpt":{"rendered":"<p>K\u0131r\u0131k K\u00f6pr\u00fc\u2019n\u00fcn kumsal\u0131, b\u00fct\u00fcn denizlerin kumsal\u0131ndan g\u00fczeldir. Akdeniz\u2019in s\u0131cak kumundan tutun, Karadeniz\u2019in deli kumuna kadar her kumun \u00f6zelli\u011fi vard\u0131r Murat Nehri\u2019nin kumsal\u0131nda. Bir avu\u00e7 kuru kum<span class=\"excerpt-hellip\"> [\u2026]<\/span><\/p>\n","protected":false},"featured_media":0,"template":"","meta":{"_monsterinsights_skip_tracking":false,"_monsterinsights_sitenote_active":false,"_monsterinsights_sitenote_note":"","_monsterinsights_sitenote_category":0},"product_brand":[],"product_cat":[12291,12711],"product_tag":[],"class_list":{"0":"post-784741","1":"product","2":"type-product","3":"status-publish","5":"product_cat-edebiyat","6":"product_cat-roman-oyku","7":"pa_cilt-ciltsiz","8":"pa_tur-kitap","9":"pa_yayinevi-favori-yayinlari","10":"pa_yazar-nuri-taner","12":"first","13":"instock","14":"sale","15":"shipping-taxable","16":"purchasable","17":"product-type-simple"},"_links":{"self":[{"href":"https:\/\/roveyayinevi.com.tr\/index.php\/wp-json\/wp\/v2\/product\/784741","targetHints":{"allow":["GET"]}}],"collection":[{"href":"https:\/\/roveyayinevi.com.tr\/index.php\/wp-json\/wp\/v2\/product"}],"about":[{"href":"https:\/\/roveyayinevi.com.tr\/index.php\/wp-json\/wp\/v2\/types\/product"}],"wp:attachment":[{"href":"https:\/\/roveyayinevi.com.tr\/index.php\/wp-json\/wp\/v2\/media?parent=784741"}],"wp:term":[{"taxonomy":"product_brand","embeddable":true,"href":"https:\/\/roveyayinevi.com.tr\/index.php\/wp-json\/wp\/v2\/product_brand?post=784741"},{"taxonomy":"product_cat","embeddable":true,"href":"https:\/\/roveyayinevi.com.tr\/index.php\/wp-json\/wp\/v2\/product_cat?post=784741"},{"taxonomy":"product_tag","embeddable":true,"href":"https:\/\/roveyayinevi.com.tr\/index.php\/wp-json\/wp\/v2\/product_tag?post=784741"}],"curies":[{"name":"wp","href":"https:\/\/api.w.org\/{rel}","templated":true}]}}