{"id":784740,"date":"2026-03-14T02:44:06","date_gmt":"2026-03-13T23:44:06","guid":{"rendered":"https:\/\/roveyayinevi.com.tr\/index.php\/urun\/toplumsal-degisim\/"},"modified":"2026-04-16T02:44:45","modified_gmt":"2026-04-15T23:44:45","slug":"toplumsal-degisim","status":"publish","type":"product","link":"https:\/\/roveyayinevi.com.tr\/index.php\/urun\/toplumsal-degisim\/","title":{"rendered":"Toplumsal De\u011fi\u015fim"},"content":{"rendered":"<p>Bilen, bilim yapan insan giyotinle tehdit ediliyordu. \u0130nsan zek\u00e2s\u0131 &#8221;Tanr\u0131&#8221; taraf\u0131ndan &#8221;ba\u011f\u0131\u015flanm\u0131\u015f&#8221; ve bu teklik b\u00fct\u00fcn \u00e7oklu\u011fu yaratm\u0131\u015ft\u0131. \u0130nsan bilgisini derinle\u015ftirdik\u00e7e, bilim de geli\u015fiyordu. \u0130nsan eliyle ve beyniyle madde ve bilin\u00e7 \u00fcretiyor ve bu diyalektik bir ili\u015fkidir. B\u00fct\u00fcn bu s\u00fcre\u00e7ler birbiri i\u00e7ine ge\u00e7mi\u015f birbirini tamamlayan bir yap\u0131sal d\u00f6ng\u00fc i\u00e7inde birbirini b\u00fct\u00fcnleyen s\u00fcre\u00e7ler olup; bu s\u00fcre\u00e7ler giderek fizyolojik, ekonomik, sosyal, siyasal ve psikolojik toplumsal s\u00fcre\u00e7lere d\u00f6n\u00fc\u015f\u00fcyor. Do\u011fa insan i\u00e7in en kararl\u0131 ve en somut veridir ve insan\u0131n b\u00fct\u00fcn yap\u0131p etmeleri, i\u00e7ine do\u011fdu\u011fu do\u011fas\u0131 i\u00e7inde ger\u00e7ekle\u015fmektedir. Bu faaliyetiyle do\u011fay\u0131 de\u011fi\u015ftirmeye \u00e7al\u0131\u015fan insan, kendisini de de\u011fi\u015ftirmeye durmaks\u0131z\u0131n devam ediyor. El ve beynin diyalektik b\u00fct\u00fcnselli\u011fi i\u00e7inde, insan\u0131n b\u00fct\u00fcn yap\u0131p etmeleri onun pratik -eylemsel etkinli\u011fi (praksis ) \u00fcretim s\u00fcreci insan ve do\u011fa \u00e7eli\u015fkisini de belirliyor (determination)&#8230; Maddeden, organizmadan, bilince y\u00f6nelen ve yeniden \u00fcretim gereksinmesi nedeniyle tekrardan maddeye y\u00f6nelen ve \u00fcreten dinamik yarat\u0131c\u0131 bir s\u00fcre\u00e7&#8230; \u0130nsan\u0131n toplumsalla\u015fmas\u0131 bu s\u00fcre\u00e7ten ayr\u0131 d\u00fc\u015f\u00fcn\u00fclemez. \u0130nsanlar\u0131n ba\u015fka insanlarla kurduklar\u0131, kurmak zorunda olduklar\u0131 ili\u015fkiler ekonomik, sosyal, k\u00fclt\u00fcrel, dilsel geli\u015fim toplamda toplumsal alan\u0131 olu\u015fturmaktad\u0131r. Bu s\u00fcre\u00e7lerin hi\u00e7biri di\u011ferinden ba\u011f\u0131ms\u0131z de\u011fildir. Elinizdeki kitap insan, insan ili\u015fkilerinden kaynakl\u0131 toplumsal s\u00fcreci, s\u00fcre\u00e7leri anlamaya, anlatmaya \u00e7al\u0131\u015f\u0131yor&#8230;Erdo\u011fan Ate\u015fin<\/p>\n","protected":false},"excerpt":{"rendered":"<p>Bilen, bilim yapan insan giyotinle tehdit ediliyordu. \u0130nsan zek\u00e2s\u0131 &#8221;Tanr\u0131&#8221; taraf\u0131ndan &#8221;ba\u011f\u0131\u015flanm\u0131\u015f&#8221; ve bu teklik b\u00fct\u00fcn \u00e7oklu\u011fu yaratm\u0131\u015ft\u0131. \u0130nsan bilgisini derinle\u015ftirdik\u00e7e, bilim de geli\u015fiyordu. \u0130nsan eliyle<span class=\"excerpt-hellip\"> [\u2026]<\/span><\/p>\n","protected":false},"featured_media":0,"template":"","meta":{"_monsterinsights_skip_tracking":false,"_monsterinsights_sitenote_active":false,"_monsterinsights_sitenote_note":"","_monsterinsights_sitenote_category":0},"product_brand":[],"product_cat":[14787,13488],"product_tag":[],"class_list":{"0":"post-784740","1":"product","2":"type-product","3":"status-publish","5":"product_cat-diger-toplum-ve-insan","6":"product_cat-toplum-ve-insan","7":"pa_cilt-ciltsiz","8":"pa_tur-kitap","9":"pa_yayinevi-favori-yayinlari","10":"pa_yazar-erdogan-atesin","12":"first","13":"instock","14":"sale","15":"shipping-taxable","16":"purchasable","17":"product-type-simple"},"_links":{"self":[{"href":"https:\/\/roveyayinevi.com.tr\/index.php\/wp-json\/wp\/v2\/product\/784740","targetHints":{"allow":["GET"]}}],"collection":[{"href":"https:\/\/roveyayinevi.com.tr\/index.php\/wp-json\/wp\/v2\/product"}],"about":[{"href":"https:\/\/roveyayinevi.com.tr\/index.php\/wp-json\/wp\/v2\/types\/product"}],"wp:attachment":[{"href":"https:\/\/roveyayinevi.com.tr\/index.php\/wp-json\/wp\/v2\/media?parent=784740"}],"wp:term":[{"taxonomy":"product_brand","embeddable":true,"href":"https:\/\/roveyayinevi.com.tr\/index.php\/wp-json\/wp\/v2\/product_brand?post=784740"},{"taxonomy":"product_cat","embeddable":true,"href":"https:\/\/roveyayinevi.com.tr\/index.php\/wp-json\/wp\/v2\/product_cat?post=784740"},{"taxonomy":"product_tag","embeddable":true,"href":"https:\/\/roveyayinevi.com.tr\/index.php\/wp-json\/wp\/v2\/product_tag?post=784740"}],"curies":[{"name":"wp","href":"https:\/\/api.w.org\/{rel}","templated":true}]}}