{"id":784723,"date":"2026-03-13T03:27:05","date_gmt":"2026-03-13T00:27:05","guid":{"rendered":"https:\/\/roveyayinevi.com.tr\/index.php\/urun\/uluslararasi-iliskilerde-kavramsal-analizler\/"},"modified":"2026-04-15T03:48:37","modified_gmt":"2026-04-15T00:48:37","slug":"uluslararasi-iliskilerde-kavramsal-analizler","status":"publish","type":"product","link":"https:\/\/roveyayinevi.com.tr\/index.php\/urun\/uluslararasi-iliskilerde-kavramsal-analizler\/","title":{"rendered":"Uluslararas\u0131 \u0130li\u015fkilerde Kavramsal Analizler"},"content":{"rendered":"<p>B\u0130R\u0130NC\u0130 B\u00d6L\u00dcM: Siber Egemenlik: \u00c7in Halk Cumhuriyeti\u2019nin B\u00fcy\u00fck G\u00fcvenlik Duvar\u0131 \u0130K\u0130NC\u0130 B\u00d6L\u00dcM: Tek Tarafl\u0131l\u0131k ve Rusya\u2019n\u0131n K\u0131r\u0131m\u0131 \u0130lhak\u0131 \u00dc\u00c7\u00dcNC\u00dc B\u00d6L\u00dcM: \u0130kinci Kulvar D\u00d6RD\u00dcNC\u00dc B\u00d6L\u00dcM: Davetle M\u00fcdahale ve Haiti \u00d6rne\u011fi BE\u015e\u0130NC\u0130 B\u00d6L\u00dcM: Enformasyon Sava\u015f\u0131: K\u00f6rfez\u2019den Dijital \u00c7a\u011fa M\u00fcdahalenin Yeni G\u00fc\u00e7 Alan\u0131 ALTINCI B\u00d6L\u00dcM: Uluslararas\u0131 \u0130li\u015fkilerde Yumu\u015fak Hukuk Kavram\u0131 ve Birle\u015fmi\u015f Milletler Genel Kurulu Kararlar\u0131 \u00d6rne\u011fi YED\u0130NC\u0130 B\u00d6L\u00dcM: Uzay G\u00fcc\u00fc: So\u011fuk Sava\u015f D\u00f6neminde ABD ve SSCB\u2019nin Uzay Rekabeti SEK\u0130Z\u0130NC\u0130 B\u00d6L\u00dcM: G\u00fc\u00e7 Dengesi: Uzay\u0131n Askerile\u015fmesi ve ABD \u00c7in Aras\u0131nda Uzay Rekabeti DOKUZUNCU B\u00d6L\u00dcM: \u00d6nleyici Sava\u015f Kavram\u0131 ve Amerika Birle\u015fik Devletleri\u2019nin 2003 Irak M\u00fcdahalesi ONUNCU B\u00d6L\u00dcM: Hindutva \u0130deolojisinin Hindistan\u2019\u0131n D\u0131\u015f Politikas\u0131n\u0131 \u015eekillendirmedeki Rol\u00fcn\u00fcn \u0130ncelenmesi<\/p>\n","protected":false},"excerpt":{"rendered":"<p>B\u0130R\u0130NC\u0130 B\u00d6L\u00dcM: Siber Egemenlik: \u00c7in Halk Cumhuriyeti\u2019nin B\u00fcy\u00fck G\u00fcvenlik Duvar\u0131 \u0130K\u0130NC\u0130 B\u00d6L\u00dcM: Tek Tarafl\u0131l\u0131k ve Rusya\u2019n\u0131n K\u0131r\u0131m\u0131 \u0130lhak\u0131 \u00dc\u00c7\u00dcNC\u00dc B\u00d6L\u00dcM: \u0130kinci Kulvar D\u00d6RD\u00dcNC\u00dc B\u00d6L\u00dcM: Davetle M\u00fcdahale<span class=\"excerpt-hellip\"> [\u2026]<\/span><\/p>\n","protected":false},"featured_media":0,"template":"","meta":{"_monsterinsights_skip_tracking":false,"_monsterinsights_sitenote_active":false,"_monsterinsights_sitenote_note":"","_monsterinsights_sitenote_category":0},"product_brand":[],"product_cat":[12337,17225],"product_tag":[],"class_list":{"0":"post-784723","1":"product","2":"type-product","3":"status-publish","5":"product_cat-politika-siyaset","6":"product_cat-uluslararasi-iliskiler","7":"pa_cilt-ciltsiz","8":"pa_tur-kitap","9":"pa_yayinevi-gazi-kitabevi","10":"pa_yazar-kolektif","12":"first","13":"instock","14":"sale","15":"shipping-taxable","16":"purchasable","17":"product-type-simple"},"_links":{"self":[{"href":"https:\/\/roveyayinevi.com.tr\/index.php\/wp-json\/wp\/v2\/product\/784723","targetHints":{"allow":["GET"]}}],"collection":[{"href":"https:\/\/roveyayinevi.com.tr\/index.php\/wp-json\/wp\/v2\/product"}],"about":[{"href":"https:\/\/roveyayinevi.com.tr\/index.php\/wp-json\/wp\/v2\/types\/product"}],"wp:attachment":[{"href":"https:\/\/roveyayinevi.com.tr\/index.php\/wp-json\/wp\/v2\/media?parent=784723"}],"wp:term":[{"taxonomy":"product_brand","embeddable":true,"href":"https:\/\/roveyayinevi.com.tr\/index.php\/wp-json\/wp\/v2\/product_brand?post=784723"},{"taxonomy":"product_cat","embeddable":true,"href":"https:\/\/roveyayinevi.com.tr\/index.php\/wp-json\/wp\/v2\/product_cat?post=784723"},{"taxonomy":"product_tag","embeddable":true,"href":"https:\/\/roveyayinevi.com.tr\/index.php\/wp-json\/wp\/v2\/product_tag?post=784723"}],"curies":[{"name":"wp","href":"https:\/\/api.w.org\/{rel}","templated":true}]}}