{"id":784696,"date":"2026-03-12T03:47:33","date_gmt":"2026-03-12T00:47:33","guid":{"rendered":"https:\/\/roveyayinevi.com.tr\/index.php\/urun\/imparatorluktan-gelen-bir-ulusturk-modernitesi-ve-dogu-karadenizde-osmanli-mirasi\/"},"modified":"2026-04-15T03:48:38","modified_gmt":"2026-04-15T00:48:38","slug":"imparatorluktan-gelen-bir-ulusturk-modernitesi-ve-dogu-karadenizde-osmanli-mirasi","status":"publish","type":"product","link":"https:\/\/roveyayinevi.com.tr\/index.php\/urun\/imparatorluktan-gelen-bir-ulusturk-modernitesi-ve-dogu-karadenizde-osmanli-mirasi\/","title":{"rendered":"\u0130mparatorluktan Gelen Bir Ulus;T\u00fcrk Modernitesi ve Do\u011fu Karadeniz&#8217;de Osmanl\u0131 Miras\u0131"},"content":{"rendered":"<p>\u0130mparatorluk bakiyesinden do\u011fan bir ulus olan T\u00fcrkiye Cumhuriyeti\u2019nin ta\u015f\u0131d\u0131\u011f\u0131 tarihsel miras\u0131, Bat\u0131 Karadeniz\u2019in \u00f6zg\u00fcn co\u011frafyas\u0131nda, Trabzon \u00f6zelinde ele alan bu \u00e7al\u0131\u015fma, antropolojik bir bak\u0131\u015f a\u00e7\u0131s\u0131yla \u015fekillenmi\u015ftir. Ara\u015ft\u0131rma, eski Trabzon eyaletinin \u00e7ok katmanl\u0131 toplumsal dokusu i\u00e7inde; farkl\u0131 etnik k\u00f6kenlerden gelen, farkl\u0131 dilleri konu\u015fan ve farkl\u0131 inan\u00e7 d\u00fcnyalar\u0131na mensup insanlar\u0131n nas\u0131l olup da ortak bir siyasal ve toplumsal \u00e7at\u0131 alt\u0131nda bulu\u015fabildiklerini anlamay\u0131 ama\u00e7lamaktad\u0131r.Bu b\u00f6lgesel inceleme, Osmanl\u0131 kurumlar\u0131yla kurulan ili\u015fkiler arac\u0131l\u0131\u011f\u0131yla kasabal\u0131lar\u0131n ve k\u00f6yl\u00fclerin imparatorluk sistemine eklemlenme s\u00fcre\u00e7lerini merkeze al\u0131r. Ulus\u00e7u hareketin \u00f6nc\u00fcl\u00fck etti\u011fi radikal reformlara ra\u011fmen, yeni rejimin yaln\u0131zca eski d\u00fczenin silik kal\u0131nt\u0131lar\u0131 \u00fczerinde y\u00fckselmedi\u011fini; aksine, imparatorluk sisteminin baz\u0131 temel unsurlar\u0131n\u0131n d\u00f6n\u00fc\u015ft\u00fcr\u00fclerek yeni devletin kurucu ilkelerine n\u00fcfuz etti\u011fini ortaya koyar.\u00c7al\u0131\u015fma, bu s\u00fcreklilik ve d\u00f6n\u00fc\u015f\u00fcm ili\u015fkisini, yerel elitlerin kamusal ya\u015famdaki etkin rolleri \u00fczerinden izler. Trabzon kentinin ve bir T\u00fcrk kasabas\u0131 olarak Of\u2019un kamusal alan\u0131nda \u015fekillenen toplumsal ili\u015fkiler, imparatorluktan ulus-devlete uzanan tarihsel ge\u00e7i\u015fin yerel \u00f6l\u00e7ekteki yans\u0131malar\u0131n\u0131 g\u00f6r\u00fcn\u00fcr k\u0131lar.<\/p>\n","protected":false},"excerpt":{"rendered":"<p>\u0130mparatorluk bakiyesinden do\u011fan bir ulus olan T\u00fcrkiye Cumhuriyeti\u2019nin ta\u015f\u0131d\u0131\u011f\u0131 tarihsel miras\u0131, Bat\u0131 Karadeniz\u2019in \u00f6zg\u00fcn co\u011frafyas\u0131nda, Trabzon \u00f6zelinde ele alan bu \u00e7al\u0131\u015fma, antropolojik bir bak\u0131\u015f a\u00e7\u0131s\u0131yla \u015fekillenmi\u015ftir.<span class=\"excerpt-hellip\"> [\u2026]<\/span><\/p>\n","protected":false},"featured_media":0,"template":"","meta":{"_monsterinsights_skip_tracking":false,"_monsterinsights_sitenote_active":false,"_monsterinsights_sitenote_note":"","_monsterinsights_sitenote_category":0},"product_brand":[],"product_cat":[12370,12304],"product_tag":[],"class_list":{"0":"post-784696","1":"product","2":"type-product","3":"status-publish","5":"product_cat-arastirma-inceleme","6":"product_cat-tarih","7":"pa_cilt-ciltsiz","8":"pa_tur-kitap","9":"pa_yayinevi-orion-kitabevi","10":"pa_yazar-michael-e-meeker","12":"first","13":"instock","14":"sale","15":"shipping-taxable","16":"purchasable","17":"product-type-simple"},"_links":{"self":[{"href":"https:\/\/roveyayinevi.com.tr\/index.php\/wp-json\/wp\/v2\/product\/784696","targetHints":{"allow":["GET"]}}],"collection":[{"href":"https:\/\/roveyayinevi.com.tr\/index.php\/wp-json\/wp\/v2\/product"}],"about":[{"href":"https:\/\/roveyayinevi.com.tr\/index.php\/wp-json\/wp\/v2\/types\/product"}],"wp:attachment":[{"href":"https:\/\/roveyayinevi.com.tr\/index.php\/wp-json\/wp\/v2\/media?parent=784696"}],"wp:term":[{"taxonomy":"product_brand","embeddable":true,"href":"https:\/\/roveyayinevi.com.tr\/index.php\/wp-json\/wp\/v2\/product_brand?post=784696"},{"taxonomy":"product_cat","embeddable":true,"href":"https:\/\/roveyayinevi.com.tr\/index.php\/wp-json\/wp\/v2\/product_cat?post=784696"},{"taxonomy":"product_tag","embeddable":true,"href":"https:\/\/roveyayinevi.com.tr\/index.php\/wp-json\/wp\/v2\/product_tag?post=784696"}],"curies":[{"name":"wp","href":"https:\/\/api.w.org\/{rel}","templated":true}]}}