{"id":784689,"date":"2026-03-12T03:46:57","date_gmt":"2026-03-12T00:46:57","guid":{"rendered":"https:\/\/roveyayinevi.com.tr\/index.php\/urun\/dunya-nobetigogolun-izinde-ii\/"},"modified":"2026-04-12T03:38:13","modified_gmt":"2026-04-12T00:38:13","slug":"dunya-nobetigogolun-izinde-ii","status":"publish","type":"product","link":"https:\/\/roveyayinevi.com.tr\/index.php\/urun\/dunya-nobetigogolun-izinde-ii\/","title":{"rendered":"D\u00fcnya N\u00f6beti;Gogol\u2019\u00fcn \u0130zinde II"},"content":{"rendered":"<p>Rusya\u2019n\u0131n zifiri karanl\u0131k buz \u00e7\u00f6llerinde, Kotlas-Moskova hatt\u0131nda ilerleyen bir tren&#8230; Kompart\u0131manlarda uykuya \u00e7ekilen yolcular\u0131n aksine, iki ruh ikizi uyan\u0131k kalmaya ant i\u00e7mi\u015f: G\u00fcloya ve Aleksi. Onlar, uykusuzlu\u011fun k\u0131ymetini bilenler; sabahlara kadar Tanr\u0131\u2019y\u0131, bilgiyi, ruhu ve hayat\u0131 kollayan &#8220;D\u00fcnya N\u00f6bet\u00e7ileri&#8221;.Alev Alatl\u0131, nehir roman\u0131n\u0131n bu ikinci halkas\u0131nda okuru, Yeltsin Rusya\u2019s\u0131n\u0131n kaotik ikliminden al\u0131p tarihin derin dehlizlerine yolculu\u011fa \u00e7\u0131kar\u0131yor. Rusya\u2019da T\u00fcrkiye\u2019nin gelece\u011fini izleyen bir yazar\u0131n kaleminden; tarihin, dinin ve ideolojilerin kesi\u015fti\u011fi noktada tutulan sars\u0131c\u0131 fakat teyakkuz gerektiren bir n\u00f6bete davetlisiniz.<\/p>\n","protected":false},"excerpt":{"rendered":"<p>Rusya\u2019n\u0131n zifiri karanl\u0131k buz \u00e7\u00f6llerinde, Kotlas-Moskova hatt\u0131nda ilerleyen bir tren&#8230; Kompart\u0131manlarda uykuya \u00e7ekilen yolcular\u0131n aksine, iki ruh ikizi uyan\u0131k kalmaya ant i\u00e7mi\u015f: G\u00fcloya ve Aleksi. Onlar,<span class=\"excerpt-hellip\"> [\u2026]<\/span><\/p>\n","protected":false},"featured_media":0,"template":"","meta":{"_monsterinsights_skip_tracking":false,"_monsterinsights_sitenote_active":false,"_monsterinsights_sitenote_note":"","_monsterinsights_sitenote_category":0},"product_brand":[],"product_cat":[12291,12711],"product_tag":[],"class_list":{"0":"post-784689","1":"product","2":"type-product","3":"status-publish","5":"product_cat-edebiyat","6":"product_cat-roman-oyku","7":"pa_cilt-ciltsiz","8":"pa_tur-kitap","9":"pa_yayinevi-kapi-yayinlari","10":"pa_yazar-alev-alatli","12":"first","13":"instock","14":"sale","15":"shipping-taxable","16":"purchasable","17":"product-type-simple"},"_links":{"self":[{"href":"https:\/\/roveyayinevi.com.tr\/index.php\/wp-json\/wp\/v2\/product\/784689","targetHints":{"allow":["GET"]}}],"collection":[{"href":"https:\/\/roveyayinevi.com.tr\/index.php\/wp-json\/wp\/v2\/product"}],"about":[{"href":"https:\/\/roveyayinevi.com.tr\/index.php\/wp-json\/wp\/v2\/types\/product"}],"wp:attachment":[{"href":"https:\/\/roveyayinevi.com.tr\/index.php\/wp-json\/wp\/v2\/media?parent=784689"}],"wp:term":[{"taxonomy":"product_brand","embeddable":true,"href":"https:\/\/roveyayinevi.com.tr\/index.php\/wp-json\/wp\/v2\/product_brand?post=784689"},{"taxonomy":"product_cat","embeddable":true,"href":"https:\/\/roveyayinevi.com.tr\/index.php\/wp-json\/wp\/v2\/product_cat?post=784689"},{"taxonomy":"product_tag","embeddable":true,"href":"https:\/\/roveyayinevi.com.tr\/index.php\/wp-json\/wp\/v2\/product_tag?post=784689"}],"curies":[{"name":"wp","href":"https:\/\/api.w.org\/{rel}","templated":true}]}}