{"id":784671,"date":"2026-03-12T03:46:09","date_gmt":"2026-03-12T00:46:09","guid":{"rendered":"https:\/\/roveyayinevi.com.tr\/index.php\/urun\/dus-ulkesi-masallari-seti-10-kitap-1-aktivite-takim\/"},"modified":"2026-04-15T03:47:42","modified_gmt":"2026-04-15T00:47:42","slug":"dus-ulkesi-masallari-seti-10-kitap-1-aktivite-takim","status":"publish","type":"product","link":"https:\/\/roveyayinevi.com.tr\/index.php\/urun\/dus-ulkesi-masallari-seti-10-kitap-1-aktivite-takim\/","title":{"rendered":"D\u00fc\u015f \u00dclkesi Masallar\u0131 Seti (10 Kitap +1 Aktivite Tak\u0131m)"},"content":{"rendered":"<p>Masallar, \u00e7ocuklar\u0131n kalplerine dokunur ve onlara hayat\u0131n en de\u011ferli arma\u011fanlar\u0131n\u0131 sunar: umut, dostluk ve cesaret. Karlar Krali\u00e7esi\u2019nin so\u011fuk saray\u0131nda parlayan \u0131\u015f\u0131k, Alaaddin\u2019in Sihirli Lambas\u0131\u2019n\u0131n mucizeleri ve Robin Hood\u2019un adalet aray\u0131\u015f\u0131\u2026 Bu \u00f6yk\u00fclerle hayal g\u00fcc\u00fc kanatlan\u0131yor.1-U\u00c7AN SANDIK2-SU PER\u0130S\u01303-ROBIN HOOD4-\u00d6K\u00dcZE G\u00dcVENEN KURBA\u011eA5-KARLAR KRAL\u0130\u00c7ES\u01306-HE\u0130D\u01307-B\u0130LGE BAYKU\u015e8-ALTIN YUMURTLAYAN TAVUK9-ALADD\u0130N\u0130N S\u0130H\u0130RL\u0130 LAMBASI10-AKILLI \u00c7OBAN11-MASAL AKT\u0130V\u0130TE K\u0130TABI<\/p>\n","protected":false},"excerpt":{"rendered":"<p>Masallar, \u00e7ocuklar\u0131n kalplerine dokunur ve onlara hayat\u0131n en de\u011ferli arma\u011fanlar\u0131n\u0131 sunar: umut, dostluk ve cesaret. Karlar Krali\u00e7esi\u2019nin so\u011fuk saray\u0131nda parlayan \u0131\u015f\u0131k, Alaaddin\u2019in Sihirli Lambas\u0131\u2019n\u0131n mucizeleri ve<span class=\"excerpt-hellip\"> [\u2026]<\/span><\/p>\n","protected":false},"featured_media":0,"template":"","meta":{"_monsterinsights_skip_tracking":false,"_monsterinsights_sitenote_active":false,"_monsterinsights_sitenote_note":"","_monsterinsights_sitenote_category":0},"product_brand":[],"product_cat":[12274,12284],"product_tag":[],"class_list":{"0":"post-784671","1":"product","2":"type-product","3":"status-publish","5":"product_cat-cocuk-ve-genclik-kitaplari","6":"product_cat-hikayeler","7":"pa_cilt-ciltsiz","8":"pa_tur-kitap","9":"pa_yayinevi-dokuz-yayinlari","10":"pa_yazar-kolektif","12":"first","13":"instock","14":"sale","15":"shipping-taxable","16":"purchasable","17":"product-type-simple"},"_links":{"self":[{"href":"https:\/\/roveyayinevi.com.tr\/index.php\/wp-json\/wp\/v2\/product\/784671","targetHints":{"allow":["GET"]}}],"collection":[{"href":"https:\/\/roveyayinevi.com.tr\/index.php\/wp-json\/wp\/v2\/product"}],"about":[{"href":"https:\/\/roveyayinevi.com.tr\/index.php\/wp-json\/wp\/v2\/types\/product"}],"wp:attachment":[{"href":"https:\/\/roveyayinevi.com.tr\/index.php\/wp-json\/wp\/v2\/media?parent=784671"}],"wp:term":[{"taxonomy":"product_brand","embeddable":true,"href":"https:\/\/roveyayinevi.com.tr\/index.php\/wp-json\/wp\/v2\/product_brand?post=784671"},{"taxonomy":"product_cat","embeddable":true,"href":"https:\/\/roveyayinevi.com.tr\/index.php\/wp-json\/wp\/v2\/product_cat?post=784671"},{"taxonomy":"product_tag","embeddable":true,"href":"https:\/\/roveyayinevi.com.tr\/index.php\/wp-json\/wp\/v2\/product_tag?post=784671"}],"curies":[{"name":"wp","href":"https:\/\/api.w.org\/{rel}","templated":true}]}}