{"id":784668,"date":"2026-03-12T03:46:00","date_gmt":"2026-03-12T00:46:00","guid":{"rendered":"https:\/\/roveyayinevi.com.tr\/index.php\/urun\/tanrilar-kahramanlar-ve-canavarlardunyanin-dort-bir-yanindan-mitler-ve-efsaneler\/"},"modified":"2026-03-25T21:09:29","modified_gmt":"2026-03-25T18:09:29","slug":"tanrilar-kahramanlar-ve-canavarlardunyanin-dort-bir-yanindan-mitler-ve-efsaneler","status":"publish","type":"product","link":"https:\/\/roveyayinevi.com.tr\/index.php\/urun\/tanrilar-kahramanlar-ve-canavarlardunyanin-dort-bir-yanindan-mitler-ve-efsaneler\/","title":{"rendered":"Tanr\u0131lar, Kahramanlar ve Canavarlar;D\u00fcnyan\u0131n D\u00f6rt Bir Yan\u0131ndan Mitler ve Efsaneler"},"content":{"rendered":"<p>S\u00d6Z\u00dcN DO\u011eU\u015eUNDAN BU YANA \u0130NSANLIK,D\u00dcNYAYI ANLAMAK \u0130\u00c7\u0130N M\u0130TLERE VE EFSANELERE BA\u015eVURDU.Yaz\u0131n\u0131n hen\u00fcz var olmad\u0131\u011f\u0131 \u00e7a\u011flarda, mitler bir insandan di\u011ferine aktar\u0131larak ya\u015famaya devam etti. Tanr\u0131lar\u0131n ve tanr\u0131\u00e7alar\u0131n \u00f6yk\u00fcleri, kahramanlar\u0131n yolculuklar\u0131, canavarlarla dolu s\u0131navlar insan\u0131n korkular\u0131n\u0131, umutlar\u0131n\u0131 ve evrene dair sorular\u0131n\u0131 dile getirdi.Binlerce y\u0131l boyunca farkl\u0131 co\u011frafyalarda, farkl\u0131 k\u00fclt\u00fcrlerde anlat\u0131lan bu hik\u00e2yeler, yaln\u0131zca ge\u00e7mi\u015fin masallar\u0131 olmad\u0131. Bug\u00fcn h\u00e2l\u00e2 inan\u00e7lar\u0131m\u0131zdan rit\u00fcellerimize, sanattan siyasete ve g\u00fcndelik hayat\u0131m\u0131z\u0131n g\u00f6r\u00fcnmez katmanlar\u0131na kadar pek \u00e7ok alanda etkisini s\u00fcrd\u00fcr\u00fcyor.Tanr\u0131lar, Kahramanlar ve Canavarlar, d\u00fcnyan\u0131n d\u00f6rt bir yan\u0131ndan mitler ve efsaneler arac\u0131l\u0131\u011f\u0131yla, insanl\u0131\u011f\u0131n ortak hayal g\u00fcc\u00fcne a\u00e7\u0131lan bir kap\u0131y\u0131 aral\u0131yor. A\u011f\u0131zdan a\u011f\u0131za aktar\u0131larak g\u00fcn\u00fcm\u00fcze ula\u015fan bu anlat\u0131lar\u0131n b\u00fcy\u00fcleyici \u00e7e\u015fitlili\u011fini ve \u015fa\u015f\u0131rt\u0131c\u0131 benzerliklerini ke\u015ffederken ayn\u0131 sorular\u0131n y\u00fczy\u0131llard\u0131r farkl\u0131 dillerde nas\u0131l tekrar tekrar soruldu\u011funa tan\u0131k olacaks\u0131n\u0131z.<\/p>\n","protected":false},"excerpt":{"rendered":"<p>S\u00d6Z\u00dcN DO\u011eU\u015eUNDAN BU YANA \u0130NSANLIK,D\u00dcNYAYI ANLAMAK \u0130\u00c7\u0130N M\u0130TLERE VE EFSANELERE BA\u015eVURDU.Yaz\u0131n\u0131n hen\u00fcz var olmad\u0131\u011f\u0131 \u00e7a\u011flarda, mitler bir insandan di\u011ferine aktar\u0131larak ya\u015famaya devam etti. Tanr\u0131lar\u0131n ve tanr\u0131\u00e7alar\u0131n<span class=\"excerpt-hellip\"> [\u2026]<\/span><\/p>\n","protected":false},"featured_media":0,"template":"","meta":{"_monsterinsights_skip_tracking":false,"_monsterinsights_sitenote_active":false,"_monsterinsights_sitenote_note":"","_monsterinsights_sitenote_category":0},"product_brand":[],"product_cat":[12718,12858],"product_tag":[],"class_list":{"0":"post-784668","1":"product","2":"type-product","3":"status-publish","5":"product_cat-din","6":"product_cat-mitolojiler","7":"pa_cilt-ciltsiz","8":"pa_tur-kitap","9":"pa_yayinevi-maya-kitap","10":"pa_yazar-mark-daniels","12":"first","13":"instock","14":"sale","15":"shipping-taxable","16":"purchasable","17":"product-type-simple"},"_links":{"self":[{"href":"https:\/\/roveyayinevi.com.tr\/index.php\/wp-json\/wp\/v2\/product\/784668","targetHints":{"allow":["GET"]}}],"collection":[{"href":"https:\/\/roveyayinevi.com.tr\/index.php\/wp-json\/wp\/v2\/product"}],"about":[{"href":"https:\/\/roveyayinevi.com.tr\/index.php\/wp-json\/wp\/v2\/types\/product"}],"wp:attachment":[{"href":"https:\/\/roveyayinevi.com.tr\/index.php\/wp-json\/wp\/v2\/media?parent=784668"}],"wp:term":[{"taxonomy":"product_brand","embeddable":true,"href":"https:\/\/roveyayinevi.com.tr\/index.php\/wp-json\/wp\/v2\/product_brand?post=784668"},{"taxonomy":"product_cat","embeddable":true,"href":"https:\/\/roveyayinevi.com.tr\/index.php\/wp-json\/wp\/v2\/product_cat?post=784668"},{"taxonomy":"product_tag","embeddable":true,"href":"https:\/\/roveyayinevi.com.tr\/index.php\/wp-json\/wp\/v2\/product_tag?post=784668"}],"curies":[{"name":"wp","href":"https:\/\/api.w.org\/{rel}","templated":true}]}}