{"id":784666,"date":"2026-03-12T03:45:51","date_gmt":"2026-03-12T00:45:51","guid":{"rendered":"https:\/\/roveyayinevi.com.tr\/index.php\/urun\/anne-dinozorlar-neden-okula-gitmez\/"},"modified":"2026-04-15T03:47:38","modified_gmt":"2026-04-15T00:47:38","slug":"anne-dinozorlar-neden-okula-gitmez","status":"publish","type":"product","link":"https:\/\/roveyayinevi.com.tr\/index.php\/urun\/anne-dinozorlar-neden-okula-gitmez\/","title":{"rendered":"Anne, Dinozorlar Neden Okula Gitmez?"},"content":{"rendered":"<p>\u00c7ocuklar\u0131 belki de daha \u00f6nce hi\u00e7 d\u00fc\u015f\u00fcnmedikleri konular \u00fczerine d\u00fc\u015f\u00fcnd\u00fcrtecek sorular ve hayal g\u00fc\u00e7lerini canland\u0131racak cevaplar i\u00e7eren bu kitab\u0131 okurken \u015fa\u015f\u0131rmaya haz\u0131r olun!\u201cAnne, dinozorlar neden okula gitmez?\u201d\u201c\u00c7\u00fcnk\u00fc pen\u00e7elerinde yaln\u0131zca iki\u015fer parmak vard\u0131r ve bu y\u00fczden pek iyi sayamazlar.\u201d<\/p>\n","protected":false},"excerpt":{"rendered":"<p>\u00c7ocuklar\u0131 belki de daha \u00f6nce hi\u00e7 d\u00fc\u015f\u00fcnmedikleri konular \u00fczerine d\u00fc\u015f\u00fcnd\u00fcrtecek sorular ve hayal g\u00fc\u00e7lerini canland\u0131racak cevaplar i\u00e7eren bu kitab\u0131 okurken \u015fa\u015f\u0131rmaya haz\u0131r olun!\u201cAnne, dinozorlar neden okula<span class=\"excerpt-hellip\"> [\u2026]<\/span><\/p>\n","protected":false},"featured_media":0,"template":"","meta":{"_monsterinsights_skip_tracking":false,"_monsterinsights_sitenote_active":false,"_monsterinsights_sitenote_note":"","_monsterinsights_sitenote_category":0},"product_brand":[],"product_cat":[12274,12284],"product_tag":[],"class_list":{"0":"post-784666","1":"product","2":"type-product","3":"status-publish","5":"product_cat-cocuk-ve-genclik-kitaplari","6":"product_cat-hikayeler","7":"pa_cilt-ciltsiz","8":"pa_tur-kitap","9":"pa_yayinevi-eksik-parca-yayinlari","10":"pa_yazar-quentin-greban","12":"first","13":"instock","14":"sale","15":"shipping-taxable","16":"purchasable","17":"product-type-simple"},"_links":{"self":[{"href":"https:\/\/roveyayinevi.com.tr\/index.php\/wp-json\/wp\/v2\/product\/784666","targetHints":{"allow":["GET"]}}],"collection":[{"href":"https:\/\/roveyayinevi.com.tr\/index.php\/wp-json\/wp\/v2\/product"}],"about":[{"href":"https:\/\/roveyayinevi.com.tr\/index.php\/wp-json\/wp\/v2\/types\/product"}],"wp:attachment":[{"href":"https:\/\/roveyayinevi.com.tr\/index.php\/wp-json\/wp\/v2\/media?parent=784666"}],"wp:term":[{"taxonomy":"product_brand","embeddable":true,"href":"https:\/\/roveyayinevi.com.tr\/index.php\/wp-json\/wp\/v2\/product_brand?post=784666"},{"taxonomy":"product_cat","embeddable":true,"href":"https:\/\/roveyayinevi.com.tr\/index.php\/wp-json\/wp\/v2\/product_cat?post=784666"},{"taxonomy":"product_tag","embeddable":true,"href":"https:\/\/roveyayinevi.com.tr\/index.php\/wp-json\/wp\/v2\/product_tag?post=784666"}],"curies":[{"name":"wp","href":"https:\/\/api.w.org\/{rel}","templated":true}]}}