{"id":784634,"date":"2026-03-12T02:53:45","date_gmt":"2026-03-11T23:53:45","guid":{"rendered":"https:\/\/roveyayinevi.com.tr\/index.php\/urun\/simdi-degilse-ne-zaman-3\/"},"modified":"2026-04-16T02:42:57","modified_gmt":"2026-04-15T23:42:57","slug":"simdi-degilse-ne-zaman-3","status":"publish","type":"product","link":"https:\/\/roveyayinevi.com.tr\/index.php\/urun\/simdi-degilse-ne-zaman-3\/","title":{"rendered":"\u015eimdi De\u011filse Ne Zaman?"},"content":{"rendered":"<p>Denemeye cesaret edenlere ve deneme cesareti verenlere&#8230;Korkmasayd\u0131n Ne Yapard\u0131n? kitab\u0131yla yeni bir yola \u00e7\u0131kan Bahar Eri\u015f, g\u00fc\u00e7l\u00fc bir soruyla devam ediyor: \u201c\u015eimdi de\u011filse ne zaman?\u201dKitap insan\u0131n ruhunu y\u00fckselten tatl\u0131, serin ve derin hik\u00e2yelerle dolu.Bu bir kendini toplama kitab\u0131. Kafas\u0131n\u0131 toplamak, kalbini toplamak, hayat\u0131n\u0131 toplamak.\u0130nsan\u0131n i\u00e7ine i\u015fleyen hik\u00e2yeler ile insan\u0131n i\u00e7ini i\u015fleyen fikirlerden olu\u015fuyor. Eri\u015f, dokuzuncu kitab\u0131nda deneme cesaretini onurland\u0131r\u0131yor. Hayat\u0131m\u0131za hakim olma \u00e7abam\u0131za kafa yoruyor. Modern hayat\u0131n zorlu ikilemlerini sorguluyor: Al\u0131\u015fveri\u015f sepetimiz dolu, peki ya \u2018ruh sepetimiz\u2019 ne durumda? Do\u011fru insan\u0131 bulmak m\u0131, do\u011fru insan olmak m\u0131? \u00c7\u0131ld\u0131rm\u0131\u015f bir d\u00fcnyada sakin, duru ve \u00fcretken kalmak m\u00fcmk\u00fcn m\u00fc? Ko\u015fturmacalarda kaybetti\u011fimiz incelikleri nerede bulabiliriz?Kitaptaki denemeler ne hakk\u0131nda? Cesaret, \u00e7aba, azim, karakter, az\u0131n \u00e7oklu\u011fu, \u00e7o\u011fun azl\u0131\u011f\u0131, k\u0131r\u0131lganl\u0131\u011f\u0131n kudreti, m\u00fckemmel olmaman\u0131n g\u00fczelli\u011fi, kad\u0131nlar\u0131n g\u00fcc\u00fc, dostluk, umut, iyilik \u00fczerine i\u00e7g\u00f6r\u00fclerden olu\u015fuyor.\u2022 \u0130nsan dizleri titrerken de ilerleyebilir mi?\u2022 \u0130\u00e7ed\u00f6n\u00fcklerin d\u0131\u015ftan g\u00f6r\u00fcnmeyen g\u00fc\u00e7leri neler?\u2022 Ma\u011fdur dili ve edebiyat\u0131 kime hizmet eder?\u2022 Kad\u0131n kad\u0131n\u0131n yurdu mu yoksa kurdu mu?\u2022 Kendimize s\u00f6yledi\u011fimiz yalanlar bizi nas\u0131l etkiler?\u2022 K\u0131r\u0131lganl\u0131\u011f\u0131n i\u00e7indeki sars\u0131lmaz g\u00fc\u00e7 nedir?\u2022 Do\u011fru \u015feyi yapmak i\u00e7in yanl\u0131\u015f zaman var m\u0131d\u0131r?<\/p>\n","protected":false},"excerpt":{"rendered":"<p>Denemeye cesaret edenlere ve deneme cesareti verenlere&#8230;Korkmasayd\u0131n Ne Yapard\u0131n? kitab\u0131yla yeni bir yola \u00e7\u0131kan Bahar Eri\u015f, g\u00fc\u00e7l\u00fc bir soruyla devam ediyor: \u201c\u015eimdi de\u011filse ne zaman?\u201dKitap insan\u0131n<span class=\"excerpt-hellip\"> [\u2026]<\/span><\/p>\n","protected":false},"featured_media":0,"template":"","meta":{"_monsterinsights_skip_tracking":false,"_monsterinsights_sitenote_active":false,"_monsterinsights_sitenote_note":"","_monsterinsights_sitenote_category":0},"product_brand":[],"product_cat":[12364,12376],"product_tag":[],"class_list":{"0":"post-784634","1":"product","2":"type-product","3":"status-publish","5":"product_cat-genel-konular","6":"product_cat-kisisel-gelisim","7":"pa_cilt-ciltsiz","8":"pa_tur-kitap","9":"pa_yayinevi-alfa-yayinlari","10":"pa_yazar-bahar-eris","12":"first","13":"instock","14":"sale","15":"shipping-taxable","16":"purchasable","17":"product-type-simple"},"_links":{"self":[{"href":"https:\/\/roveyayinevi.com.tr\/index.php\/wp-json\/wp\/v2\/product\/784634","targetHints":{"allow":["GET"]}}],"collection":[{"href":"https:\/\/roveyayinevi.com.tr\/index.php\/wp-json\/wp\/v2\/product"}],"about":[{"href":"https:\/\/roveyayinevi.com.tr\/index.php\/wp-json\/wp\/v2\/types\/product"}],"wp:attachment":[{"href":"https:\/\/roveyayinevi.com.tr\/index.php\/wp-json\/wp\/v2\/media?parent=784634"}],"wp:term":[{"taxonomy":"product_brand","embeddable":true,"href":"https:\/\/roveyayinevi.com.tr\/index.php\/wp-json\/wp\/v2\/product_brand?post=784634"},{"taxonomy":"product_cat","embeddable":true,"href":"https:\/\/roveyayinevi.com.tr\/index.php\/wp-json\/wp\/v2\/product_cat?post=784634"},{"taxonomy":"product_tag","embeddable":true,"href":"https:\/\/roveyayinevi.com.tr\/index.php\/wp-json\/wp\/v2\/product_tag?post=784634"}],"curies":[{"name":"wp","href":"https:\/\/api.w.org\/{rel}","templated":true}]}}