{"id":784590,"date":"2026-03-11T04:07:43","date_gmt":"2026-03-11T01:07:43","guid":{"rendered":"https:\/\/roveyayinevi.com.tr\/index.php\/urun\/napolyonun-elcileri\/"},"modified":"2026-04-15T03:46:54","modified_gmt":"2026-04-15T00:46:54","slug":"napolyonun-elcileri","status":"publish","type":"product","link":"https:\/\/roveyayinevi.com.tr\/index.php\/urun\/napolyonun-elcileri\/","title":{"rendered":"Napolyon\u2019un El\u00e7ileri"},"content":{"rendered":"<p>1789 Frans\u0131z Devrimi, \u201ce\u015fitlik, karde\u015flik, \u00f6zg\u00fcrl\u00fck\u201d nidalar\u0131yla Avrupa\u2019n\u0131n kadim monar\u015filerini temellerinden birer birer sarsarken, B\u00e2b\u0131\u00e2li kopan bu f\u0131rt\u0131nay\u0131 neden bir beka tehdidi olarak g\u00f6rmedi? Napolyon Bonapart Paris\u2019in rasyonalitesinden Do\u011fu r\u00fcyas\u0131na ka\u00e7arken bozulan ittifaklar aras\u0131nda Osmanl\u0131 \u0130mparatorlu\u011fu kendi devlet akl\u0131n\u0131 nas\u0131l tatbik etti?Bir yandan Nizam-\u0131 Cedid ile ordusunu modernize etmeye \u00e7al\u0131\u015fan, di\u011fer yandan daim\u00ee el\u00e7iliklerle Avrupa diplomasi ligine dahil olmaya \u00e7abalayan III. Selim, Avrupa merkezli modern tarih\u00e7ili\u011fin zafiyet olarak nitelendirdi\u011fi denge politikas\u0131yla imparatorlu\u011fu en uzun y\u00fczy\u0131l\u0131na haz\u0131rlarken, T\u00fcrk-Frans\u0131z ili\u015fkilerinin seyri Napolyon Bonapart\u2019\u0131n M\u0131s\u0131r\u2019\u0131 i\u015fgal etmesiyle dramatik bir d\u00f6n\u00fc\u015f\u00fcm\u00fcn e\u015fi\u011fine geldi. \u0130ki asr\u0131 a\u015fk\u0131n kadim ittifak \u00e7at\u0131rdad\u0131, a\u00e7\u0131lan gedikten devlet akl\u0131n\u0131n beka aray\u0131\u015f\u0131 s\u00f6k\u00fcn etti. Avrupa haritas\u0131n\u0131 barut, kan ve zaferle yeniden \u00e7izen Napolyon Bonapart, muharebe alanlar\u0131 ve Avrupa saraylar\u0131ndaki n\u00fcfuzunun tezah\u00fcr\u00fc olan b\u00fcy\u00fckel\u00e7ileriyle bu yeni d\u00fczende yerini almak istedi.Bu kitap, Devrim sonras\u0131 Frans\u0131z Cumhuriyeti\u2019nin kurulu\u015fundan, modernle\u015fme te\u015febb\u00fcslerinin bedelini saltanat\u0131yla \u00f6deyen III. Selim\u2019in son g\u00fcnlerine uzanan s\u00fcre\u00e7te, T\u00fcrk-Frans\u0131z diplomatik ili\u015fkilerinin \u00e7alkant\u0131l\u0131 d\u00f6n\u00fc\u015f\u00fcm\u00fcn\u00fc mercek alt\u0131na al\u0131yor ve Napolyon Bonapart\u2019\u0131n Do\u011fu politikas\u0131na y\u00f6n veren \u0130stanbul\u2019daki Frans\u0131z b\u00fcy\u00fckel\u00e7ilerinin raporlar\u0131 e\u015fli\u011finde okuyucuyu, tarihin en kritik d\u00f6neme\u00e7lerinden birine tan\u0131k olmaya davet ediyor.<\/p>\n","protected":false},"excerpt":{"rendered":"<p>1789 Frans\u0131z Devrimi, \u201ce\u015fitlik, karde\u015flik, \u00f6zg\u00fcrl\u00fck\u201d nidalar\u0131yla Avrupa\u2019n\u0131n kadim monar\u015filerini temellerinden birer birer sarsarken, B\u00e2b\u0131\u00e2li kopan bu f\u0131rt\u0131nay\u0131 neden bir beka tehdidi olarak g\u00f6rmedi? Napolyon Bonapart<span class=\"excerpt-hellip\"> [\u2026]<\/span><\/p>\n","protected":false},"featured_media":0,"template":"","meta":{"_monsterinsights_skip_tracking":false,"_monsterinsights_sitenote_active":false,"_monsterinsights_sitenote_note":"","_monsterinsights_sitenote_category":0},"product_brand":[],"product_cat":[12337,14528],"product_tag":[],"class_list":{"0":"post-784590","1":"product","2":"type-product","3":"status-publish","5":"product_cat-politika-siyaset","6":"product_cat-siyaset-tarihi","7":"pa_cilt-ciltsiz","8":"pa_tur-kitap","9":"pa_yayinevi-yeditepe-yayinevi","10":"pa_yazar-isik-egrioglu-ertekin","12":"first","13":"instock","14":"sale","15":"shipping-taxable","16":"purchasable","17":"product-type-simple"},"_links":{"self":[{"href":"https:\/\/roveyayinevi.com.tr\/index.php\/wp-json\/wp\/v2\/product\/784590","targetHints":{"allow":["GET"]}}],"collection":[{"href":"https:\/\/roveyayinevi.com.tr\/index.php\/wp-json\/wp\/v2\/product"}],"about":[{"href":"https:\/\/roveyayinevi.com.tr\/index.php\/wp-json\/wp\/v2\/types\/product"}],"wp:attachment":[{"href":"https:\/\/roveyayinevi.com.tr\/index.php\/wp-json\/wp\/v2\/media?parent=784590"}],"wp:term":[{"taxonomy":"product_brand","embeddable":true,"href":"https:\/\/roveyayinevi.com.tr\/index.php\/wp-json\/wp\/v2\/product_brand?post=784590"},{"taxonomy":"product_cat","embeddable":true,"href":"https:\/\/roveyayinevi.com.tr\/index.php\/wp-json\/wp\/v2\/product_cat?post=784590"},{"taxonomy":"product_tag","embeddable":true,"href":"https:\/\/roveyayinevi.com.tr\/index.php\/wp-json\/wp\/v2\/product_tag?post=784590"}],"curies":[{"name":"wp","href":"https:\/\/api.w.org\/{rel}","templated":true}]}}