{"id":784588,"date":"2026-03-11T04:06:37","date_gmt":"2026-03-11T01:06:37","guid":{"rendered":"https:\/\/roveyayinevi.com.tr\/index.php\/urun\/edebiyatta-ekofeminizm-ve-ekomaskulinite\/"},"modified":"2026-04-15T03:46:07","modified_gmt":"2026-04-15T00:46:07","slug":"edebiyatta-ekofeminizm-ve-ekomaskulinite","status":"publish","type":"product","link":"https:\/\/roveyayinevi.com.tr\/index.php\/urun\/edebiyatta-ekofeminizm-ve-ekomaskulinite\/","title":{"rendered":"Edebiyatta Ekofeminizm Ve Ekomask\u00fclinite"},"content":{"rendered":"<p>\u0130nsanl\u0131\u011f\u0131n do\u011fayla kurdu\u011fu ili\u015fki hi\u00e7bir zaman n\u00f6tr olmam\u0131\u015ft\u0131r. Topra\u011f\u0131n i\u015flenmesi, hayvan\u0131n ehlile\u015ftirilmesi, mek\u00e2n\u0131n s\u0131n\u0131rland\u0131r\u0131lmas\u0131 ve bedenin denetim alt\u0131na al\u0131nmas\u0131; hepsi ayn\u0131 d\u00fc\u015f\u00fcnsel hatt\u0131n, ayn\u0131 tahakk\u00fcm mant\u0131\u011f\u0131n\u0131n farkl\u0131 tezah\u00fcrleridir. Bu mant\u0131k, tarih boyunca yaln\u0131zca do\u011fay\u0131 de\u011fil, kad\u0131n bedenini, duygulan\u0131m alanlar\u0131n\u0131 ve alternatif varolu\u015f bi\u00e7imlerini de kontrol alt\u0131na almay\u0131 hedeflemi\u015ftir. Edebiyatta Ekofeminizm ve Ekomask\u00fclinite ba\u015fl\u0131kl\u0131 bu kitap, i\u015fte tam da bu ortak hatt\u0131 g\u00f6r\u00fcn\u00fcr k\u0131lma \u00e7abas\u0131n\u0131n \u00fcr\u00fcn\u00fcd\u00fcr.<\/p>\n","protected":false},"excerpt":{"rendered":"<p>\u0130nsanl\u0131\u011f\u0131n do\u011fayla kurdu\u011fu ili\u015fki hi\u00e7bir zaman n\u00f6tr olmam\u0131\u015ft\u0131r. Topra\u011f\u0131n i\u015flenmesi, hayvan\u0131n ehlile\u015ftirilmesi, mek\u00e2n\u0131n s\u0131n\u0131rland\u0131r\u0131lmas\u0131 ve bedenin denetim alt\u0131na al\u0131nmas\u0131; hepsi ayn\u0131 d\u00fc\u015f\u00fcnsel hatt\u0131n, ayn\u0131 tahakk\u00fcm mant\u0131\u011f\u0131n\u0131n<span class=\"excerpt-hellip\"> [\u2026]<\/span><\/p>\n","protected":false},"featured_media":0,"template":"","meta":{"_monsterinsights_skip_tracking":false,"_monsterinsights_sitenote_active":false,"_monsterinsights_sitenote_note":"","_monsterinsights_sitenote_category":0},"product_brand":[],"product_cat":[12291],"product_tag":[],"class_list":{"0":"post-784588","1":"product","2":"type-product","3":"status-publish","5":"product_cat-edebiyat","6":"pa_cilt-ciltsiz","7":"pa_tur-kitap","8":"pa_yayinevi-bilgin-kultur-sanat","9":"pa_yazar-nazli-gunduz","11":"first","12":"instock","13":"sale","14":"shipping-taxable","15":"purchasable","16":"product-type-simple"},"_links":{"self":[{"href":"https:\/\/roveyayinevi.com.tr\/index.php\/wp-json\/wp\/v2\/product\/784588","targetHints":{"allow":["GET"]}}],"collection":[{"href":"https:\/\/roveyayinevi.com.tr\/index.php\/wp-json\/wp\/v2\/product"}],"about":[{"href":"https:\/\/roveyayinevi.com.tr\/index.php\/wp-json\/wp\/v2\/types\/product"}],"wp:attachment":[{"href":"https:\/\/roveyayinevi.com.tr\/index.php\/wp-json\/wp\/v2\/media?parent=784588"}],"wp:term":[{"taxonomy":"product_brand","embeddable":true,"href":"https:\/\/roveyayinevi.com.tr\/index.php\/wp-json\/wp\/v2\/product_brand?post=784588"},{"taxonomy":"product_cat","embeddable":true,"href":"https:\/\/roveyayinevi.com.tr\/index.php\/wp-json\/wp\/v2\/product_cat?post=784588"},{"taxonomy":"product_tag","embeddable":true,"href":"https:\/\/roveyayinevi.com.tr\/index.php\/wp-json\/wp\/v2\/product_tag?post=784588"}],"curies":[{"name":"wp","href":"https:\/\/api.w.org\/{rel}","templated":true}]}}