{"id":784577,"date":"2026-03-10T04:13:54","date_gmt":"2026-03-10T01:13:54","guid":{"rendered":"https:\/\/roveyayinevi.com.tr\/index.php\/urun\/peygamberim-hazreti-muhammed-nasil-biriydierenin-akillica-sorulari\/"},"modified":"2026-04-15T03:47:50","modified_gmt":"2026-04-15T00:47:50","slug":"peygamberim-hazreti-muhammed-nasil-biriydierenin-akillica-sorulari","status":"publish","type":"product","link":"https:\/\/roveyayinevi.com.tr\/index.php\/urun\/peygamberim-hazreti-muhammed-nasil-biriydierenin-akillica-sorulari\/","title":{"rendered":"Peygamberim Hazreti Muhammed Nas\u0131l Biriydi?;Eren&#8217;in Ak\u0131ll\u0131ca Sorular\u0131"},"content":{"rendered":"<p>BEN EREN!Peygamberimizin (s.a.v.) nas\u0131l biri oldu\u011funu hi\u00e7 merak ettin mi?Hayat hik\u00e2yesini de\u011fil, sadece bir insan olarak nas\u0131l oldu\u011funu&#8230; Nas\u0131l g\u00f6r\u00fcnd\u00fc\u011f\u00fcn\u00fc, nas\u0131l davrand\u0131\u011f\u0131n\u0131 ve onun yan\u0131nda olman\u0131n insana nas\u0131l bir duygu hissettirdi\u011fini\u2026Ben de bunu \u00e7ok merak ediyordum; bu y\u00fczden babam\u0131n day\u0131s\u0131n\u0131 havaalan\u0131ndan almaya gitti\u011fimiz g\u00fcn, annem ve babam bize onu (s.a.v.) anlatt\u0131lar.O g\u00fcn ba\u015f\u0131m\u0131za B\u0130R S\u00dcR\u00dc \u00e7\u0131lg\u0131n \u015fey geldi, sana onlar\u0131 da anlataca\u011f\u0131m.Bu kitab\u0131 bitirdi\u011finde, Peygamberimizle (s.a.v.) tan\u0131\u015fm\u0131\u015f gibi hissedecek ve onu t\u0131pk\u0131 benim \u015fimdi sevdi\u011fim gibi \u00e7ok seveceksin.<\/p>\n","protected":false},"excerpt":{"rendered":"<p>BEN EREN!Peygamberimizin (s.a.v.) nas\u0131l biri oldu\u011funu hi\u00e7 merak ettin mi?Hayat hik\u00e2yesini de\u011fil, sadece bir insan olarak nas\u0131l oldu\u011funu&#8230; Nas\u0131l g\u00f6r\u00fcnd\u00fc\u011f\u00fcn\u00fc, nas\u0131l davrand\u0131\u011f\u0131n\u0131 ve onun yan\u0131nda olman\u0131n<span class=\"excerpt-hellip\"> [\u2026]<\/span><\/p>\n","protected":false},"featured_media":0,"template":"","meta":{"_monsterinsights_skip_tracking":false,"_monsterinsights_sitenote_active":false,"_monsterinsights_sitenote_note":"","_monsterinsights_sitenote_category":0},"product_brand":[],"product_cat":[12274,18802],"product_tag":[],"class_list":{"0":"post-784577","1":"product","2":"type-product","3":"status-publish","5":"product_cat-cocuk-ve-genclik-kitaplari","6":"product_cat-din-egitimi","7":"pa_cilt-ciltsiz","8":"pa_tur-kitap","9":"pa_yayinevi-gulce-kitap","10":"pa_yazar-zanib-mian","12":"first","13":"instock","14":"sale","15":"shipping-taxable","16":"purchasable","17":"product-type-simple"},"_links":{"self":[{"href":"https:\/\/roveyayinevi.com.tr\/index.php\/wp-json\/wp\/v2\/product\/784577","targetHints":{"allow":["GET"]}}],"collection":[{"href":"https:\/\/roveyayinevi.com.tr\/index.php\/wp-json\/wp\/v2\/product"}],"about":[{"href":"https:\/\/roveyayinevi.com.tr\/index.php\/wp-json\/wp\/v2\/types\/product"}],"wp:attachment":[{"href":"https:\/\/roveyayinevi.com.tr\/index.php\/wp-json\/wp\/v2\/media?parent=784577"}],"wp:term":[{"taxonomy":"product_brand","embeddable":true,"href":"https:\/\/roveyayinevi.com.tr\/index.php\/wp-json\/wp\/v2\/product_brand?post=784577"},{"taxonomy":"product_cat","embeddable":true,"href":"https:\/\/roveyayinevi.com.tr\/index.php\/wp-json\/wp\/v2\/product_cat?post=784577"},{"taxonomy":"product_tag","embeddable":true,"href":"https:\/\/roveyayinevi.com.tr\/index.php\/wp-json\/wp\/v2\/product_tag?post=784577"}],"curies":[{"name":"wp","href":"https:\/\/api.w.org\/{rel}","templated":true}]}}