{"id":784559,"date":"2026-03-10T04:13:24","date_gmt":"2026-03-10T01:13:24","guid":{"rendered":"https:\/\/roveyayinevi.com.tr\/index.php\/urun\/nasiruddin-tusisevgi-ve-adalet-temelinde-ahlak\/"},"modified":"2026-04-15T03:47:49","modified_gmt":"2026-04-15T00:47:49","slug":"nasiruddin-tusisevgi-ve-adalet-temelinde-ahlak","status":"publish","type":"product","link":"https:\/\/roveyayinevi.com.tr\/index.php\/urun\/nasiruddin-tusisevgi-ve-adalet-temelinde-ahlak\/","title":{"rendered":"Nasir\u00fcddin T\u00fbs\u00ee;Sevgi ve Adalet Temelinde Ahlak"},"content":{"rendered":"<p>\u00c7ift\u00e7ilerin erdemi i\u015flerle yard\u0131mla\u015fma, t\u00fcccarlar\u0131n erdemi mallarla yard\u0131mla\u015fma, h\u00fck\u00fcmdarlar\u0131n erdemi siyasi g\u00f6r\u00fc\u015flerle yard\u0131mla\u015fma, filozoflar\u0131n erdemi ger\u00e7ek hikmetlerle yard\u0131mla\u015fmadad\u0131r. Bu yard\u0131mla\u015fma sayesinde \u015fehir imar edilir ve hay\u0131r i\u015fleri yap\u0131l\u0131r.  13. y\u00fczy\u0131l\u0131n en parlak d\u00fc\u015f\u00fcn\u00fcrlerinden Nasir\u00fcddin T\u00fbs\u00ee, yaln\u0131zca felsefe ve ahlak alan\u0131nda de\u011fil; mant\u0131k, kel\u00e2m, matematik ve astronomi sahalar\u0131nda da derin izler b\u0131rakm\u0131\u015f \u00e7ok y\u00f6nl\u00fc bir \u00e2limdir. Kendisinden \u00f6nce Kind\u00ee, F\u00e2r\u00e2b\u00ee, \u0130bn S\u00een\u00e2, \u0130bn Miskeveyh ve Gazz\u00e2l\u00ee taraf\u0131ndan pratik felsefenin \u00e7e\u015fitli y\u00f6nleriyle ilgili risale ve kitaplar yaz\u0131lm\u0131\u015f olsa da onun Ahl\u00e2k-\u0131 N\u00e2s\u0131r\u00ee kitab\u0131 \u0130slam ahlak d\u00fc\u015f\u00fcncesini hem sistematik hem de konu i\u00e7eri\u011fi bak\u0131m\u0131ndan bir standarda kavu\u015fturmu\u015ftur. Bu \u00e7al\u0131\u015fmada ahlak e\u011fitimi; ahlak, aile, toplum ve \u015fehir ortamlar\u0131ndaki yans\u0131malar\u0131yla ele al\u0131nmaktad\u0131r. Bu nedenle kitap iki b\u00f6l\u00fcm halinde planlanm\u0131\u015ft\u0131r. Birinci b\u00f6l\u00fcmde T\u00fbs\u00ee\u2019nin ahlak felsefesi ve ahlak e\u011fitimi incelenmi\u015f, ikinci b\u00f6l\u00fcmde aile, toplum ve \u015fehir d\u00fczlemlerinde ahlak\u0131n d\u0131\u015fa vurumu ortaya konulmu\u015ftur. \u0130nsan\u0131n \u015fehvet, gazap ve ak\u0131l g\u00fc\u00e7lerinin mutedil i\u015fletilmesiyle olu\u015ftu\u011fu d\u00fc\u015f\u00fcn\u00fclen erdemler belli bir sistematik i\u00e7inde sunulmu\u015f, adalet erdemine daha geni\u015f yer verilmi\u015ftir. Devlet y\u00f6netimi b\u00f6l\u00fcm\u00fcndeki i\u00e7erik siyasi boyuttan ziyade sosyolojik boyutuyla yans\u0131t\u0131lm\u0131\u015ft\u0131r. Prof. Dr. \u00d6mer T\u00fcrker\u2019in yay\u0131n dan\u0131\u015fmanl\u0131\u011f\u0131nda haz\u0131rlanan ve \u201cAhlak Kitapl\u0131\u011f\u0131\u201d serimize dahil etti\u011fimiz bu k\u0131ymetli \u00e7al\u0131\u015fma, Nasir\u00fcddin T\u00fbs\u00ee alan\u0131nda \u00e7al\u0131\u015fmalar\u0131yla tan\u0131nan Prof. Dr. Murat Demirkol taraf\u0131ndan genel okur dikkate al\u0131narak sade ve kolay anla\u015f\u0131l\u0131r bir dille kaleme al\u0131nm\u0131\u015ft\u0131r.<\/p>\n","protected":false},"excerpt":{"rendered":"<p>\u00c7ift\u00e7ilerin erdemi i\u015flerle yard\u0131mla\u015fma, t\u00fcccarlar\u0131n erdemi mallarla yard\u0131mla\u015fma, h\u00fck\u00fcmdarlar\u0131n erdemi siyasi g\u00f6r\u00fc\u015flerle yard\u0131mla\u015fma, filozoflar\u0131n erdemi ger\u00e7ek hikmetlerle yard\u0131mla\u015fmadad\u0131r. Bu yard\u0131mla\u015fma sayesinde \u015fehir imar edilir ve hay\u0131r<span class=\"excerpt-hellip\"> [\u2026]<\/span><\/p>\n","protected":false},"featured_media":0,"template":"","meta":{"_monsterinsights_skip_tracking":false,"_monsterinsights_sitenote_active":false,"_monsterinsights_sitenote_note":"","_monsterinsights_sitenote_category":0},"product_brand":[],"product_cat":[12718,12719,12720],"product_tag":[],"class_list":{"0":"post-784559","1":"product","2":"type-product","3":"status-publish","5":"product_cat-din","6":"product_cat-islam","7":"product_cat-tasavvuf-mezhepler-tarikatlar","8":"pa_cilt-ciltsiz","9":"pa_tur-kitap","10":"pa_yayinevi-sufi-kitap","11":"pa_yazar-murat-demirkol","13":"first","14":"instock","15":"sale","16":"shipping-taxable","17":"purchasable","18":"product-type-simple"},"_links":{"self":[{"href":"https:\/\/roveyayinevi.com.tr\/index.php\/wp-json\/wp\/v2\/product\/784559","targetHints":{"allow":["GET"]}}],"collection":[{"href":"https:\/\/roveyayinevi.com.tr\/index.php\/wp-json\/wp\/v2\/product"}],"about":[{"href":"https:\/\/roveyayinevi.com.tr\/index.php\/wp-json\/wp\/v2\/types\/product"}],"wp:attachment":[{"href":"https:\/\/roveyayinevi.com.tr\/index.php\/wp-json\/wp\/v2\/media?parent=784559"}],"wp:term":[{"taxonomy":"product_brand","embeddable":true,"href":"https:\/\/roveyayinevi.com.tr\/index.php\/wp-json\/wp\/v2\/product_brand?post=784559"},{"taxonomy":"product_cat","embeddable":true,"href":"https:\/\/roveyayinevi.com.tr\/index.php\/wp-json\/wp\/v2\/product_cat?post=784559"},{"taxonomy":"product_tag","embeddable":true,"href":"https:\/\/roveyayinevi.com.tr\/index.php\/wp-json\/wp\/v2\/product_tag?post=784559"}],"curies":[{"name":"wp","href":"https:\/\/api.w.org\/{rel}","templated":true}]}}