{"id":784539,"date":"2026-03-10T04:12:13","date_gmt":"2026-03-10T01:12:13","guid":{"rendered":"https:\/\/roveyayinevi.com.tr\/index.php\/urun\/osmanli-devletini-cokerten-nedenler-zinciri\/"},"modified":"2026-04-15T03:47:35","modified_gmt":"2026-04-15T00:47:35","slug":"osmanli-devletini-cokerten-nedenler-zinciri","status":"publish","type":"product","link":"https:\/\/roveyayinevi.com.tr\/index.php\/urun\/osmanli-devletini-cokerten-nedenler-zinciri\/","title":{"rendered":"Osmanl\u0131 Devleti&#8217;ni \u00c7\u00f6kerten Nedenler Zinciri"},"content":{"rendered":"<p>Y\u00fcce Allah&#8217;tan ba\u015fka dost ve yard\u0131mc\u0131lar\u0131n\u0131n olmad\u0131\u011f\u0131n\u0131 g\u00f6z ard\u0131 ederek do\u011fru yoldan sapan gayrim\u00fcsl\u00fcmleri, d\u00f6nmeleri, masonlar\u0131 ve sionistleri dost edinen \u00e7\u00f6k\u00fc\u015f d\u00f6neminin ehliyetsiz ulema, y\u00f6netici ve entelleri, Bat\u0131&#8217;n\u0131n kusurlu ve sakat y\u00f6nlerini g\u00f6rememi\u015f, Bat\u0131l\u0131la\u015fma ad\u0131na \u015fekle y\u00f6nelik yar\u0131m yamalak \u0131slahatlarla toplumun milli ve dini de\u011ferlerini h\u0131rpalatm\u0131\u015f, Cihan \u015f\u00fcm\u00fcl Devletin tarihe g\u00f6m\u00fclmesine &#8230;<\/p>\n","protected":false},"excerpt":{"rendered":"<p>Y\u00fcce Allah&#8217;tan ba\u015fka dost ve yard\u0131mc\u0131lar\u0131n\u0131n olmad\u0131\u011f\u0131n\u0131 g\u00f6z ard\u0131 ederek do\u011fru yoldan sapan gayrim\u00fcsl\u00fcmleri, d\u00f6nmeleri, masonlar\u0131 ve sionistleri dost edinen \u00e7\u00f6k\u00fc\u015f d\u00f6neminin ehliyetsiz ulema, y\u00f6netici ve<span class=\"excerpt-hellip\"> [\u2026]<\/span><\/p>\n","protected":false},"featured_media":0,"template":"","meta":{"_monsterinsights_skip_tracking":false,"_monsterinsights_sitenote_active":false,"_monsterinsights_sitenote_note":"","_monsterinsights_sitenote_category":0},"product_brand":[],"product_cat":[13517,12304],"product_tag":[],"class_list":{"0":"post-784539","1":"product","2":"type-product","3":"status-publish","5":"product_cat-osmanli-tarihi","6":"product_cat-tarih","7":"pa_cilt-ciltsiz","8":"pa_tur-kitap","9":"pa_yayinevi-soncag-akademik-kitaplar","10":"pa_yazar-korkmaz-tagma","12":"first","13":"instock","14":"sale","15":"shipping-taxable","16":"purchasable","17":"product-type-simple"},"_links":{"self":[{"href":"https:\/\/roveyayinevi.com.tr\/index.php\/wp-json\/wp\/v2\/product\/784539","targetHints":{"allow":["GET"]}}],"collection":[{"href":"https:\/\/roveyayinevi.com.tr\/index.php\/wp-json\/wp\/v2\/product"}],"about":[{"href":"https:\/\/roveyayinevi.com.tr\/index.php\/wp-json\/wp\/v2\/types\/product"}],"wp:attachment":[{"href":"https:\/\/roveyayinevi.com.tr\/index.php\/wp-json\/wp\/v2\/media?parent=784539"}],"wp:term":[{"taxonomy":"product_brand","embeddable":true,"href":"https:\/\/roveyayinevi.com.tr\/index.php\/wp-json\/wp\/v2\/product_brand?post=784539"},{"taxonomy":"product_cat","embeddable":true,"href":"https:\/\/roveyayinevi.com.tr\/index.php\/wp-json\/wp\/v2\/product_cat?post=784539"},{"taxonomy":"product_tag","embeddable":true,"href":"https:\/\/roveyayinevi.com.tr\/index.php\/wp-json\/wp\/v2\/product_tag?post=784539"}],"curies":[{"name":"wp","href":"https:\/\/api.w.org\/{rel}","templated":true}]}}