{"id":784514,"date":"2026-03-07T04:22:17","date_gmt":"2026-03-07T01:22:17","guid":{"rendered":"https:\/\/roveyayinevi.com.tr\/index.php\/urun\/duygusal-iyilesme\/"},"modified":"2026-04-15T03:48:35","modified_gmt":"2026-04-15T00:48:35","slug":"duygusal-iyilesme","status":"publish","type":"product","link":"https:\/\/roveyayinevi.com.tr\/index.php\/urun\/duygusal-iyilesme\/","title":{"rendered":"Duygusal \u0130yile\u015fme"},"content":{"rendered":"<p>Kula\u011f\u0131m\u0131za f\u0131s\u0131ldanan o kadim ninni hep ayn\u0131yd\u0131: \u201cGe\u00e7mi\u015fi maziye g\u00f6m, ne olursa olsun affet&#8230;\u201d Peki ya hen\u00fcz kanayan bir yaran\u0131n \u00fczerini aceleyle \u00f6rtmek, asl\u0131nda kendimize yapt\u0131\u011f\u0131m\u0131z en b\u00fcy\u00fck haks\u0131zl\u0131ksa? Vaktinden \u00f6nce gelen o \u201cerken affedi\u015f\u201d, iyile\u015fmenin de\u011fil, ink\u00e2r\u0131n so\u011fuk nefesi olabilir mi?Pete Walker, Duygusal \u0130yile\u015fme ile hakiki iyile\u015fmenin haritas\u0131n\u0131 yeniden \u00e7iziyor. Y\u00fcz\u00fcn\u00fcze zorla tak\u0131lm\u0131\u015f bir mutluluk maskesini ta\u015f\u0131maya de\u011fil, ac\u0131n\u0131z\u0131n, \u00f6fkenizin ve yas\u0131n\u0131z\u0131n i\u00e7inden ge\u00e7erek huzura ula\u015fmaya, hayat boyu iyile\u015fmeye davetlisiniz.Yazar, \u00e7ocuklu\u011fu sisler ard\u0131nda kalm\u0131\u015f, ihmalin ve istismar\u0131n g\u00f6lgesinde b\u00fcy\u00fcm\u00fc\u015f o \u201cyeti\u015fkin \u00e7ocuklara\u201d seslenerek; su\u00e7laman\u0131n asl\u0131nda ruhun bir savunma kalkan\u0131 oldu\u011funu, erken affetmenin ger\u00e7e\u011fi \u00f6rten bir sis perdesi i\u015flevi g\u00f6rd\u00fc\u011f\u00fcn\u00fc, g\u00f6zya\u015f\u0131 ve \u00f6fkenin ise par\u00e7alanm\u0131\u015f ruhu nas\u0131l yeniden b\u00fct\u00fcnle\u015ftirdi\u011fini anlat\u0131yor.K\u0131r\u0131k kalbinizi onarmaya \u00e7al\u0131\u015fmay\u0131n; b\u0131rak\u0131n yas s\u00fcreci onu yeniden, daha g\u00fc\u00e7l\u00fc bir \u015fekilde in\u015fa etsin.<\/p>\n","protected":false},"excerpt":{"rendered":"<p>Kula\u011f\u0131m\u0131za f\u0131s\u0131ldanan o kadim ninni hep ayn\u0131yd\u0131: \u201cGe\u00e7mi\u015fi maziye g\u00f6m, ne olursa olsun affet&#8230;\u201d Peki ya hen\u00fcz kanayan bir yaran\u0131n \u00fczerini aceleyle \u00f6rtmek, asl\u0131nda kendimize yapt\u0131\u011f\u0131m\u0131z<span class=\"excerpt-hellip\"> [\u2026]<\/span><\/p>\n","protected":false},"featured_media":0,"template":"","meta":{"_monsterinsights_skip_tracking":false,"_monsterinsights_sitenote_active":false,"_monsterinsights_sitenote_note":"","_monsterinsights_sitenote_category":0},"product_brand":[],"product_cat":[38801,12357],"product_tag":[],"class_list":{"0":"post-784514","1":"product","2":"type-product","3":"status-publish","5":"product_cat-ekoller-ve-yaklasimlar","6":"product_cat-psikoloji","7":"pa_cilt-ciltsiz","8":"pa_tur-kitap","9":"pa_yayinevi-serenad-yayinevi","10":"pa_yazar-pete-walker","12":"first","13":"instock","14":"sale","15":"shipping-taxable","16":"purchasable","17":"product-type-simple"},"_links":{"self":[{"href":"https:\/\/roveyayinevi.com.tr\/index.php\/wp-json\/wp\/v2\/product\/784514","targetHints":{"allow":["GET"]}}],"collection":[{"href":"https:\/\/roveyayinevi.com.tr\/index.php\/wp-json\/wp\/v2\/product"}],"about":[{"href":"https:\/\/roveyayinevi.com.tr\/index.php\/wp-json\/wp\/v2\/types\/product"}],"wp:attachment":[{"href":"https:\/\/roveyayinevi.com.tr\/index.php\/wp-json\/wp\/v2\/media?parent=784514"}],"wp:term":[{"taxonomy":"product_brand","embeddable":true,"href":"https:\/\/roveyayinevi.com.tr\/index.php\/wp-json\/wp\/v2\/product_brand?post=784514"},{"taxonomy":"product_cat","embeddable":true,"href":"https:\/\/roveyayinevi.com.tr\/index.php\/wp-json\/wp\/v2\/product_cat?post=784514"},{"taxonomy":"product_tag","embeddable":true,"href":"https:\/\/roveyayinevi.com.tr\/index.php\/wp-json\/wp\/v2\/product_tag?post=784514"}],"curies":[{"name":"wp","href":"https:\/\/api.w.org\/{rel}","templated":true}]}}