{"id":784506,"date":"2026-03-07T04:21:55","date_gmt":"2026-03-07T01:21:55","guid":{"rendered":"https:\/\/roveyayinevi.com.tr\/index.php\/urun\/dinozorlaruc-boyutlu-kitap\/"},"modified":"2026-04-15T03:48:35","modified_gmt":"2026-04-15T00:48:35","slug":"dinozorlaruc-boyutlu-kitap","status":"publish","type":"product","link":"https:\/\/roveyayinevi.com.tr\/index.php\/urun\/dinozorlaruc-boyutlu-kitap\/","title":{"rendered":"Dinozorlar;\u00dc\u00e7 Boyutlu Kitap"},"content":{"rendered":"<p>Ola\u011fan\u00fcst\u00fc pop-up\u2019larla harika dinozorlarla tan\u0131\u015f!Her sayfada s\u00fcrpriz bir dinozor seni bekliyor! Sayfalar\u0131 \u00e7evir, pop-up\u2019larla canlanan tarih \u00f6ncesi canl\u0131lar\u0131 ke\u015ffet. Renkli g\u00f6rselleri ve e\u011flenceli bilgileriyle dinozorlar\u0131n d\u00fcnyas\u0131na unutulmaz bir yolculuk yap!Kazan\u0131mlar:Hayvan t\u00fcrlerini tan\u0131ma ve s\u0131n\u0131fland\u0131rma becerisi geli\u015fir.El-g\u00f6z koordinasyonu ve dikkat s\u00fcresi artar.\u00dc\u00e7 boyutlu nesne alg\u0131s\u0131 ve mek\u00e2nsal fark\u0131ndal\u0131k desteklenir.\u00c7ocukta do\u011fa ve hayvan sevgisi peki\u015fir.<\/p>\n","protected":false},"excerpt":{"rendered":"<p>Ola\u011fan\u00fcst\u00fc pop-up\u2019larla harika dinozorlarla tan\u0131\u015f!Her sayfada s\u00fcrpriz bir dinozor seni bekliyor! Sayfalar\u0131 \u00e7evir, pop-up\u2019larla canlanan tarih \u00f6ncesi canl\u0131lar\u0131 ke\u015ffet. Renkli g\u00f6rselleri ve e\u011flenceli bilgileriyle dinozorlar\u0131n d\u00fcnyas\u0131na<span class=\"excerpt-hellip\"> [\u2026]<\/span><\/p>\n","protected":false},"featured_media":0,"template":"","meta":{"_monsterinsights_skip_tracking":false,"_monsterinsights_sitenote_active":false,"_monsterinsights_sitenote_note":"","_monsterinsights_sitenote_category":0},"product_brand":[],"product_cat":[12274,12518],"product_tag":[],"class_list":{"0":"post-784506","1":"product","2":"type-product","3":"status-publish","5":"product_cat-cocuk-ve-genclik-kitaplari","6":"product_cat-okul-oncesi-kitaplar","7":"pa_cilt-ciltsiz","8":"pa_tur-kitap","9":"pa_yayinevi-masalperest","10":"pa_yazar-kolektif","12":"first","13":"instock","14":"sale","15":"shipping-taxable","16":"purchasable","17":"product-type-simple"},"_links":{"self":[{"href":"https:\/\/roveyayinevi.com.tr\/index.php\/wp-json\/wp\/v2\/product\/784506","targetHints":{"allow":["GET"]}}],"collection":[{"href":"https:\/\/roveyayinevi.com.tr\/index.php\/wp-json\/wp\/v2\/product"}],"about":[{"href":"https:\/\/roveyayinevi.com.tr\/index.php\/wp-json\/wp\/v2\/types\/product"}],"wp:attachment":[{"href":"https:\/\/roveyayinevi.com.tr\/index.php\/wp-json\/wp\/v2\/media?parent=784506"}],"wp:term":[{"taxonomy":"product_brand","embeddable":true,"href":"https:\/\/roveyayinevi.com.tr\/index.php\/wp-json\/wp\/v2\/product_brand?post=784506"},{"taxonomy":"product_cat","embeddable":true,"href":"https:\/\/roveyayinevi.com.tr\/index.php\/wp-json\/wp\/v2\/product_cat?post=784506"},{"taxonomy":"product_tag","embeddable":true,"href":"https:\/\/roveyayinevi.com.tr\/index.php\/wp-json\/wp\/v2\/product_tag?post=784506"}],"curies":[{"name":"wp","href":"https:\/\/api.w.org\/{rel}","templated":true}]}}