{"id":784504,"date":"2026-03-07T04:21:49","date_gmt":"2026-03-07T01:21:49","guid":{"rendered":"https:\/\/roveyayinevi.com.tr\/index.php\/urun\/ciftlik-hayvanlariuc-boyutlu-kitap\/"},"modified":"2026-04-15T03:48:35","modified_gmt":"2026-04-15T00:48:35","slug":"ciftlik-hayvanlariuc-boyutlu-kitap","status":"publish","type":"product","link":"https:\/\/roveyayinevi.com.tr\/index.php\/urun\/ciftlik-hayvanlariuc-boyutlu-kitap\/","title":{"rendered":"\u00c7iftlik Hayvanlar\u0131;\u00dc\u00e7 Boyutlu Kitap"},"content":{"rendered":"<p>Ola\u011fan\u00fcst\u00fc pop-up\u2019larla harika \u00e7iftlik hayvanlar\u0131yla tan\u0131\u015f!Sayfalar\u0131 \u00e7evirdik\u00e7e beliriveren \u00e7iftlik hayvanlar\u0131n\u0131 g\u00f6rmek i\u00e7in s\u00fcrprizlerle dolu bu kitab\u0131 a\u00e7! Her bir hayvan hakk\u0131nda e\u011flenceli ger\u00e7ekleri ke\u015ffet, \u00f6\u011fren ve \u015fa\u015f\u0131r. E\u011flenceli pop-up\u2019lar sayesinde bu kitab\u0131 tekrar tekrar a\u00e7mak isteyeceksin!Kazan\u0131mlar:Hayvan t\u00fcrlerini tan\u0131ma ve s\u0131n\u0131fland\u0131rma becerisi geli\u015fir.El-g\u00f6z koordinasyonu ve dikkat s\u00fcresi artar.\u00dc\u00e7 boyutlu nesne alg\u0131s\u0131 ve mek\u00e2nsal fark\u0131ndal\u0131k desteklenir.\u00c7ocukta do\u011fa ve hayvan sevgisi peki\u015fir<\/p>\n","protected":false},"excerpt":{"rendered":"<p>Ola\u011fan\u00fcst\u00fc pop-up\u2019larla harika \u00e7iftlik hayvanlar\u0131yla tan\u0131\u015f!Sayfalar\u0131 \u00e7evirdik\u00e7e beliriveren \u00e7iftlik hayvanlar\u0131n\u0131 g\u00f6rmek i\u00e7in s\u00fcrprizlerle dolu bu kitab\u0131 a\u00e7! Her bir hayvan hakk\u0131nda e\u011flenceli ger\u00e7ekleri ke\u015ffet, \u00f6\u011fren ve<span class=\"excerpt-hellip\"> [\u2026]<\/span><\/p>\n","protected":false},"featured_media":0,"template":"","meta":{"_monsterinsights_skip_tracking":false,"_monsterinsights_sitenote_active":false,"_monsterinsights_sitenote_note":"","_monsterinsights_sitenote_category":0},"product_brand":[],"product_cat":[12274,12518],"product_tag":[],"class_list":{"0":"post-784504","1":"product","2":"type-product","3":"status-publish","5":"product_cat-cocuk-ve-genclik-kitaplari","6":"product_cat-okul-oncesi-kitaplar","7":"pa_cilt-ciltsiz","8":"pa_tur-kitap","9":"pa_yayinevi-masalperest","10":"pa_yazar-kolektif","12":"first","13":"instock","14":"sale","15":"shipping-taxable","16":"purchasable","17":"product-type-simple"},"_links":{"self":[{"href":"https:\/\/roveyayinevi.com.tr\/index.php\/wp-json\/wp\/v2\/product\/784504","targetHints":{"allow":["GET"]}}],"collection":[{"href":"https:\/\/roveyayinevi.com.tr\/index.php\/wp-json\/wp\/v2\/product"}],"about":[{"href":"https:\/\/roveyayinevi.com.tr\/index.php\/wp-json\/wp\/v2\/types\/product"}],"wp:attachment":[{"href":"https:\/\/roveyayinevi.com.tr\/index.php\/wp-json\/wp\/v2\/media?parent=784504"}],"wp:term":[{"taxonomy":"product_brand","embeddable":true,"href":"https:\/\/roveyayinevi.com.tr\/index.php\/wp-json\/wp\/v2\/product_brand?post=784504"},{"taxonomy":"product_cat","embeddable":true,"href":"https:\/\/roveyayinevi.com.tr\/index.php\/wp-json\/wp\/v2\/product_cat?post=784504"},{"taxonomy":"product_tag","embeddable":true,"href":"https:\/\/roveyayinevi.com.tr\/index.php\/wp-json\/wp\/v2\/product_tag?post=784504"}],"curies":[{"name":"wp","href":"https:\/\/api.w.org\/{rel}","templated":true}]}}