{"id":784483,"date":"2026-03-07T04:20:49","date_gmt":"2026-03-07T01:20:49","guid":{"rendered":"https:\/\/roveyayinevi.com.tr\/index.php\/urun\/kuskral-cilt-2\/"},"modified":"2026-04-15T03:47:49","modified_gmt":"2026-04-15T00:47:49","slug":"kuskral-cilt-2","status":"publish","type":"product","link":"https:\/\/roveyayinevi.com.tr\/index.php\/urun\/kuskral-cilt-2\/","title":{"rendered":"Ku\u015fkral Cilt 2"},"content":{"rendered":"<p>CROM ve Daniel Freedman\u2019dan, Ku\u015fkral\u2019\u0131n karanl\u0131k fantezi destan\u0131n\u0131n bir sonraki b\u00f6l\u00fcm\u00fc geliyor.  B\u00fcy\u00fcl\u00fc demirci Bianca ve atalar\u0131n\u0131n koruyucusu Ku\u015fkral, Hinnom diyar\u0131na girerek \u00f6l\u00fc bir karanl\u0131k imparatorlu\u011fun do\u011fdu\u011fu ve Kuzey ile G\u00fcney krall\u0131klar\u0131n\u0131n \u00e7arp\u0131\u015ft\u0131\u011f\u0131, a\u015f\u0131lmas\u0131 imkans\u0131z da\u011f hatt\u0131n\u0131 ge\u00e7ip Atlas\u2019\u0131n alt\u0131n topraklar\u0131na ula\u015fma aray\u0131\u015f\u0131na devam ediyorlar. Orada onlar\u0131, eski dostlar, yeni m\u00fcttefikler ve say\u0131s\u0131z d\u00fc\u015fman beklemektedir. Hi\u00e7 kimse Hinnom\u2019dan sa\u011f \u00e7\u0131kamam\u0131\u015ft\u0131r. Fakat belki de, ba\u015fka bir \u00e7\u0131k\u0131\u015f yolu vard\u0131r&#8230;<\/p>\n","protected":false},"excerpt":{"rendered":"<p>CROM ve Daniel Freedman\u2019dan, Ku\u015fkral\u2019\u0131n karanl\u0131k fantezi destan\u0131n\u0131n bir sonraki b\u00f6l\u00fcm\u00fc geliyor. B\u00fcy\u00fcl\u00fc demirci Bianca ve atalar\u0131n\u0131n koruyucusu Ku\u015fkral, Hinnom diyar\u0131na girerek \u00f6l\u00fc bir karanl\u0131k imparatorlu\u011fun<span class=\"excerpt-hellip\"> [\u2026]<\/span><\/p>\n","protected":false},"featured_media":0,"template":"","meta":{"_monsterinsights_skip_tracking":false,"_monsterinsights_sitenote_active":false,"_monsterinsights_sitenote_note":"","_monsterinsights_sitenote_category":0},"product_brand":[],"product_cat":[12416,12291],"product_tag":[],"class_list":{"0":"post-784483","1":"product","2":"type-product","3":"status-publish","5":"product_cat-cizgi-roman","6":"product_cat-edebiyat","7":"pa_cilt-ciltsiz","8":"pa_tur-kitap","9":"pa_yayinevi-artemis-yayinlari","10":"pa_yazar-crom","11":"pa_yazar-daniel-freedman","13":"first","14":"instock","15":"sale","16":"shipping-taxable","17":"purchasable","18":"product-type-simple"},"_links":{"self":[{"href":"https:\/\/roveyayinevi.com.tr\/index.php\/wp-json\/wp\/v2\/product\/784483","targetHints":{"allow":["GET"]}}],"collection":[{"href":"https:\/\/roveyayinevi.com.tr\/index.php\/wp-json\/wp\/v2\/product"}],"about":[{"href":"https:\/\/roveyayinevi.com.tr\/index.php\/wp-json\/wp\/v2\/types\/product"}],"wp:attachment":[{"href":"https:\/\/roveyayinevi.com.tr\/index.php\/wp-json\/wp\/v2\/media?parent=784483"}],"wp:term":[{"taxonomy":"product_brand","embeddable":true,"href":"https:\/\/roveyayinevi.com.tr\/index.php\/wp-json\/wp\/v2\/product_brand?post=784483"},{"taxonomy":"product_cat","embeddable":true,"href":"https:\/\/roveyayinevi.com.tr\/index.php\/wp-json\/wp\/v2\/product_cat?post=784483"},{"taxonomy":"product_tag","embeddable":true,"href":"https:\/\/roveyayinevi.com.tr\/index.php\/wp-json\/wp\/v2\/product_tag?post=784483"}],"curies":[{"name":"wp","href":"https:\/\/api.w.org\/{rel}","templated":true}]}}