{"id":784462,"date":"2026-03-07T04:19:53","date_gmt":"2026-03-07T01:19:53","guid":{"rendered":"https:\/\/roveyayinevi.com.tr\/index.php\/urun\/son-cagri-2\/"},"modified":"2026-03-25T21:09:29","modified_gmt":"2026-03-25T18:09:29","slug":"son-cagri-2","status":"publish","type":"product","link":"https:\/\/roveyayinevi.com.tr\/index.php\/urun\/son-cagri-2\/","title":{"rendered":"Son \u00c7a\u011fr\u0131"},"content":{"rendered":"<p>20 Temmuz 1969\u2019da Neil Armstrong ad\u0131nda bir \u00f6l\u00fcml\u00fcn\u00fcn, Apollo 11 arac\u0131yla Ay\u2019a ilk ini\u015fine \u015fahit olduk. G\u00fcn\u00fcm\u00fczde uzay yolculuklar\u0131n\u0131 ve gezegenler aras\u0131 temaslar\u0131 normal g\u00f6r\u00fcyoruz; \u00e7\u00fcnk\u00fc Armstrong\u2019un telsizinden, kar\u015f\u0131daki g\u00f6k cismine yani D\u00fcnya\u2019ya d\u00f6nerek yapt\u0131\u011f\u0131 ilk telsiz konu\u015fmas\u0131n\u0131 i\u015fittik:\u201cHouston! Buras\u0131 S\u00fck\u00fbnet Denizi. Kartal indi. Benim i\u00e7in k\u00fc\u00e7\u00fck, ancak insanl\u0131k i\u00e7in dev bir ad\u0131m.\u201dBuradaki \u201cKartal\u201d sadece Ay mod\u00fcl\u00fcn\u00fcn kod ad\u0131 de\u011fil, ayn\u0131 zamanda Apollo 11 uzay arac\u0131n\u0131n takma ad\u0131 ve \u00fc\u00e7 astronotun kendilerine gururla yak\u0131\u015ft\u0131rd\u0131klar\u0131 bir unvand\u0131. Onlar asl\u0131nda birer \u201cKartal Adam\u201dd\u0131.Armstrong\u2019un Ay\u2019a indi\u011fi gibi, Enki ad\u0131nda bir liderle elli ki\u015filik bir astronot grubu da g\u00fcn\u00fcm\u00fczden yakla\u015f\u0131k 445 bin y\u0131l \u00f6nce D\u00fcnya\u2019ya inmi\u015fti. D\u00fcnya\u2019ya ilk ayak basan ki\u015fi olan Enki, denize indi\u011fi i\u00e7in mitolojide kendisine \u201cBal\u0131k Adam\u201d olarak yer edinmi\u015fti. Kendi gezegenleri Nibiru\u2019nun \u00f6zelli\u011finden dolay\u0131 biyolojik saatlerinin farkl\u0131 i\u015flemesiyle bizlerden \u00e7ok daha uzun s\u00fcreler ya\u015fayabilen bu t\u00fcr; Muhaf\u0131zlar, G\u00f6zc\u00fcler, Neteru, Nefilim, Tanr\u0131lar gibi \u00e7e\u015fitli isimlerle an\u0131lsa da bizler, S\u00fcmer\u2019den \u00f6\u011frendi\u011fimiz \u015fekliyle \u201cAnunnaki\u201d terimini kullanmay\u0131 daha uygun buluyoruz.Kadim tabletlerde Anunnakilerin uzay ara\u00e7lar\u0131na \u201cKartal Gemiler\u201d ya da \u201cG\u00f6ksel Gemiler\u201d; kanatl\u0131 varl\u0131klar olarak \u00e7izilen astronotlar\u0131na ise \u201cKartal Adamlar\u201d denmi\u015fti. Bizler bu u\u00e7an ara\u00e7lara UFO diyor olabiliriz ama kadim halklar i\u00e7in bu ara\u00e7lar, Erich Von D\u00e4niken\u2019in de yazd\u0131\u011f\u0131 gibi, \u201cTanr\u0131lar\u0131n Arabalar\u0131\u201dyd\u0131.Bu kitap, \u00e7ok tanr\u0131l\u0131 kadim uygarl\u0131klar\u0131n tanr\u0131lar\u0131 olarak bilinen ba\u015fta \u0130nanna olmak \u00fczere Dumuzi, Marduk, Ninurta gibi Anunnakiler ile biz d\u00fcnyal\u0131lar aras\u0131nda kurulmu\u015f ili\u015fkileri ve bu ili\u015fkilerin g\u00fcn\u00fcm\u00fczdeki yans\u0131malar\u0131n\u0131 okuyucuya sunmak i\u00e7in yaz\u0131ld\u0131.Bu kitab\u0131 bitirdi\u011finizde, Anunnakiler ile insanlar aras\u0131ndaki ili\u015fkinin h\u00e2l\u00e2 devam edip etmedi\u011fini sorgulayacaks\u0131n\u0131z.<\/p>\n","protected":false},"excerpt":{"rendered":"<p>20 Temmuz 1969\u2019da Neil Armstrong ad\u0131nda bir \u00f6l\u00fcml\u00fcn\u00fcn, Apollo 11 arac\u0131yla Ay\u2019a ilk ini\u015fine \u015fahit olduk. G\u00fcn\u00fcm\u00fczde uzay yolculuklar\u0131n\u0131 ve gezegenler aras\u0131 temaslar\u0131 normal g\u00f6r\u00fcyoruz; \u00e7\u00fcnk\u00fc<span class=\"excerpt-hellip\"> [\u2026]<\/span><\/p>\n","protected":false},"featured_media":0,"template":"","meta":{"_monsterinsights_skip_tracking":false,"_monsterinsights_sitenote_active":false,"_monsterinsights_sitenote_note":"","_monsterinsights_sitenote_category":0},"product_brand":[],"product_cat":[12364,16154],"product_tag":[],"class_list":{"0":"post-784462","1":"product","2":"type-product","3":"status-publish","5":"product_cat-genel-konular","6":"product_cat-parapsikoloji","7":"pa_cilt-ciltsiz","8":"pa_tur-kitap","9":"pa_yayinevi-md-basim","10":"pa_yazar-gok-turk","12":"first","13":"instock","14":"sale","15":"shipping-taxable","16":"purchasable","17":"product-type-simple"},"_links":{"self":[{"href":"https:\/\/roveyayinevi.com.tr\/index.php\/wp-json\/wp\/v2\/product\/784462","targetHints":{"allow":["GET"]}}],"collection":[{"href":"https:\/\/roveyayinevi.com.tr\/index.php\/wp-json\/wp\/v2\/product"}],"about":[{"href":"https:\/\/roveyayinevi.com.tr\/index.php\/wp-json\/wp\/v2\/types\/product"}],"wp:attachment":[{"href":"https:\/\/roveyayinevi.com.tr\/index.php\/wp-json\/wp\/v2\/media?parent=784462"}],"wp:term":[{"taxonomy":"product_brand","embeddable":true,"href":"https:\/\/roveyayinevi.com.tr\/index.php\/wp-json\/wp\/v2\/product_brand?post=784462"},{"taxonomy":"product_cat","embeddable":true,"href":"https:\/\/roveyayinevi.com.tr\/index.php\/wp-json\/wp\/v2\/product_cat?post=784462"},{"taxonomy":"product_tag","embeddable":true,"href":"https:\/\/roveyayinevi.com.tr\/index.php\/wp-json\/wp\/v2\/product_tag?post=784462"}],"curies":[{"name":"wp","href":"https:\/\/api.w.org\/{rel}","templated":true}]}}