{"id":784452,"date":"2026-03-07T04:19:26","date_gmt":"2026-03-07T01:19:26","guid":{"rendered":"https:\/\/roveyayinevi.com.tr\/index.php\/urun\/amerikan-ic-savasinin-kisa-tarihi\/"},"modified":"2026-04-15T03:47:40","modified_gmt":"2026-04-15T00:47:40","slug":"amerikan-ic-savasinin-kisa-tarihi","status":"publish","type":"product","link":"https:\/\/roveyayinevi.com.tr\/index.php\/urun\/amerikan-ic-savasinin-kisa-tarihi\/","title":{"rendered":"Amerikan \u0130\u00e7 Sava\u015f\u0131&#8217;n\u0131n K\u0131sa Tarihi"},"content":{"rendered":"<p>Hayat\u0131n\u0131 kaybedenleri ve yaralananlar\u0131 hesaba kat\u0131nca, od\u00f6nemki n\u00fcfusun %5\u2019ini yok eden bir i\u00e7 sava\u015fta Birlik veKonfederasyon yanl\u0131lar\u0131n\u0131n al\u0131p veremedi\u011fi neydi?Amerikan halk\u0131n\u0131 bir halk yapan Amerikan Devrimi miydi,yoksa ac\u0131 ve \u00f6l\u00fcmleriyle \u0130\u00e7 Sava\u015f m\u0131yd\u0131? K\u00f6lelik kar\u015f\u0131tl\u0131\u011f\u0131\u201cBirlik\u201dten yana olanlarca bir insanl\u0131k ve onur meselesimiydi, yoksa birtak\u0131m pragmatik y\u00f6nelimlerin istenmeyenbir sonucu muydu? Konfederasyon yanl\u0131lar\u0131 g\u00f6z\u00fc d\u00f6nm\u00fc\u015f\u0131rk\u00e7\u0131lardan m\u0131 ibaretti? Paul Christopher Anderson,Amerikan \u0130\u00e7 Sava\u015f\u0131\u2019n\u0131n K\u0131sa Tarihi\u2019nde bizi \u0130\u00e7 Sava\u015f\u2019\u0131n tozluyollar\u0131nda huzursuz edici bir yolculu\u011fa \u00e7\u0131kar\u0131yor. AmerikanDevrimi\u2019nin \u201cevlatlar\u0131n\u0131\u201d birbirine d\u00fc\u015f\u00fcren sebepleriG\u00fcney\u2019den bir bak\u0131\u015fla yorumlarken, bizi ABD siyasetine vetoplumuna dair bug\u00fcn bildiklerimizi yeniden g\u00f6zdenge\u00e7irmeye davet ediyor.\u201cAmerikan \u0130\u00e7 Sava\u015f\u0131\u2019n\u0131n her iki taraf i\u00e7in de en ortak taraf\u0131\u00e7ekilen ac\u0131lard\u0131; en e\u015fitleyici mekanizmayd\u0131 ac\u0131. \u00d6l\u00fcm endemokratik etmene d\u00f6n\u00fc\u015fm\u00fc\u015ft\u00fc. 1861 senesinde beyazAmerikal\u0131lar, sava\u015f\u0131n nelere mal olaca\u011f\u0131n\u0131 \u00f6ng\u00f6rebilselerdiya da ac\u0131lar\u0131n ruhlar\u0131n\u0131n derinliklerine ne denli sirayetedece\u011fini bilselerdi, hi\u00e7 \u015f\u00fcphesiz bu i\u015fe asla giri\u015fmezlerdi.\u00d6l\u00fcm, Amerikan ya\u015fam\u0131n\u0131n hi\u00e7bir yan\u0131n\u0131, hi\u00e7bir tabakas\u0131n\u0131 esge\u00e7medi ve hemen hemen b\u00fct\u00fcn kurumlar\u0131n\u0131 etkiledi.\u201dP. C. ANDERSON<\/p>\n","protected":false},"excerpt":{"rendered":"<p>Hayat\u0131n\u0131 kaybedenleri ve yaralananlar\u0131 hesaba kat\u0131nca, od\u00f6nemki n\u00fcfusun %5\u2019ini yok eden bir i\u00e7 sava\u015fta Birlik veKonfederasyon yanl\u0131lar\u0131n\u0131n al\u0131p veremedi\u011fi neydi?Amerikan halk\u0131n\u0131 bir halk yapan Amerikan Devrimi<span class=\"excerpt-hellip\"> [\u2026]<\/span><\/p>\n","protected":false},"featured_media":0,"template":"","meta":{"_monsterinsights_skip_tracking":false,"_monsterinsights_sitenote_active":false,"_monsterinsights_sitenote_note":"","_monsterinsights_sitenote_category":0},"product_brand":[],"product_cat":[141304],"product_tag":[],"class_list":{"0":"post-784452","1":"product","2":"type-product","3":"status-publish","5":"product_cat-yeni-cikanlar","6":"pa_cilt-ciltsiz","7":"pa_tur-kitap","8":"pa_yayinevi-iletisim-yayinlari","9":"pa_yazar-paul-christopher-anderson","11":"first","12":"instock","13":"sale","14":"shipping-taxable","15":"purchasable","16":"product-type-simple"},"_links":{"self":[{"href":"https:\/\/roveyayinevi.com.tr\/index.php\/wp-json\/wp\/v2\/product\/784452","targetHints":{"allow":["GET"]}}],"collection":[{"href":"https:\/\/roveyayinevi.com.tr\/index.php\/wp-json\/wp\/v2\/product"}],"about":[{"href":"https:\/\/roveyayinevi.com.tr\/index.php\/wp-json\/wp\/v2\/types\/product"}],"wp:attachment":[{"href":"https:\/\/roveyayinevi.com.tr\/index.php\/wp-json\/wp\/v2\/media?parent=784452"}],"wp:term":[{"taxonomy":"product_brand","embeddable":true,"href":"https:\/\/roveyayinevi.com.tr\/index.php\/wp-json\/wp\/v2\/product_brand?post=784452"},{"taxonomy":"product_cat","embeddable":true,"href":"https:\/\/roveyayinevi.com.tr\/index.php\/wp-json\/wp\/v2\/product_cat?post=784452"},{"taxonomy":"product_tag","embeddable":true,"href":"https:\/\/roveyayinevi.com.tr\/index.php\/wp-json\/wp\/v2\/product_tag?post=784452"}],"curies":[{"name":"wp","href":"https:\/\/api.w.org\/{rel}","templated":true}]}}