{"id":784446,"date":"2026-03-07T04:19:09","date_gmt":"2026-03-07T01:19:09","guid":{"rendered":"https:\/\/roveyayinevi.com.tr\/index.php\/urun\/psikanaliz-ve-feminizm\/"},"modified":"2026-04-15T03:47:39","modified_gmt":"2026-04-15T00:47:39","slug":"psikanaliz-ve-feminizm","status":"publish","type":"product","link":"https:\/\/roveyayinevi.com.tr\/index.php\/urun\/psikanaliz-ve-feminizm\/","title":{"rendered":"Psikanaliz ve Feminizm"},"content":{"rendered":"<p>Bu kitap, psikanalizin kuramsal miras\u0131 ile feminist d\u00fc\u015f\u00fcncenin kesi\u015fiminden olu\u015fan ele\u015ftirel hatt\u0131 Freud\u2019dan Butler\u2019a uzanan bir eksende ele al\u0131yor. Freud ve Lacan\u2019\u0131n yan\u0131s\u0131ra, Klein, Horney, Chodorow, Mitchell gibi psikanalistlerin katk\u0131lar\u0131n\u0131 de\u011ferlendiren yazar, as\u0131l olarak post-Lacan d\u00fc\u015f\u00fcn\u00fcrler olan Irigaray, Kristeva ve Butler \u00fczerinden psikanalitik feminizmin temel tart\u0131\u015fma ba\u015fl\u0131klar\u0131n\u0131 sistematik bir bi\u00e7imde izliyor.Yazar, feminizm ile psikanaliz aras\u0131ndaki etkile\u015fimi yasa, fallus, \u00f6znele\u015fme ve cinsel fark gibi kavramlar etraf\u0131nda kuramsal d\u00fczlemde tart\u0131\u015f\u0131yor. \u00d6zellikle Lacanc\u0131 fallus-merkezli yasa kavray\u0131\u015f\u0131na y\u00f6neltilen feminist ele\u015ftiriler, kitab\u0131n merkez\u00ee izle\u011fini olu\u015fturuyor. Butler\u2019\u0131n \u201cYasa\u2019y\u0131 tan\u0131yan ama mutlakla\u015ft\u0131rmayan\u201d yakla\u015f\u0131m\u0131, bu \u00e7al\u0131\u015fmada hem politik hem de d\u00fc\u015f\u00fcnsel bir y\u00f6nlendirici olarak \u00f6ne \u00e7\u0131k\u0131yor.Psikanalitik feminizm literat\u00fcr\u00fcne ele\u015ftirel ve b\u00fct\u00fcnl\u00fckl\u00fc bir bak\u0131\u015f sunan bu kitap, hem psikanalizle hem de feminist kuramla ilgilenen okurlar i\u00e7in \u00f6nemli bir ba\u015fvuru kayna\u011f\u0131 niteli\u011finde.<\/p>\n","protected":false},"excerpt":{"rendered":"<p>Bu kitap, psikanalizin kuramsal miras\u0131 ile feminist d\u00fc\u015f\u00fcncenin kesi\u015fiminden olu\u015fan ele\u015ftirel hatt\u0131 Freud\u2019dan Butler\u2019a uzanan bir eksende ele al\u0131yor. Freud ve Lacan\u2019\u0131n yan\u0131s\u0131ra, Klein, Horney, Chodorow,<span class=\"excerpt-hellip\"> [\u2026]<\/span><\/p>\n","protected":false},"featured_media":0,"template":"","meta":{"_monsterinsights_skip_tracking":false,"_monsterinsights_sitenote_active":false,"_monsterinsights_sitenote_note":"","_monsterinsights_sitenote_category":0},"product_brand":[],"product_cat":[12357],"product_tag":[],"class_list":{"0":"post-784446","1":"product","2":"type-product","3":"status-publish","5":"product_cat-psikoloji","6":"pa_cilt-ciltsiz","7":"pa_tur-kitap","8":"pa_yayinevi-dipnot-yayinlari","9":"pa_yazar-alev-ozkazanc","11":"first","12":"instock","13":"sale","14":"shipping-taxable","15":"purchasable","16":"product-type-simple"},"_links":{"self":[{"href":"https:\/\/roveyayinevi.com.tr\/index.php\/wp-json\/wp\/v2\/product\/784446","targetHints":{"allow":["GET"]}}],"collection":[{"href":"https:\/\/roveyayinevi.com.tr\/index.php\/wp-json\/wp\/v2\/product"}],"about":[{"href":"https:\/\/roveyayinevi.com.tr\/index.php\/wp-json\/wp\/v2\/types\/product"}],"wp:attachment":[{"href":"https:\/\/roveyayinevi.com.tr\/index.php\/wp-json\/wp\/v2\/media?parent=784446"}],"wp:term":[{"taxonomy":"product_brand","embeddable":true,"href":"https:\/\/roveyayinevi.com.tr\/index.php\/wp-json\/wp\/v2\/product_brand?post=784446"},{"taxonomy":"product_cat","embeddable":true,"href":"https:\/\/roveyayinevi.com.tr\/index.php\/wp-json\/wp\/v2\/product_cat?post=784446"},{"taxonomy":"product_tag","embeddable":true,"href":"https:\/\/roveyayinevi.com.tr\/index.php\/wp-json\/wp\/v2\/product_tag?post=784446"}],"curies":[{"name":"wp","href":"https:\/\/api.w.org\/{rel}","templated":true}]}}