{"id":784442,"date":"2026-03-07T04:18:59","date_gmt":"2026-03-07T01:18:59","guid":{"rendered":"https:\/\/roveyayinevi.com.tr\/index.php\/urun\/kisaca-biyocesitlilik-buyuk-fikirler-arasinda-yolculuk\/"},"modified":"2026-04-15T03:47:39","modified_gmt":"2026-04-15T00:47:39","slug":"kisaca-biyocesitlilik-buyuk-fikirler-arasinda-yolculuk","status":"publish","type":"product","link":"https:\/\/roveyayinevi.com.tr\/index.php\/urun\/kisaca-biyocesitlilik-buyuk-fikirler-arasinda-yolculuk\/","title":{"rendered":"K\u0131saca Biyo\u00e7e\u015fitlilik &#8211; B\u00fcy\u00fck Fikirler Aras\u0131nda Yolculuk"},"content":{"rendered":"<p>K\u0131saca Biyo\u00e7e\u015fitlilik, d\u00fcnya \u00fczerindeki ya\u015fam\u0131n \u015fa\u015f\u0131rt\u0131c\u0131 \u00e7e\u015fitlili\u011fini ve bu \u00e7e\u015fitlili\u011fi bir arada tutan karma\u015f\u0131k ekolojik ili\u015fkileri anlamak i\u00e7in kapsaml\u0131 bir ba\u015flang\u0131\u00e7 sunar. T\u00fcrler aras\u0131 etkile\u015fimlerden ekosistemlerin i\u015fleyi\u015fine, genetik \u00e7e\u015fitlili\u011fin evrimsel \u00f6neminden do\u011fal d\u00f6ng\u00fclerin k\u00fcresel \u00f6l\u00e7ekteki etkilerine kadar geni\u015f bir \u00e7er\u00e7evede biyo\u00e7e\u015fitlili\u011fin temel kavramlar\u0131n\u0131 ele al\u0131r. Bu kitap, alan\u0131n uzmanlar\u0131 taraf\u0131ndan yan\u0131tlanan k\u0131\u015fk\u0131rt\u0131c\u0131 sorular etraf\u0131nda yap\u0131land\u0131r\u0131lm\u0131\u015ft\u0131r. Her b\u00f6l\u00fcm, ekolojik s\u00fcre\u00e7lerin ard\u0131ndaki bilimsel mant\u0131\u011f\u0131 sade ve sistematik bir anlat\u0131mla a\u00e7\u0131klarken; ak\u0131lda kal\u0131c\u0131 grafikler ve kavramlar aras\u0131 ili\u015fkileri g\u00f6steren g\u00f6rsel s\u00f6zl\u00fckler, karma\u015f\u0131k ekolojik a\u011flar\u0131 anla\u015f\u0131l\u0131r h\u00e2le getirerek \u00f6\u011frenme s\u00fcrecine derinlik kazand\u0131r\u0131r. K\u0131saca Biyo\u00e7e\u015fitlilik, do\u011fan\u0131n hassas dengelerini anlamak ve bu zenginli\u011fin gelece\u011fi \u00fczerine bilin\u00e7li bir bak\u0131\u015f geli\u015ftirmek isteyen herkes i\u00e7in g\u00fcvenilir bir rehber niteli\u011findedir.<\/p>\n","protected":false},"excerpt":{"rendered":"<p>K\u0131saca Biyo\u00e7e\u015fitlilik, d\u00fcnya \u00fczerindeki ya\u015fam\u0131n \u015fa\u015f\u0131rt\u0131c\u0131 \u00e7e\u015fitlili\u011fini ve bu \u00e7e\u015fitlili\u011fi bir arada tutan karma\u015f\u0131k ekolojik ili\u015fkileri anlamak i\u00e7in kapsaml\u0131 bir ba\u015flang\u0131\u00e7 sunar. T\u00fcrler aras\u0131 etkile\u015fimlerden ekosistemlerin<span class=\"excerpt-hellip\"> [\u2026]<\/span><\/p>\n","protected":false},"featured_media":0,"template":"","meta":{"_monsterinsights_skip_tracking":false,"_monsterinsights_sitenote_active":false,"_monsterinsights_sitenote_note":"","_monsterinsights_sitenote_category":0},"product_brand":[],"product_cat":[13005,37328],"product_tag":[],"class_list":{"0":"post-784442","1":"product","2":"type-product","3":"status-publish","5":"product_cat-bilim-muhendislik","6":"product_cat-diger-bilim-muhendislik","7":"pa_cilt-ciltsiz","8":"pa_tur-kitap","9":"pa_yayinevi-literatur-yayinevi","10":"pa_yazar-richard-kemeny","12":"first","13":"instock","14":"sale","15":"shipping-taxable","16":"purchasable","17":"product-type-simple"},"_links":{"self":[{"href":"https:\/\/roveyayinevi.com.tr\/index.php\/wp-json\/wp\/v2\/product\/784442","targetHints":{"allow":["GET"]}}],"collection":[{"href":"https:\/\/roveyayinevi.com.tr\/index.php\/wp-json\/wp\/v2\/product"}],"about":[{"href":"https:\/\/roveyayinevi.com.tr\/index.php\/wp-json\/wp\/v2\/types\/product"}],"wp:attachment":[{"href":"https:\/\/roveyayinevi.com.tr\/index.php\/wp-json\/wp\/v2\/media?parent=784442"}],"wp:term":[{"taxonomy":"product_brand","embeddable":true,"href":"https:\/\/roveyayinevi.com.tr\/index.php\/wp-json\/wp\/v2\/product_brand?post=784442"},{"taxonomy":"product_cat","embeddable":true,"href":"https:\/\/roveyayinevi.com.tr\/index.php\/wp-json\/wp\/v2\/product_cat?post=784442"},{"taxonomy":"product_tag","embeddable":true,"href":"https:\/\/roveyayinevi.com.tr\/index.php\/wp-json\/wp\/v2\/product_tag?post=784442"}],"curies":[{"name":"wp","href":"https:\/\/api.w.org\/{rel}","templated":true}]}}