{"id":784416,"date":"2026-03-07T04:10:29","date_gmt":"2026-03-07T01:10:29","guid":{"rendered":"https:\/\/roveyayinevi.com.tr\/index.php\/urun\/endurance\/"},"modified":"2026-03-07T04:10:29","modified_gmt":"2026-03-07T01:10:29","slug":"endurance","status":"publish","type":"product","link":"https:\/\/roveyayinevi.com.tr\/index.php\/urun\/endurance\/","title":{"rendered":"Endurance"},"content":{"rendered":"<p>\u201c\u00c7\u00fcnk\u00fc bazen, insan sadece bas\u0327armak zorundad\u0131r.\u201d   1915 y\u0131l\u0131nda, \u0131ss\u0131z Antarktika buzullar\u0131nda kaybolan 28 adam\u0131n k\u0131tay\u0131 ba\u015ftan sona katetmeyi hedefleyen seferinin, hayatta kalma savas\u0327\u0131na d\u00f6n\u00fcs\u0327en olag\u0306an\u00fcst\u00fc hik\u00e2yesi&#8230; Endurance, sadece bir kes\u0327if anlat\u0131s\u0131 deg\u0306il; \u00e7aresizlig\u0306in s\u0131nand\u0131g\u0306\u0131, insan iradesinin yeniden tan\u0131mland\u0131g\u0306\u0131 bir varolus\u0327 belgesidir. Buzlar\u0131n gemiyi ezdig\u0306i, yiyeceklerin t\u00fckendig\u0306i, gecelerin aylar s\u00fcrd\u00fcg\u0306\u00fc bir yerde, umudun \u00f6lmedig\u0306ine dair benzersiz bir kan\u0131tt\u0131r. Shackleton ve adamlar\u0131n\u0131n bas\u0327ard\u0131klar\u0131 s\u0327ey, tarihin nadiren tan\u0131k oldug\u0306u bir kolektif kurtulus\u0327 destan\u0131d\u0131r.  Alfred Lansing, say\u0131s\u0131z g\u00fcnl\u00fck ve tan\u0131g\u0306\u0131 mercek alt\u0131na ald\u0131. Her sat\u0131r, buzun ve tuzlu suyun ig\u0306ne gibi batt\u0131g\u0306\u0131 bir hayat m\u00fccadelesinin i\u00e7inden s\u00fcz\u00fcld\u00fc. Endurance, bittig\u0306inde sadece bir kes\u0327if seferini okumus\u0327 olmayacaks\u0131n\u0131z. B\u00fcy\u00fck bir \u00f6l\u00fcm kal\u0131m m\u00fccadelesinden sa\u011f \u00e7\u0131kmay\u0131 ve ne pahas\u0131na olursa olsun ayakta kalman\u0131n bedellerini \u00f6\u011frenmi\u015f olacaks\u0131n\u0131z.    \u201cKurtulus\u0327, sadece varmak deg\u0306il direnmektir.\u201d <\/p>\n","protected":false},"excerpt":{"rendered":"<p>\u201c\u00c7\u00fcnk\u00fc bazen, insan sadece bas\u0327armak zorundad\u0131r.\u201d 1915 y\u0131l\u0131nda, \u0131ss\u0131z Antarktika buzullar\u0131nda kaybolan 28 adam\u0131n k\u0131tay\u0131 ba\u015ftan sona katetmeyi hedefleyen seferinin, hayatta kalma savas\u0327\u0131na d\u00f6n\u00fcs\u0327en olag\u0306an\u00fcst\u00fc hik\u00e2yesi&#8230;<span class=\"excerpt-hellip\"> [\u2026]<\/span><\/p>\n","protected":false},"featured_media":0,"template":"","meta":{"_monsterinsights_skip_tracking":false,"_monsterinsights_sitenote_active":false,"_monsterinsights_sitenote_note":"","_monsterinsights_sitenote_category":0},"product_brand":[],"product_cat":[18545,12291],"product_tag":[],"class_list":{"0":"post-784416","1":"product","2":"type-product","3":"status-publish","5":"product_cat-anlati","6":"product_cat-edebiyat","7":"pa_cilt-ciltsiz","8":"pa_tur-kitap","9":"pa_yayinevi-ketebe-yayinlari","10":"pa_yazar-alfred-lansing","12":"first","13":"instock","14":"sale","15":"shipping-taxable","16":"purchasable","17":"product-type-simple"},"_links":{"self":[{"href":"https:\/\/roveyayinevi.com.tr\/index.php\/wp-json\/wp\/v2\/product\/784416","targetHints":{"allow":["GET"]}}],"collection":[{"href":"https:\/\/roveyayinevi.com.tr\/index.php\/wp-json\/wp\/v2\/product"}],"about":[{"href":"https:\/\/roveyayinevi.com.tr\/index.php\/wp-json\/wp\/v2\/types\/product"}],"wp:attachment":[{"href":"https:\/\/roveyayinevi.com.tr\/index.php\/wp-json\/wp\/v2\/media?parent=784416"}],"wp:term":[{"taxonomy":"product_brand","embeddable":true,"href":"https:\/\/roveyayinevi.com.tr\/index.php\/wp-json\/wp\/v2\/product_brand?post=784416"},{"taxonomy":"product_cat","embeddable":true,"href":"https:\/\/roveyayinevi.com.tr\/index.php\/wp-json\/wp\/v2\/product_cat?post=784416"},{"taxonomy":"product_tag","embeddable":true,"href":"https:\/\/roveyayinevi.com.tr\/index.php\/wp-json\/wp\/v2\/product_tag?post=784416"}],"curies":[{"name":"wp","href":"https:\/\/api.w.org\/{rel}","templated":true}]}}