{"id":784412,"date":"2026-03-07T03:52:32","date_gmt":"2026-03-07T00:52:32","guid":{"rendered":"https:\/\/roveyayinevi.com.tr\/index.php\/urun\/asyanin-uc-gucu\/"},"modified":"2026-03-07T03:52:32","modified_gmt":"2026-03-07T00:52:32","slug":"asyanin-uc-gucu","status":"publish","type":"product","link":"https:\/\/roveyayinevi.com.tr\/index.php\/urun\/asyanin-uc-gucu\/","title":{"rendered":"Asya&#8217;n\u0131n \u00dc\u00e7 G\u00fcc\u00fc"},"content":{"rendered":"<p>Bu \u00e7al\u0131\u015fmada iki \u00fclkenin d\u0131\u015f politikalar\u0131n\u0131n imk\u00e2n ve zorluklar\u0131, benzerlik ve farkl\u0131l\u0131klar\u0131 Kazakistan \u00f6zelinde tahlil edilmektedir. Neoklasik realizm yakla\u015f\u0131m\u0131yla de\u011ferlendirilen T\u00fcrkiye ve \u00c7in\u2019in Kazakistan d\u0131\u015f politikalar\u0131 hem s\u00f6z konusu devletlerin d\u0131\u015f politikalar\u0131n\u0131n anlamland\u0131r\u0131lmas\u0131 hem de Kazakistan siyasetlerinin dinamiklerinin belirlenmesi noktas\u0131nda \u00f6nem arz etmektedir.T\u00fcrkiye ve \u00c7in\u2019in Kazakistan\u2019la olan jeopolitik ba\u011flar\u0131n\u0131 kuvvetlendirme, enerji i\u015f birliklerini artt\u0131rma ve ikili ticaretlerini b\u00fcy\u00fctme hedeflerinin oldu\u011fu bilinmektedir. Kazakistan\u2019\u0131n \u00f6zellikle 2010\u2019lu y\u0131llar itibar\u0131yla artan b\u00f6lgesel n\u00fcfuzu ve g\u00fc\u00e7l\u00fc \u015fekilde y\u00fcr\u00fctt\u00fc\u011f\u00fc k\u00fcresel diplomasisi, T\u00fcrkiye ve \u00c7in\u2019in Kazakistan\u2019a dikkatlerini y\u00f6neltmelerinde muhakkak ki m\u00fchim bir sebeptir. Ayr\u0131ca T\u00fcrk devleti ve toplumu i\u00e7in Kazakistan ortak de\u011ferler ve k\u00fclt\u00fcr kapsam\u0131nda derin anlamlar i\u00e7ermektedir. \u00c7in-Kazakistan ili\u015fkilerinde ise toplumlar aras\u0131 ba\u011f\u0131n yarataca\u011f\u0131 bir kamu diplomasisi mevcut de\u011fildir. Fakat \u00c7in vatanda\u015f\u0131 Kazaklar ve Uygur T\u00fcrklerinin -\u00f6zellikle ekonomi ve g\u00fcvenlik konular\u0131nda- gelecek y\u0131llarda \u00c7in\u2019in Kazakistan d\u0131\u015f politikas\u0131n\u0131 daha fazla \u015fekillendiren dinamikler aras\u0131nda olaca\u011f\u0131 d\u00fc\u015f\u00fcn\u00fclmektedir. Bununla birlikte, \u00c7in\u2019in Kazakistan politikas\u0131 b\u00f6lgeselcilik, merkez-\u00e7evre, sinofobiyi a\u015fma, n\u00fcfus politikalar\u0131 gibi meseleleri de bar\u0131nd\u0131r\u0131r.Her iki \u00fclkenin de siyasi ve ekonomik ili\u015fkilerini derinle\u015ftirdi\u011fi Kazakistan\u2019a y\u00f6nelik d\u0131\u015f politikalar\u0131n\u0131n kar\u015f\u0131la\u015ft\u0131rmal\u0131 analizinin yap\u0131ld\u0131\u011f\u0131 bu \u00e7al\u0131\u015fmada; T\u00fcrkiye\u2019nin mevcut d\u0131\u015f politikas\u0131nda tarihsel ba\u011flamda bir d\u00f6n\u00fc\u015f\u00fcm ya\u015fan\u0131p ya\u015fanmad\u0131\u011f\u0131 ve k\u00fcresel sistemin en \u00f6nemli \u00fclkelerinden olan, g\u00fc\u00e7ler dengesini de\u011fi\u015ftirme iddias\u0131 bulunan \u00c7in\u2019in d\u0131\u015f politikas\u0131n\u0131n s\u00fcreklili\u011finin olup olmad\u0131\u011f\u0131 de\u011ferlendirilmi\u015f, Ankara ve Pekin\u2019in Nur-Sultan politikalar\u0131ndaki benzerlik ve farkl\u0131l\u0131klar ortaya koyulmu\u015ftur.<\/p>\n","protected":false},"excerpt":{"rendered":"<p>Bu \u00e7al\u0131\u015fmada iki \u00fclkenin d\u0131\u015f politikalar\u0131n\u0131n imk\u00e2n ve zorluklar\u0131, benzerlik ve farkl\u0131l\u0131klar\u0131 Kazakistan \u00f6zelinde tahlil edilmektedir. Neoklasik realizm yakla\u015f\u0131m\u0131yla de\u011ferlendirilen T\u00fcrkiye ve \u00c7in\u2019in Kazakistan d\u0131\u015f politikalar\u0131<span class=\"excerpt-hellip\"> [\u2026]<\/span><\/p>\n","protected":false},"featured_media":0,"template":"","meta":{"_monsterinsights_skip_tracking":false,"_monsterinsights_sitenote_active":false,"_monsterinsights_sitenote_note":"","_monsterinsights_sitenote_category":0},"product_brand":[],"product_cat":[48062,12337],"product_tag":[],"class_list":{"0":"post-784412","1":"product","2":"type-product","3":"status-publish","5":"product_cat-dis-politika","6":"product_cat-politika-siyaset","7":"pa_cilt-ciltsiz","8":"pa_tur-kitap","9":"pa_yayinevi-otuken-nesriyat","10":"pa_yazar-figen-aydin","12":"first","13":"instock","14":"sale","15":"shipping-taxable","16":"purchasable","17":"product-type-simple"},"_links":{"self":[{"href":"https:\/\/roveyayinevi.com.tr\/index.php\/wp-json\/wp\/v2\/product\/784412","targetHints":{"allow":["GET"]}}],"collection":[{"href":"https:\/\/roveyayinevi.com.tr\/index.php\/wp-json\/wp\/v2\/product"}],"about":[{"href":"https:\/\/roveyayinevi.com.tr\/index.php\/wp-json\/wp\/v2\/types\/product"}],"wp:attachment":[{"href":"https:\/\/roveyayinevi.com.tr\/index.php\/wp-json\/wp\/v2\/media?parent=784412"}],"wp:term":[{"taxonomy":"product_brand","embeddable":true,"href":"https:\/\/roveyayinevi.com.tr\/index.php\/wp-json\/wp\/v2\/product_brand?post=784412"},{"taxonomy":"product_cat","embeddable":true,"href":"https:\/\/roveyayinevi.com.tr\/index.php\/wp-json\/wp\/v2\/product_cat?post=784412"},{"taxonomy":"product_tag","embeddable":true,"href":"https:\/\/roveyayinevi.com.tr\/index.php\/wp-json\/wp\/v2\/product_tag?post=784412"}],"curies":[{"name":"wp","href":"https:\/\/api.w.org\/{rel}","templated":true}]}}