{"id":784409,"date":"2026-03-07T03:23:46","date_gmt":"2026-03-07T00:23:46","guid":{"rendered":"https:\/\/roveyayinevi.com.tr\/index.php\/urun\/guc-2\/"},"modified":"2026-03-07T03:23:46","modified_gmt":"2026-03-07T00:23:46","slug":"guc-2","status":"publish","type":"product","link":"https:\/\/roveyayinevi.com.tr\/index.php\/urun\/guc-2\/","title":{"rendered":"G\u00fc\u00e7"},"content":{"rendered":"<p>\u201c\u0130\u015f ya\u015fam\u0131nda g\u00fc\u00e7l\u00fc olmak i\u00e7in bilgi ve becerilerinizi ustal\u0131kla kullanman\u0131z gerekir. Baz\u0131 durumlarda bu \u00e7al\u0131\u015ft\u0131\u011f\u0131n\u0131z kurum i\u00e7in paha bi\u00e7ilemezdir ancak sizin i\u00e7in her ko\u015fulda m\u00fckemmeldir!\u201d Kimi insan g\u00fc\u00e7l\u00fcd\u00fcr, kimiyse g\u00fc\u00e7l\u00fc oldu\u011funun hen\u00fcz fark\u0131nda de\u011fildir. Elinizde tutmakta oldu\u011funuz bu kitap, i\u015f ya\u015fam\u0131nda g\u00fc\u00e7 kazanmak isteyen herkese oyunu kural\u0131na g\u00f6re oynamay\u0131 \u00f6\u011fretiyor. G\u00fc\u00e7, potansiyelinizin fark\u0131na varman\u0131z\u0131 ve dolay\u0131s\u0131yla sizi ba\u015far\u0131ya g\u00f6t\u00fcrecek olan davran\u0131\u015f kal\u0131plar\u0131 \u00fczerine d\u00fc\u015f\u00fcnmenizi sa\u011flayacak yenilik\u00e7i bir \u00e7al\u0131\u015fmad\u0131r. Stanford \u00dcniversitesi\u2019nde \u0130\u015fletme Fak\u00fcltesi profes\u00f6r\u00fc ve \u00e7oksatan on \u00fc\u00e7 kitab\u0131n yazar\u0131 Jeffrey Pfeffer, okuyucular\u0131na g\u00fc\u00e7 kazanman\u0131n yollar\u0131 hakk\u0131nda stratejiler sunarken, ger\u00e7ek d\u00fcnyada nas\u0131l ba\u015far\u0131l\u0131 olunaca\u011f\u0131n\u0131 ve g\u00fcc\u00fc do\u011fru \u015fekilde nas\u0131l kullanacaklar\u0131n\u0131 g\u00f6steriyor. Y\u00f6netim teorisinin en b\u00fcy\u00fck dehalar\u0131ndan biri olan Pfeffer, yal\u0131n ve anla\u015f\u0131l\u0131r \u00fcslubuyla kurumsal d\u00fcnyan\u0131n kap\u0131lar\u0131n\u0131 ger\u00e7ek ya\u015fam hik\u00e2yeleriyle aral\u0131yor. Sizlereyse g\u00fcc\u00fcn\u00fcz\u00fcn fark\u0131na varmak ve bu g\u00fcc\u00fc etkili bir \u015fekilde kullanmak kal\u0131yor! <\/p>\n","protected":false},"excerpt":{"rendered":"<p>\u201c\u0130\u015f ya\u015fam\u0131nda g\u00fc\u00e7l\u00fc olmak i\u00e7in bilgi ve becerilerinizi ustal\u0131kla kullanman\u0131z gerekir. Baz\u0131 durumlarda bu \u00e7al\u0131\u015ft\u0131\u011f\u0131n\u0131z kurum i\u00e7in paha bi\u00e7ilemezdir ancak sizin i\u00e7in her ko\u015fulda m\u00fckemmeldir!\u201d Kimi<span class=\"excerpt-hellip\"> [\u2026]<\/span><\/p>\n","protected":false},"featured_media":0,"template":"","meta":{"_monsterinsights_skip_tracking":false,"_monsterinsights_sitenote_active":false,"_monsterinsights_sitenote_note":"","_monsterinsights_sitenote_category":0},"product_brand":[],"product_cat":[12364,16266],"product_tag":[],"class_list":{"0":"post-784409","1":"product","2":"type-product","3":"status-publish","5":"product_cat-genel-konular","6":"product_cat-referans-kaynak-kitap","7":"pa_cilt-ciltsiz","8":"pa_tur-kitap","9":"pa_yayinevi-sola-unitas","10":"pa_yazar-jeffrey-pfeffer","12":"first","13":"instock","14":"sale","15":"shipping-taxable","16":"purchasable","17":"product-type-simple"},"_links":{"self":[{"href":"https:\/\/roveyayinevi.com.tr\/index.php\/wp-json\/wp\/v2\/product\/784409","targetHints":{"allow":["GET"]}}],"collection":[{"href":"https:\/\/roveyayinevi.com.tr\/index.php\/wp-json\/wp\/v2\/product"}],"about":[{"href":"https:\/\/roveyayinevi.com.tr\/index.php\/wp-json\/wp\/v2\/types\/product"}],"wp:attachment":[{"href":"https:\/\/roveyayinevi.com.tr\/index.php\/wp-json\/wp\/v2\/media?parent=784409"}],"wp:term":[{"taxonomy":"product_brand","embeddable":true,"href":"https:\/\/roveyayinevi.com.tr\/index.php\/wp-json\/wp\/v2\/product_brand?post=784409"},{"taxonomy":"product_cat","embeddable":true,"href":"https:\/\/roveyayinevi.com.tr\/index.php\/wp-json\/wp\/v2\/product_cat?post=784409"},{"taxonomy":"product_tag","embeddable":true,"href":"https:\/\/roveyayinevi.com.tr\/index.php\/wp-json\/wp\/v2\/product_tag?post=784409"}],"curies":[{"name":"wp","href":"https:\/\/api.w.org\/{rel}","templated":true}]}}