{"id":784367,"date":"2026-03-07T03:02:41","date_gmt":"2026-03-07T00:02:41","guid":{"rendered":"https:\/\/roveyayinevi.com.tr\/index.php\/urun\/deniz-stratejisi\/"},"modified":"2026-03-07T03:02:41","modified_gmt":"2026-03-07T00:02:41","slug":"deniz-stratejisi","status":"publish","type":"product","link":"https:\/\/roveyayinevi.com.tr\/index.php\/urun\/deniz-stratejisi\/","title":{"rendered":"Deniz Stratejisi"},"content":{"rendered":"<p>Deniz stratejisinin en etkili ve en sayg\u0131n uzmanlar\u0131ndan Alfred Mahan\u2019\u0131n 1887-1911 y\u0131llar\u0131 aras\u0131nda deniz harp akademisindeki derslerinden olu\u015fan bu se\u00e7ki, Mahan\u2019\u0131n deniz harp akademisinde verdi\u011fi derslerin \u00f6z\u00fcn\u00fc yans\u0131tmaktad\u0131r. Se\u00e7ilmi\u015f metinlerin sundu\u011fu bilgelik, ileri g\u00f6r\u00fc\u015fl\u00fc  de\u011ferlendirmeler ve analizler Mahan\u2019\u0131n bu alandaki a\u011f\u0131rl\u0131\u011f\u0131n\u0131 bir kez daha ortaya koymaktad\u0131r. Derslerden olu\u015fan eser di\u011fer kitaplara g\u00f6re alan e\u011fitimi y\u00f6n\u00fcnde \u00f6nemli bir derinli\u011fe sahip.Alman denizci subaylar\u0131n eserlerini okumalar\u0131n\u0131 zorunlu k\u0131lan Kayzer II. Wilhelm\u2019in de aralar\u0131nda bulundu\u011fu pek \u00e7ok \u00e7a\u011fda\u015f\u0131 taraf\u0131ndan gelmi\u015f ge\u00e7mi\u015f en b\u00fcy\u00fck donanma teorisyeni say\u0131lan Mahan\u2019\u0131n derslerini okuyucuya sunmaktan mutluluk duyuyoruz.<\/p>\n","protected":false},"excerpt":{"rendered":"<p>Deniz stratejisinin en etkili ve en sayg\u0131n uzmanlar\u0131ndan Alfred Mahan\u2019\u0131n 1887-1911 y\u0131llar\u0131 aras\u0131nda deniz harp akademisindeki derslerinden olu\u015fan bu se\u00e7ki, Mahan\u2019\u0131n deniz harp akademisinde verdi\u011fi derslerin<span class=\"excerpt-hellip\"> [\u2026]<\/span><\/p>\n","protected":false},"featured_media":0,"template":"","meta":{"_monsterinsights_skip_tracking":false,"_monsterinsights_sitenote_active":false,"_monsterinsights_sitenote_note":"","_monsterinsights_sitenote_category":0},"product_brand":[],"product_cat":[12370,12304],"product_tag":[],"class_list":{"0":"post-784367","1":"product","2":"type-product","3":"status-publish","5":"product_cat-arastirma-inceleme","6":"product_cat-tarih","7":"pa_cilt-ciltsiz","8":"pa_tur-kitap","9":"pa_yayinevi-doruk-yayinlari","10":"pa_yazar-alfred-thayer-mahan","12":"first","13":"instock","14":"sale","15":"shipping-taxable","16":"purchasable","17":"product-type-simple"},"_links":{"self":[{"href":"https:\/\/roveyayinevi.com.tr\/index.php\/wp-json\/wp\/v2\/product\/784367","targetHints":{"allow":["GET"]}}],"collection":[{"href":"https:\/\/roveyayinevi.com.tr\/index.php\/wp-json\/wp\/v2\/product"}],"about":[{"href":"https:\/\/roveyayinevi.com.tr\/index.php\/wp-json\/wp\/v2\/types\/product"}],"wp:attachment":[{"href":"https:\/\/roveyayinevi.com.tr\/index.php\/wp-json\/wp\/v2\/media?parent=784367"}],"wp:term":[{"taxonomy":"product_brand","embeddable":true,"href":"https:\/\/roveyayinevi.com.tr\/index.php\/wp-json\/wp\/v2\/product_brand?post=784367"},{"taxonomy":"product_cat","embeddable":true,"href":"https:\/\/roveyayinevi.com.tr\/index.php\/wp-json\/wp\/v2\/product_cat?post=784367"},{"taxonomy":"product_tag","embeddable":true,"href":"https:\/\/roveyayinevi.com.tr\/index.php\/wp-json\/wp\/v2\/product_tag?post=784367"}],"curies":[{"name":"wp","href":"https:\/\/api.w.org\/{rel}","templated":true}]}}