{"id":784360,"date":"2026-03-07T02:41:23","date_gmt":"2026-03-06T23:41:23","guid":{"rendered":"https:\/\/roveyayinevi.com.tr\/index.php\/urun\/kuran-kissalarinin-tarihi-degeri\/"},"modified":"2026-04-16T02:26:19","modified_gmt":"2026-04-15T23:26:19","slug":"kuran-kissalarinin-tarihi-degeri","status":"publish","type":"product","link":"https:\/\/roveyayinevi.com.tr\/index.php\/urun\/kuran-kissalarinin-tarihi-degeri\/","title":{"rendered":"Kur\u2019an K\u0131ssalar\u0131n\u0131n Tarihi De\u011feri"},"content":{"rendered":"<p>Kur\u2019an k\u0131ssalar\u0131 genelde insanl\u0131k tarihinin, \u00f6zelde ise tarihte ger\u00e7ekle\u015fmi\u015f Kur\u2019an\u2019la noktalanan ilah\u00ee davetler tarihinin \u00f6zl\u00fc bir \u00f6zetidir. Kur\u2019an-\u0131 Kerim, ders ve ibret maksad\u0131yla, be\u015fer\u00ee bilgi s\u0131n\u0131rlar\u0131n\u0131 a\u015fan boyutlarda insanl\u0131k tarihinin \u00f6nemli kesitlerini, tekrar ya\u015fanmas\u0131 her zaman muhtemel \u00f6nemli sahneleri edeb\u00ee bir \u00fcslupla anlatmaktad\u0131r. Kur\u2019an, tarih\u00ee olaylar\u0131 k\u0131ssalar \u00fcslubuyla bize anlat\u0131rken, ikinci derecede \u00f6nemli bir\u00e7ok hususu da ele almaktad\u0131r.Bu kitap Kur\u2019an\u2019da k\u0131ssalar konusunu kendi b\u00fct\u00fcnl\u00fc\u011f\u00fc i\u00e7inde anlatarak k\u0131ssalar \u00fcslubunun \u00f6nemini, ilah\u00ee mesaj\u0131 insanl\u0131\u011fa ula\u015ft\u0131r\u0131lmas\u0131ndaki rol\u00fcn\u00fc ortaya koymaktad\u0131r.<\/p>\n","protected":false},"excerpt":{"rendered":"<p>Kur\u2019an k\u0131ssalar\u0131 genelde insanl\u0131k tarihinin, \u00f6zelde ise tarihte ger\u00e7ekle\u015fmi\u015f Kur\u2019an\u2019la noktalanan ilah\u00ee davetler tarihinin \u00f6zl\u00fc bir \u00f6zetidir. Kur\u2019an-\u0131 Kerim, ders ve ibret maksad\u0131yla, be\u015fer\u00ee bilgi s\u0131n\u0131rlar\u0131n\u0131<span class=\"excerpt-hellip\"> [\u2026]<\/span><\/p>\n","protected":false},"featured_media":0,"template":"","meta":{"_monsterinsights_skip_tracking":false,"_monsterinsights_sitenote_active":false,"_monsterinsights_sitenote_note":"","_monsterinsights_sitenote_category":0},"product_brand":[],"product_cat":[12718,12719,17284],"product_tag":[],"class_list":{"0":"post-784360","1":"product","2":"type-product","3":"status-publish","5":"product_cat-din","6":"product_cat-islam","7":"product_cat-kuran-ve-kuran-uzerine","8":"pa_cilt-ciltsiz","9":"pa_tur-kitap","10":"pa_yayinevi-otto-yayinlari","11":"pa_yazar-idris-sengul","13":"first","14":"instock","15":"sale","16":"shipping-taxable","17":"purchasable","18":"product-type-simple"},"_links":{"self":[{"href":"https:\/\/roveyayinevi.com.tr\/index.php\/wp-json\/wp\/v2\/product\/784360","targetHints":{"allow":["GET"]}}],"collection":[{"href":"https:\/\/roveyayinevi.com.tr\/index.php\/wp-json\/wp\/v2\/product"}],"about":[{"href":"https:\/\/roveyayinevi.com.tr\/index.php\/wp-json\/wp\/v2\/types\/product"}],"wp:attachment":[{"href":"https:\/\/roveyayinevi.com.tr\/index.php\/wp-json\/wp\/v2\/media?parent=784360"}],"wp:term":[{"taxonomy":"product_brand","embeddable":true,"href":"https:\/\/roveyayinevi.com.tr\/index.php\/wp-json\/wp\/v2\/product_brand?post=784360"},{"taxonomy":"product_cat","embeddable":true,"href":"https:\/\/roveyayinevi.com.tr\/index.php\/wp-json\/wp\/v2\/product_cat?post=784360"},{"taxonomy":"product_tag","embeddable":true,"href":"https:\/\/roveyayinevi.com.tr\/index.php\/wp-json\/wp\/v2\/product_tag?post=784360"}],"curies":[{"name":"wp","href":"https:\/\/api.w.org\/{rel}","templated":true}]}}