{"id":784343,"date":"2026-03-06T04:02:41","date_gmt":"2026-03-06T01:02:41","guid":{"rendered":"https:\/\/roveyayinevi.com.tr\/index.php\/urun\/fotograf-kalir\/"},"modified":"2026-04-15T03:48:35","modified_gmt":"2026-04-15T00:48:35","slug":"fotograf-kalir","status":"publish","type":"product","link":"https:\/\/roveyayinevi.com.tr\/index.php\/urun\/fotograf-kalir\/","title":{"rendered":"Foto\u011fraf Kal\u0131r"},"content":{"rendered":"<p>\u201cT\u00fcrkiye\u2019de foto\u011fraf\u00e7\u0131l\u0131k modadan sonra en h\u0131zl\u0131 geli\u015fen meslektir. En \u00e7ok istismar edilen meslek de foto\u011fraf\u00e7\u0131l\u0131kt\u0131r. Bu i\u015f babadan o\u011fula, ustadan \u00e7\u0131ra\u011fa ge\u00e7erek ilerledi o ilk y\u0131llarda. Usta \u00e7\u0131ra\u011f\u0131na k\u0131rk h\u00fcnerinin otuz dokuzunu \u00f6\u011fretir, birini kendisine saklarm\u0131\u015f. Bizimkiler birini \u00f6\u011fretip otuz dokuzunu kendilerine saklam\u0131\u015flar. \u00d6yle saklanm\u0131\u015flar ki bilin\u00e7siz bir foto\u011fraf\u00e7\u0131l\u0131k alm\u0131\u015f ba\u015f\u0131n\u0131 y\u00fcr\u00fcm\u00fc\u015f.\u201d (Halim Kulaks\u0131z)\u0130zmit\u2019in Foto\u011fraf \u00c7\u0131nar\u0131 Cemal Turgay\u2019dan (1929) \u015eiir ile Foto\u011fraf Aras\u0131nda Merih Ako\u011ful\u2019a (1963) uzanan bir \u00e7izgide on iki foto\u011fraf sanat\u00e7\u0131s\u0131n\u0131n ya\u015famlar\u0131na aralanan kap\u0131lardan i\u00e7eriye girdi\u011finizde okur olarak zenginle\u015fecek, insan olarak g\u00fc\u00e7lenecek, foto\u011fraf\u0131n Cumhuriyet tarihimiz i\u00e7inde ald\u0131\u011f\u0131 zorlu yola tan\u0131k olurken tutkular\u0131n\u0131 emekleriyle bulu\u015fturan sanat\u00e7\u0131lar\u0131 yak\u0131ndan tan\u0131maktan mutluluk duyacaks\u0131n\u0131z.<\/p>\n","protected":false},"excerpt":{"rendered":"<p>\u201cT\u00fcrkiye\u2019de foto\u011fraf\u00e7\u0131l\u0131k modadan sonra en h\u0131zl\u0131 geli\u015fen meslektir. En \u00e7ok istismar edilen meslek de foto\u011fraf\u00e7\u0131l\u0131kt\u0131r. Bu i\u015f babadan o\u011fula, ustadan \u00e7\u0131ra\u011fa ge\u00e7erek ilerledi o ilk y\u0131llarda.<span class=\"excerpt-hellip\"> [\u2026]<\/span><\/p>\n","protected":false},"featured_media":0,"template":"","meta":{"_monsterinsights_skip_tracking":false,"_monsterinsights_sitenote_active":false,"_monsterinsights_sitenote_note":"","_monsterinsights_sitenote_category":0},"product_brand":[],"product_cat":[12291,30969],"product_tag":[],"class_list":{"0":"post-784343","1":"product","2":"type-product","3":"status-publish","5":"product_cat-edebiyat","6":"product_cat-soylesi-edebiyat","7":"pa_cilt-ciltsiz","8":"pa_tur-kitap","9":"pa_yayinevi-bizim-cag-kitapligi","10":"pa_yazar-sevda-yuksel","12":"first","13":"instock","14":"sale","15":"shipping-taxable","16":"purchasable","17":"product-type-simple"},"_links":{"self":[{"href":"https:\/\/roveyayinevi.com.tr\/index.php\/wp-json\/wp\/v2\/product\/784343","targetHints":{"allow":["GET"]}}],"collection":[{"href":"https:\/\/roveyayinevi.com.tr\/index.php\/wp-json\/wp\/v2\/product"}],"about":[{"href":"https:\/\/roveyayinevi.com.tr\/index.php\/wp-json\/wp\/v2\/types\/product"}],"wp:attachment":[{"href":"https:\/\/roveyayinevi.com.tr\/index.php\/wp-json\/wp\/v2\/media?parent=784343"}],"wp:term":[{"taxonomy":"product_brand","embeddable":true,"href":"https:\/\/roveyayinevi.com.tr\/index.php\/wp-json\/wp\/v2\/product_brand?post=784343"},{"taxonomy":"product_cat","embeddable":true,"href":"https:\/\/roveyayinevi.com.tr\/index.php\/wp-json\/wp\/v2\/product_cat?post=784343"},{"taxonomy":"product_tag","embeddable":true,"href":"https:\/\/roveyayinevi.com.tr\/index.php\/wp-json\/wp\/v2\/product_tag?post=784343"}],"curies":[{"name":"wp","href":"https:\/\/api.w.org\/{rel}","templated":true}]}}