{"id":784314,"date":"2026-03-06T04:01:42","date_gmt":"2026-03-06T01:01:42","guid":{"rendered":"https:\/\/roveyayinevi.com.tr\/index.php\/urun\/hannah-arendt-ve-insan-haklari-ortak-sorumluluk-acmazi\/"},"modified":"2026-04-15T03:47:45","modified_gmt":"2026-04-15T00:47:45","slug":"hannah-arendt-ve-insan-haklari-ortak-sorumluluk-acmazi","status":"publish","type":"product","link":"https:\/\/roveyayinevi.com.tr\/index.php\/urun\/hannah-arendt-ve-insan-haklari-ortak-sorumluluk-acmazi\/","title":{"rendered":"Hannah Arendt ve \u0130nsan Haklar\u0131: Ortak Sorumluluk A\u00e7maz\u0131"},"content":{"rendered":"<p>Peg Birmingham bu kitapta Hannah Arendt\u2019in insan haklar\u0131 du\u0308\u015fu\u0308ncesindeki en zor du\u0308\u011fu\u0308mlerden birini a\u00e7maya \u00e7al\u0131\u015f\u0131r. Arendt\u2019in \u201chaklara sahip olma hakk\u0131\u201d formu\u0308lasyonu insan haklar\u0131n\u0131 siyasal bir ontoloji meselesi olarak kavrayabilmek i\u00e7in bir dayanak sunar m\u0131, yoksa kimi yorumlarda \u00f6ne su\u0308ru\u0308ldu\u0308\u011fu\u0308 gibi felsefi temelden yoksun, retorik bir ara\u00e7 olarak m\u0131 kal\u0131r? Birmingham bu sorunun yan\u0131t\u0131n\u0131 ararken Arendt\u2019in \u201cdo\u011fumluluk\u201d kavram\u0131n\u0131 merkeze al\u0131r. Bu olgunun bar\u0131nd\u0131rd\u0131\u011f\u0131 ontolojik \u00e7ekirde\u011fi a\u00e7\u0131\u011fa \u00e7\u0131karmak i\u00e7in Arendt\u2019in farkl\u0131 zaman ve ba\u011flamlarda kaleme ald\u0131\u011f\u0131 metinleri kateder. Augustinus\u00e7u sevgi ediminden Kafka\u2019n\u0131n \u00f6yku\u0308lerine, Benjamin\u2019in gu\u0308nlu\u0308klerinden \u0130kinci Du\u0308nya Sava\u015f\u0131 sonras\u0131 tart\u0131\u015fmalara uzanan bu metinler boyunca Birmingham, do\u011fumlulu\u011fun insan varolu\u015funu nas\u0131l siyasal bir anlam ufkuna yerle\u015ftirdi\u011fini izler. \u0130nsan\u0131n du\u0308nyaya her defas\u0131nda bir ba\u015flang\u0131\u00e7 olarak geli\u015fi, yeni bir \u015fey ba\u015flatma ve eyleme ge\u00e7me kapasitesi, ba\u015fkalar\u0131n\u0131n kar\u015f\u0131s\u0131nda g\u00f6ru\u0308nu\u0308r olma ve tan\u0131nma ihtiyac\u0131, haklara sahip olmay\u0131 bir du\u0308nyaya ait olman\u0131n siyasal ko\u015fulu olarak du\u0308\u015fu\u0308nmenin imk\u00e2n\u0131n\u0131 a\u00e7ar. Ancak kitap, bu imk\u00e2n\u0131 iyimser bir ortakl\u0131k vaadiyle s\u0131n\u0131rl\u0131 tutmaz. Zira Birmingham, bu olanaklar\u0131 ara\u015ft\u0131r\u0131rken Arendt\u2019te ortak insanl\u0131k fikrinin ta\u015f\u0131d\u0131\u011f\u0131 rahats\u0131z edici yu\u0308ku\u0308 de merkeze al\u0131r. Tiksinti, korku, haz ve minnettarl\u0131k gibi deneyimler birlikte ya\u015faman\u0131n duygulan\u0131msal e\u015fi\u011finde i\u00e7 i\u00e7e ge\u00e7er ve Arendt\u2019in \u201cortak sorumluluk a\u00e7maz\u0131\u201d dedi\u011fi \u015feyin etraf\u0131nda bulu\u015fur. Birmingham, bu kitab\u0131nda \u201chaklara sahip olma hakk\u0131\u201dn\u0131 bu a\u00e7maz u\u0308zerinden, bir gu\u0308vence olarak de\u011fil, siyasal olan\u0131n k\u0131r\u0131lgan ama vazge\u00e7ilmez ko\u015fulu olarak yeniden du\u0308\u015fu\u0308nmeye davet eder.<\/p>\n","protected":false},"excerpt":{"rendered":"<p>Peg Birmingham bu kitapta Hannah Arendt\u2019in insan haklar\u0131 du\u0308\u015fu\u0308ncesindeki en zor du\u0308\u011fu\u0308mlerden birini a\u00e7maya \u00e7al\u0131\u015f\u0131r. Arendt\u2019in \u201chaklara sahip olma hakk\u0131\u201d formu\u0308lasyonu insan haklar\u0131n\u0131 siyasal bir ontoloji<span class=\"excerpt-hellip\"> [\u2026]<\/span><\/p>\n","protected":false},"featured_media":0,"template":"","meta":{"_monsterinsights_skip_tracking":false,"_monsterinsights_sitenote_active":false,"_monsterinsights_sitenote_note":"","_monsterinsights_sitenote_category":0},"product_brand":[],"product_cat":[12389,12388],"product_tag":[],"class_list":{"0":"post-784314","1":"product","2":"type-product","3":"status-publish","5":"product_cat-diger-felsefe","6":"product_cat-felsefe","7":"pa_cilt-ciltsiz","8":"pa_tur-kitap","9":"pa_yayinevi-ayrinti-yayinlari","10":"pa_yazar-peg-birmingham","12":"first","13":"instock","14":"sale","15":"shipping-taxable","16":"purchasable","17":"product-type-simple"},"_links":{"self":[{"href":"https:\/\/roveyayinevi.com.tr\/index.php\/wp-json\/wp\/v2\/product\/784314","targetHints":{"allow":["GET"]}}],"collection":[{"href":"https:\/\/roveyayinevi.com.tr\/index.php\/wp-json\/wp\/v2\/product"}],"about":[{"href":"https:\/\/roveyayinevi.com.tr\/index.php\/wp-json\/wp\/v2\/types\/product"}],"wp:attachment":[{"href":"https:\/\/roveyayinevi.com.tr\/index.php\/wp-json\/wp\/v2\/media?parent=784314"}],"wp:term":[{"taxonomy":"product_brand","embeddable":true,"href":"https:\/\/roveyayinevi.com.tr\/index.php\/wp-json\/wp\/v2\/product_brand?post=784314"},{"taxonomy":"product_cat","embeddable":true,"href":"https:\/\/roveyayinevi.com.tr\/index.php\/wp-json\/wp\/v2\/product_cat?post=784314"},{"taxonomy":"product_tag","embeddable":true,"href":"https:\/\/roveyayinevi.com.tr\/index.php\/wp-json\/wp\/v2\/product_tag?post=784314"}],"curies":[{"name":"wp","href":"https:\/\/api.w.org\/{rel}","templated":true}]}}