{"id":784313,"date":"2026-03-06T04:01:41","date_gmt":"2026-03-06T01:01:41","guid":{"rendered":"https:\/\/roveyayinevi.com.tr\/index.php\/urun\/ataerkinin-yaratilisi\/"},"modified":"2026-04-15T03:47:43","modified_gmt":"2026-04-15T00:47:43","slug":"ataerkinin-yaratilisi","status":"publish","type":"product","link":"https:\/\/roveyayinevi.com.tr\/index.php\/urun\/ataerkinin-yaratilisi\/","title":{"rendered":"Ataerkinin Yarat\u0131l\u0131\u015f\u0131"},"content":{"rendered":"<p>Amerikan Tarih Derne\u011fi 1986 Joan Kelly \u00d6du\u0308lu\u0308 Sahibi Gerda Lerner erkek egemenli\u011finin \u201cdo\u011fal\u201d ya da biyolojik olmad\u0131\u011f\u0131n\u0131, M\u00d6 2. biny\u0131lda antik Yak\u0131ndo\u011fu\u2019da ba\u015flayan tarihsel bir geli\u015fime dayand\u0131\u011f\u0131n\u0131 savunur. Toplumu \u00f6rgu\u0308tleyen bir sistem olarak ataerki, tarihsel olarak in\u015fa edildi\u011fi gibi tarihsel su\u0308re\u00e7le sonland\u0131r\u0131labilir de. Lerner, kad\u0131nlar\u0131n toplumun olu\u015fumundaki merkezi rolleriyle, anlam\u0131n yorumlanmas\u0131 ve tan\u0131mlanmas\u0131 su\u0308re\u00e7lerinde marjinalle\u015ftirilmeleri aras\u0131ndaki \u00e7eli\u015fkiye odaklan\u0131r. Bu ba\u011flamda \u015fu sorular\u0131n yan\u0131t\u0131n\u0131 arar: Kad\u0131nlar\u0131n tarihsel su\u0308re\u00e7ten d\u0131\u015flanma nedenleri nelerdir? Kad\u0131nlar\u0131n kendi ikincil konumlar\u0131n\u0131n bilincine varmalar\u0131n\u0131n olduk\u00e7a gecikmesini \u20133500 y\u0131ldan fazla\u2013 nas\u0131l a\u00e7\u0131klayabiliriz? Bat\u0131 uygarl\u0131\u011f\u0131ndaki ba\u015fl\u0131ca toplumsal cinsiyet metaforlar\u0131n\u0131n k\u00f6kenini ke\u015ffetmek i\u00e7in antik Yak\u0131ndo\u011fu gibi ilk uygarl\u0131klar olarak bilinen ku\u0308ltu\u0308rlere geri d\u00f6ner. Tarihsel, edebi, arkeolojik ve sanatsal kan\u0131tlar\u0131 kullanarak, bu fikirlerin, sembollerin ve metaforlar\u0131n geli\u015fimini ve bunlar\u0131n Bat\u0131 uygarl\u0131\u011f\u0131nda ataerkil cinsiyet ili\u015fkileri temelinde nas\u0131l cisimle\u015fti\u011fini izler. \u201cAtaerkinin Yarat\u0131l\u0131\u015f\u0131, feminist teori u\u0308zerine jenerasyonumuzun kar\u015f\u0131la\u015ft\u0131\u011f\u0131 belki de en \u00f6nemli eser olabilir.\u201d New Directions for Women \u201cD\u00f6nemimizin en parlak tarih\u00e7ilerinden biri taraf\u0131ndan yaz\u0131lm\u0131\u015f olan bu kitap, kad\u0131n tarihinde tarih\u00e7ilerin sonsuza kadar kendilerine kapand\u0131\u011f\u0131n\u0131 du\u0308\u015fu\u0308ndu\u0308kleri bir sayfay\u0131 dramatik \u015fekilde tekrar a\u00e7\u0131yor: Erkeklerin kad\u0131nlar u\u0308zerindeki kolektif tahakku\u0308mu\u0308nu\u0308n k\u00f6kenleri.\u201d Katherine Kish Sklar, University of California, Los Angeles \u201cAtaerkinin Yarat\u0131l\u0131\u015f\u0131, \u0130kinci Cinsiyet ile ayn\u0131 g\u00f6zu\u0308karal\u0131\u011fa, gu\u0308ce ve zenginli\u011fe sahip.\u201d Catharine R. Stimpson, Rutgers University \u201c[Bu cilt] bize [Lerner\u2019in] ve di\u011fer feminist bilim insanlar\u0131n\u0131n daha \u00f6nceki \u00e7al\u0131\u015fmalar\u0131yla sa\u011flad\u0131\u011f\u0131, kad\u0131n\u0131n du\u0308nyadaki yeriyle ilgili Ayd\u0131nlanmadan \u00f6nce hayal bile etmenin mu\u0308mku\u0308n olmad\u0131\u011f\u0131 bu\u0308yu\u0308k bir tarihsel \u00e7er\u00e7eve \u00e7iziyor.\u201d Ms. Magazine \u201c[Lerner\u2019in] \u00e7al\u0131\u015fmas\u0131, ciddi ve i\u015fine ba\u011fl\u0131, kendini dikkatli ve detayl\u0131 ara\u015ft\u0131rmaya adam\u0131\u015f bir bilim insan\u0131n\u0131n eseri\u2026 Herkesin okuma listesinde bulunmal\u0131.\u201d Women\u2019s Review of Books<\/p>\n","protected":false},"excerpt":{"rendered":"<p>Amerikan Tarih Derne\u011fi 1986 Joan Kelly \u00d6du\u0308lu\u0308 Sahibi Gerda Lerner erkek egemenli\u011finin \u201cdo\u011fal\u201d ya da biyolojik olmad\u0131\u011f\u0131n\u0131, M\u00d6 2. biny\u0131lda antik Yak\u0131ndo\u011fu\u2019da ba\u015flayan tarihsel bir geli\u015fime<span class=\"excerpt-hellip\"> [\u2026]<\/span><\/p>\n","protected":false},"featured_media":0,"template":"","meta":{"_monsterinsights_skip_tracking":false,"_monsterinsights_sitenote_active":false,"_monsterinsights_sitenote_note":"","_monsterinsights_sitenote_category":0},"product_brand":[],"product_cat":[13488],"product_tag":[],"class_list":{"0":"post-784313","1":"product","2":"type-product","3":"status-publish","5":"product_cat-toplum-ve-insan","6":"pa_cilt-ciltsiz","7":"pa_tur-kitap","8":"pa_yayinevi-ayrinti-yayinlari","9":"pa_yazar-gerda-lerner","11":"first","12":"instock","13":"sale","14":"shipping-taxable","15":"purchasable","16":"product-type-simple"},"_links":{"self":[{"href":"https:\/\/roveyayinevi.com.tr\/index.php\/wp-json\/wp\/v2\/product\/784313","targetHints":{"allow":["GET"]}}],"collection":[{"href":"https:\/\/roveyayinevi.com.tr\/index.php\/wp-json\/wp\/v2\/product"}],"about":[{"href":"https:\/\/roveyayinevi.com.tr\/index.php\/wp-json\/wp\/v2\/types\/product"}],"wp:attachment":[{"href":"https:\/\/roveyayinevi.com.tr\/index.php\/wp-json\/wp\/v2\/media?parent=784313"}],"wp:term":[{"taxonomy":"product_brand","embeddable":true,"href":"https:\/\/roveyayinevi.com.tr\/index.php\/wp-json\/wp\/v2\/product_brand?post=784313"},{"taxonomy":"product_cat","embeddable":true,"href":"https:\/\/roveyayinevi.com.tr\/index.php\/wp-json\/wp\/v2\/product_cat?post=784313"},{"taxonomy":"product_tag","embeddable":true,"href":"https:\/\/roveyayinevi.com.tr\/index.php\/wp-json\/wp\/v2\/product_tag?post=784313"}],"curies":[{"name":"wp","href":"https:\/\/api.w.org\/{rel}","templated":true}]}}