{"id":784311,"date":"2026-03-06T04:01:37","date_gmt":"2026-03-06T01:01:37","guid":{"rendered":"https:\/\/roveyayinevi.com.tr\/index.php\/urun\/evrenselciler\/"},"modified":"2026-04-15T03:47:43","modified_gmt":"2026-04-15T00:47:43","slug":"evrenselciler","status":"publish","type":"product","link":"https:\/\/roveyayinevi.com.tr\/index.php\/urun\/evrenselciler\/","title":{"rendered":"Evrenselciler"},"content":{"rendered":"<p>\u201cAd\u0131m\u0131z bu yu\u0308zden Evrenselciler. De\u011fi\u015fim istiyoruz, geli\u015fim istiyoruz ama bunu herkes i\u00e7in istiyoruz.\u201dBir Yorkshire \u00e7iftli\u011finde gecenin ge\u00e7 bir vaktinde bir adam, ba\u015f\u0131na inen alt\u0131n bir ku\u0308l\u00e7eyle neredeyse can\u0131ndan oluyor. Bu olay, g\u00f6ru\u0308nu\u0308rde birbirinden kopuk ya\u015famlar\u0131n kesi\u015fim noktas\u0131 haline geliyor: Gen\u00e7 bir gazeteci kariyerini yeniden in\u015fa etmek i\u00e7in f\u0131rsat kolluyor, bir bankac\u0131 hayat\u0131n\u0131n yalan\u0131n\u0131 g\u00f6rmezden geliyor, bir k\u00f6\u015fe yazar\u0131 yeni bir krizin pe\u015fine du\u0308\u015fu\u0308yor ve bir grup aktivist du\u0308nyay\u0131 yeniden tan\u0131mlamaya u\u011fra\u015f\u0131yor.Paran\u0131n, medyan\u0131n, gu\u0308cu\u0308n ve kelimelerin kendi rolu\u0308nu\u0308 oynad\u0131\u011f\u0131 du\u0308zende herkes kendi hik\u00e2yesini anlatmaya \u00e7al\u0131\u015f\u0131rken ger\u00e7e\u011fin sesi giderek bo\u011fuluyor. Anlat\u0131n\u0131n kime ait oldu\u011funa g\u00f6re \u015fekil de\u011fi\u015ftiren bu romanda Natasha Brown, modern toplumun kimli\u011fini ve s\u0131n\u0131f ili\u015fkilerini irdelerken hik\u00e2yeyi kimlerin yazd\u0131\u011f\u0131n\u0131, kimlerin susturuldu\u011funu sorgulat\u0131yor. Du\u0308\u015fu\u0308ndu\u0308ren, rahats\u0131z edici bir anlat\u0131mla evrensellik kavram\u0131n\u0131n arkas\u0131ndaki e\u015fitsizli\u011fi g\u00f6zler \u00f6nu\u0308ne seren yazar okuru \u015fu soruyu sormaya y\u00f6neltiyor: Hepimiz ayn\u0131 du\u0308nyada m\u0131 ya\u015f\u0131yoruz yoksa ayn\u0131 hik\u00e2yeye mi inan\u0131yoruz?<\/p>\n","protected":false},"excerpt":{"rendered":"<p>\u201cAd\u0131m\u0131z bu yu\u0308zden Evrenselciler. De\u011fi\u015fim istiyoruz, geli\u015fim istiyoruz ama bunu herkes i\u00e7in istiyoruz.\u201dBir Yorkshire \u00e7iftli\u011finde gecenin ge\u00e7 bir vaktinde bir adam, ba\u015f\u0131na inen alt\u0131n bir ku\u0308l\u00e7eyle<span class=\"excerpt-hellip\"> [\u2026]<\/span><\/p>\n","protected":false},"featured_media":0,"template":"","meta":{"_monsterinsights_skip_tracking":false,"_monsterinsights_sitenote_active":false,"_monsterinsights_sitenote_note":"","_monsterinsights_sitenote_category":0},"product_brand":[],"product_cat":[12325,12324],"product_tag":[],"class_list":{"0":"post-784311","1":"product","2":"type-product","3":"status-publish","5":"product_cat-diger-sosyoloji","6":"product_cat-sosyoloji","7":"pa_cilt-ciltsiz","8":"pa_tur-kitap","9":"pa_yayinevi-dusbaz-kitaplar","10":"pa_yazar-natasha-brown","12":"first","13":"instock","14":"sale","15":"shipping-taxable","16":"purchasable","17":"product-type-simple"},"_links":{"self":[{"href":"https:\/\/roveyayinevi.com.tr\/index.php\/wp-json\/wp\/v2\/product\/784311","targetHints":{"allow":["GET"]}}],"collection":[{"href":"https:\/\/roveyayinevi.com.tr\/index.php\/wp-json\/wp\/v2\/product"}],"about":[{"href":"https:\/\/roveyayinevi.com.tr\/index.php\/wp-json\/wp\/v2\/types\/product"}],"wp:attachment":[{"href":"https:\/\/roveyayinevi.com.tr\/index.php\/wp-json\/wp\/v2\/media?parent=784311"}],"wp:term":[{"taxonomy":"product_brand","embeddable":true,"href":"https:\/\/roveyayinevi.com.tr\/index.php\/wp-json\/wp\/v2\/product_brand?post=784311"},{"taxonomy":"product_cat","embeddable":true,"href":"https:\/\/roveyayinevi.com.tr\/index.php\/wp-json\/wp\/v2\/product_cat?post=784311"},{"taxonomy":"product_tag","embeddable":true,"href":"https:\/\/roveyayinevi.com.tr\/index.php\/wp-json\/wp\/v2\/product_tag?post=784311"}],"curies":[{"name":"wp","href":"https:\/\/api.w.org\/{rel}","templated":true}]}}