{"id":784294,"date":"2026-03-06T04:00:45","date_gmt":"2026-03-06T01:00:45","guid":{"rendered":"https:\/\/roveyayinevi.com.tr\/index.php\/urun\/oteki-yol-emdr-terapisinde-ilham-veren-hikayeler\/"},"modified":"2026-04-13T03:43:49","modified_gmt":"2026-04-13T00:43:49","slug":"oteki-yol-emdr-terapisinde-ilham-veren-hikayeler","status":"publish","type":"product","link":"https:\/\/roveyayinevi.com.tr\/index.php\/urun\/oteki-yol-emdr-terapisinde-ilham-veren-hikayeler\/","title":{"rendered":"\u00d6teki Yol ;EMDR Terapisinde \u0130lham Veren Hikayeler"},"content":{"rendered":"<p>\u0130yile\u015fmenin Tek Bir Yolu Yok Psikoterapi, \u00e7o\u011fu zaman kapal\u0131 kap\u0131lar ard\u0131nda kalan, merak uyand\u0131ran ama nas\u0131l i\u015fledi\u011fi pek bilinmeyen bir s\u00fcre\u00e7tir. \u00d6teki Yol: EMDR Terapisinde \u0130lham Veren Hikayeler, tam da bu kap\u0131y\u0131 aralayarak okuru terapi odas\u0131n\u0131n i\u00e7ine davet ediyor. Bu kitap, EMDR terapisiyle \u00e7al\u0131\u015f\u0131lm\u0131\u015f ger\u00e7ek vaka hikayeleri \u00fczerinden, travman\u0131n insan hayat\u0131nda a\u00e7t\u0131\u011f\u0131 yaralar\u0131 ve bu yaralar\u0131n nas\u0131l d\u00f6n\u00fc\u015ft\u00fcr\u00fclebilece\u011fini anlat\u0131yor. Her hikaye bir semptomun ard\u0131ndaki insan\u0131, her b\u00f6l\u00fcm iyile\u015fmenin m\u00fcmk\u00fcn oldu\u011funu g\u00f6steriyor.  EMDR ile \u0130yile\u015fmenin \u0130zini S\u00fcrmek EMDR (G\u00f6z Hareketleriyle Duyars\u0131zla\u015ft\u0131rma ve Yeniden \u0130\u015fleme), travma temelli ruhsal sorunlar\u0131n tedavisinde d\u00fcnyada etkinli\u011fi bilimsel olarak kan\u0131tlanm\u0131\u015f bir psikoterapi y\u00f6ntemidir. \u00d6teki Yol, EMDR\u2019nin yaln\u0131zca ne oldu\u011funu de\u011fil, nas\u0131l \u00e7al\u0131\u015ft\u0131\u011f\u0131n\u0131 da g\u00f6r\u00fcn\u00fcr k\u0131l\u0131yor. Kitapta yer alan her vaka, Adaptif Bilgi \u0130\u015fleme Modeli temel al\u0131narak ele al\u0131n\u0131yor; terapistin vaka form\u00fclasyonu, seans planlamas\u0131 ve klinik karar alma s\u00fcre\u00e7leri ad\u0131m ad\u0131m izlenebiliyor. B\u00f6ylece EMDR, soyut bir y\u00f6ntem olmaktan \u00e7\u0131k\u0131p canl\u0131 ve anla\u015f\u0131l\u0131r bir iyile\u015fme prati\u011fi haline geliyor.  Hikayelerle Anlat\u0131lan Ger\u00e7ek D\u00f6n\u00fc\u015f\u00fcmler Bu kitapta \u00e7ocuk sahibi olamaman\u0131n yaratt\u0131\u011f\u0131 derin kay\u0131pla, a\u00e7\u0131klanamayan bedensel semptomlarla, kekemelik geli\u015ftiren bir \u00e7ocukla ve ailesiyle, araba kullanma korkusuyla, panik ataklar ve evden \u00e7\u0131kamama haliyle, b\u00fcy\u00fck bir deprem felaketinin ard\u0131ndan hayatta kalmaya \u00e7al\u0131\u015fan bir gen\u00e7le, \u00e7oklu ve a\u011f\u0131r hastal\u0131klarla m\u00fccadele eden bir kad\u0131nla yap\u0131lan EMDR \u00e7al\u0131\u015fmalar\u0131n\u0131n hikayeleri yer al\u0131yor. Bu hikayeler yaln\u0131zca \u201cvaka\u201d de\u011fil; her biri bir hayatta kalma, yeniden anlam kurma ve var olma hikayesi. Okur okuduk\u00e7a kendinden bir par\u00e7a bulur, ba\u015fkalar\u0131n\u0131n ac\u0131s\u0131yla empati kurar ve iyile\u015fmenin ki\u015fisel oldu\u011fu kadar insani bir s\u00fcre\u00e7 oldu\u011funu fark eder.  Sadece Hikaye De\u011fil, G\u00fc\u00e7l\u00fc Bir Klinik Rehber \u00d6teki Yol, ruh sa\u011fl\u0131\u011f\u0131 alan\u0131nda \u00e7al\u0131\u015fanlar i\u00e7in de kapsaml\u0131 bir ba\u015fvuru kayna\u011f\u0131 sunuyor. Kitapta yer alan EMDR Terapisi ve Adaptif Bilgi \u0130\u015fleme Sistemi\u2019ni a\u00e7\u0131klayan kuramsal b\u00f6l\u00fcm, EMDR protokol\u00fcn\u00fcn sekiz a\u015famas\u0131n\u0131 detayland\u0131ran anlat\u0131m, \u201cTerapistin Kula\u011f\u0131na K\u00fcpeler\u201d ba\u015fl\u0131\u011f\u0131 alt\u0131nda toplanan klinik p\u00fcf noktalar\u0131, terimler ve kavramlar b\u00f6l\u00fcm\u00fc kitab\u0131 yaln\u0131zca okunacak de\u011fil, geri d\u00f6n\u00fcl\u00fcp tekrar tekrar ba\u015fvurulacak bir kaynak haline getiriyor.  Etik, \u015eeffaf ve \u0130nsani Bir Anlat\u0131 Kitapta yer alan t\u00fcm hikayeler, dan\u0131\u015fanlar\u0131n yaz\u0131l\u0131 ve s\u00f6zl\u00fc onaylar\u0131 al\u0131narak, etik ilkelere titizlikle ba\u011fl\u0131 kal\u0131narak haz\u0131rland\u0131. Dan\u0131\u015fan ve terapist aras\u0131ndaki s\u0131n\u0131rlar\u0131n, g\u00fcven ili\u015fkisinin ve etik sorumluluklar\u0131n nas\u0131l korundu\u011fu, kitab\u0131n en g\u00fc\u00e7l\u00fc yanlar\u0131ndan biri. Bu y\u00f6n\u00fcyle \u00d6teki Yol, psikoterapi prati\u011fine dair yaln\u0131zca bilgi de\u011fil, ayn\u0131 zamanda etik bir duru\u015f da sunuyor.  Neden \u00d6teki Yol? \u00c7\u00fcnk\u00fc iyile\u015fme her zaman al\u0131\u015f\u0131ld\u0131k yollarla olmaz. Bazen insan\u0131n, ac\u0131n\u0131n etraf\u0131ndan dola\u015fmak yerine ona ba\u015fka bir yerden bakmas\u0131 gerekir. \u00d6teki Yol, tam da bunu hat\u0131rlat\u0131yor.<\/p>\n","protected":false},"excerpt":{"rendered":"<p>\u0130yile\u015fmenin Tek Bir Yolu Yok Psikoterapi, \u00e7o\u011fu zaman kapal\u0131 kap\u0131lar ard\u0131nda kalan, merak uyand\u0131ran ama nas\u0131l i\u015fledi\u011fi pek bilinmeyen bir s\u00fcre\u00e7tir. \u00d6teki Yol: EMDR Terapisinde \u0130lham<span class=\"excerpt-hellip\"> [\u2026]<\/span><\/p>\n","protected":false},"featured_media":0,"template":"","meta":{"_monsterinsights_skip_tracking":false,"_monsterinsights_sitenote_active":false,"_monsterinsights_sitenote_note":"","_monsterinsights_sitenote_category":0},"product_brand":[],"product_cat":[38801,12357],"product_tag":[],"class_list":{"0":"post-784294","1":"product","2":"type-product","3":"status-publish","5":"product_cat-ekoller-ve-yaklasimlar","6":"product_cat-psikoloji","7":"pa_cilt-ciltsiz","8":"pa_tur-kitap","9":"pa_yayinevi-okuyan-us-yayin","10":"pa_yazar-asena-yurtsever","12":"first","13":"instock","14":"sale","15":"shipping-taxable","16":"purchasable","17":"product-type-simple"},"_links":{"self":[{"href":"https:\/\/roveyayinevi.com.tr\/index.php\/wp-json\/wp\/v2\/product\/784294","targetHints":{"allow":["GET"]}}],"collection":[{"href":"https:\/\/roveyayinevi.com.tr\/index.php\/wp-json\/wp\/v2\/product"}],"about":[{"href":"https:\/\/roveyayinevi.com.tr\/index.php\/wp-json\/wp\/v2\/types\/product"}],"wp:attachment":[{"href":"https:\/\/roveyayinevi.com.tr\/index.php\/wp-json\/wp\/v2\/media?parent=784294"}],"wp:term":[{"taxonomy":"product_brand","embeddable":true,"href":"https:\/\/roveyayinevi.com.tr\/index.php\/wp-json\/wp\/v2\/product_brand?post=784294"},{"taxonomy":"product_cat","embeddable":true,"href":"https:\/\/roveyayinevi.com.tr\/index.php\/wp-json\/wp\/v2\/product_cat?post=784294"},{"taxonomy":"product_tag","embeddable":true,"href":"https:\/\/roveyayinevi.com.tr\/index.php\/wp-json\/wp\/v2\/product_tag?post=784294"}],"curies":[{"name":"wp","href":"https:\/\/api.w.org\/{rel}","templated":true}]}}