{"id":784279,"date":"2026-03-06T03:58:53","date_gmt":"2026-03-06T00:58:53","guid":{"rendered":"https:\/\/roveyayinevi.com.tr\/index.php\/urun\/kim-bunlar-tarih\/"},"modified":"2026-04-15T03:45:35","modified_gmt":"2026-04-15T00:45:35","slug":"kim-bunlar-tarih","status":"publish","type":"product","link":"https:\/\/roveyayinevi.com.tr\/index.php\/urun\/kim-bunlar-tarih\/","title":{"rendered":"Kim Bunlar? &#8211; Tarih"},"content":{"rendered":"<p>Kim Bunlar?TarihMahir \u00dcnsal Eri\u015f &amp; T\u00f6re Sivrio\u011fluTarih Hi\u00e7 Bu Kadar E\u011flenceli Olmam\u0131\u015ft\u0131!Kim demi\u015f tarih s\u0131k\u0131c\u0131d\u0131r diye? E\u011fer krallar\u0131n, krali\u00e7elerin ve imparatorlar\u0131n sadece tahtlar\u0131nda oturup somurttu\u011funu san\u0131yorsan \u00e7ok yan\u0131l\u0131yorsun!Bu kitapta;\u2022 Kelli\u011fini saklamak i\u00e7in \u00fclkedeki herkesin sa\u00e7\u0131n\u0131 kaz\u0131tan tuhaf bir imparatorla,\u2022 Askerleri ka\u00e7mas\u0131n diye gemileri yakan cesur bir komutanla,\u2022 Kendini erkek gibi g\u00f6steren g\u00fc\u00e7l\u00fc bir kad\u0131n firavunla,\u2022 Ve hatta dans\u00e7\u0131 k\u0131l\u0131\u011f\u0131na girmi\u015f gizemli bir casusla tan\u0131\u015facaks\u0131n! Usta yazar Mahir \u00dcnsal Eri\u015f\u2019in ne\u015feli, sohbetvari anlat\u0131m\u0131 ve T\u00f6re Sivrio\u011flu\u2019nun ge\u00e7mi\u015fi g\u00fcn\u00fcm\u00fcze ta\u015f\u0131yan harika \u00e7izimleriyle d\u00fcnya tarihinin en ilgin\u00e7, en \u00f6nemli ve en \u015fa\u015f\u0131rt\u0131c\u0131 23 ismi bu sayfalarda canlan\u0131yor.Sadece kim olduklar\u0131n\u0131 de\u011fil, ne yiyip i\u00e7tiklerini, nas\u0131l giyindiklerini, hatta kendi dillerinde nas\u0131l konu\u015ftuklar\u0131n\u0131 bile \u00f6\u011freneceksin. Haz\u0131rsan kemerini ba\u011fla; Sargon\u2019dan Mandela\u2019ya, firavunlardan krallara, antik \u00e7a\u011flardan g\u00fcn\u00fcm\u00fcze uzanan m\u00fcthi\u015f bir zaman yolculu\u011fu ba\u015fl\u0131yor!Kim Bunlar? serisinin ilk kitab\u0131yla tarihin tozlu sayfalar\u0131n\u0131 \u00fcflemeye var m\u0131s\u0131n?<\/p>\n","protected":false},"excerpt":{"rendered":"<p>Kim Bunlar?TarihMahir \u00dcnsal Eri\u015f &amp; T\u00f6re Sivrio\u011fluTarih Hi\u00e7 Bu Kadar E\u011flenceli Olmam\u0131\u015ft\u0131!Kim demi\u015f tarih s\u0131k\u0131c\u0131d\u0131r diye? E\u011fer krallar\u0131n, krali\u00e7elerin ve imparatorlar\u0131n sadece tahtlar\u0131nda oturup somurttu\u011funu san\u0131yorsan<span class=\"excerpt-hellip\"> [\u2026]<\/span><\/p>\n","protected":false},"featured_media":0,"template":"","meta":{"_monsterinsights_skip_tracking":false,"_monsterinsights_sitenote_active":false,"_monsterinsights_sitenote_note":"","_monsterinsights_sitenote_category":0},"product_brand":[],"product_cat":[12305,12304],"product_tag":[],"class_list":{"0":"post-784279","1":"product","2":"type-product","3":"status-publish","5":"product_cat-dunya-tarihi","6":"product_cat-tarih","7":"pa_cilt-ciltsiz","8":"pa_tur-kitap","9":"pa_yayinevi-epsilon-yayinlari","10":"pa_yazar-tore-sivrioglu-mahir-unsal-eris","12":"first","13":"instock","14":"sale","15":"shipping-taxable","16":"purchasable","17":"product-type-simple"},"_links":{"self":[{"href":"https:\/\/roveyayinevi.com.tr\/index.php\/wp-json\/wp\/v2\/product\/784279","targetHints":{"allow":["GET"]}}],"collection":[{"href":"https:\/\/roveyayinevi.com.tr\/index.php\/wp-json\/wp\/v2\/product"}],"about":[{"href":"https:\/\/roveyayinevi.com.tr\/index.php\/wp-json\/wp\/v2\/types\/product"}],"wp:attachment":[{"href":"https:\/\/roveyayinevi.com.tr\/index.php\/wp-json\/wp\/v2\/media?parent=784279"}],"wp:term":[{"taxonomy":"product_brand","embeddable":true,"href":"https:\/\/roveyayinevi.com.tr\/index.php\/wp-json\/wp\/v2\/product_brand?post=784279"},{"taxonomy":"product_cat","embeddable":true,"href":"https:\/\/roveyayinevi.com.tr\/index.php\/wp-json\/wp\/v2\/product_cat?post=784279"},{"taxonomy":"product_tag","embeddable":true,"href":"https:\/\/roveyayinevi.com.tr\/index.php\/wp-json\/wp\/v2\/product_tag?post=784279"}],"curies":[{"name":"wp","href":"https:\/\/api.w.org\/{rel}","templated":true}]}}