{"id":784262,"date":"2026-03-05T04:16:05","date_gmt":"2026-03-05T01:16:05","guid":{"rendered":"https:\/\/roveyayinevi.com.tr\/index.php\/urun\/bahar-bahcesi\/"},"modified":"2026-04-15T03:47:40","modified_gmt":"2026-04-15T00:47:40","slug":"bahar-bahcesi","status":"publish","type":"product","link":"https:\/\/roveyayinevi.com.tr\/index.php\/urun\/bahar-bahcesi\/","title":{"rendered":"Bahar Bah\u00e7esi"},"content":{"rendered":"<p>\u201cR\u00fczg\u00e2r\u0131n ta\u015f\u0131d\u0131\u011f\u0131, dalgalar\u0131n s\u00fcr\u00fckledi\u011fi o incecik \u00f6\u011f\u00fct\u00fclm\u00fc\u015f k\u00fcller k\u0131sa s\u00fcrede kaybolup gitmi\u015fti. \u015eimdi havan\u0131n i\u00e7inde s\u0131k\u0131\u015f\u0131p kalan toz da ayn\u0131 kemiklerin zerreleriydi. Peki bunlar babam\u0131n hangi par\u00e7alar\u0131, diye d\u00fc\u015f\u00fcnd\u00fc Taro.\u201dE\u015finden bo\u015fand\u0131ktan sonra Tokyo\u2019da yeni bir hayata ba\u015flayan Taro, yak\u0131nda y\u0131k\u0131lmas\u0131 planlanan bir apartman dairesinde yaln\u0131z ya\u015famaktad\u0131r. Bu s\u0131rada \u00fcst kat kom\u015fusu Nishi ile aralar\u0131nda al\u0131\u015f\u0131lm\u0131\u015f\u0131n d\u0131\u015f\u0131nda bir arkada\u015fl\u0131k ba\u015flar. Nishi\u2019nin apartmanlar\u0131n\u0131n yan\u0131ndaki g\u00f6k mavisi eve duydu\u011fu tuhaf saplant\u0131, Taro\u2019ya yeni bir d\u00fcnyan\u0131n kap\u0131lar\u0131n\u0131 aralar. Nishi\u2019nin Bahar Bah\u00e7esi adl\u0131 bir foto\u011fraf kitab\u0131nda ke\u015ffetti\u011fi bu gizemli ev, k\u0131sa s\u00fcre i\u00e7inde ikisinin de hayatlar\u0131n\u0131n odak noktas\u0131 haline gelir. Kitab\u0131n sayfalar\u0131ndaki o huzurlu hayat\u0131n, misket limonu ye\u015fili fayanslar\u0131n ve oya a\u011fa\u00e7lar\u0131n\u0131n pe\u015fine d\u00fc\u015fen Nishi, zaman\u0131n \u00f6tesindeki bir ana dokunmak i\u00e7in her \u015feyi g\u00f6ze alacak, Taro\u2019yu da beraberinde bu maceraya s\u00fcr\u00fckleyecektir.Akutagawa \u00d6d\u00fcll\u00fc yazar Tomoka Shibasaki, modern kentin yaln\u0131zl\u0131\u011f\u0131n\u0131, kaybolan mek\u00e2nlar\u0131 ve insanlar\u0131n birbirlerinin hayatlar\u0131nda b\u0131rakt\u0131\u011f\u0131 silik izleri e\u015fsiz bir zarafetle anlat\u0131yor.Bahar Bah\u00e7esi, her \u015feyin h\u0131zla de\u011fi\u015fti\u011fi bir d\u00fcnyada, durup bir anl\u0131\u011f\u0131na g\u00f6ky\u00fcz\u00fcndeki bulutlara ve yan kom\u015funun bah\u00e7esine bakman\u0131n, ge\u00e7mi\u015fi bir havan\u0131n i\u00e7inde toz haline getirip saklaman\u0131n hik\u00e2yesidir.<\/p>\n","protected":false},"excerpt":{"rendered":"<p>\u201cR\u00fczg\u00e2r\u0131n ta\u015f\u0131d\u0131\u011f\u0131, dalgalar\u0131n s\u00fcr\u00fckledi\u011fi o incecik \u00f6\u011f\u00fct\u00fclm\u00fc\u015f k\u00fcller k\u0131sa s\u00fcrede kaybolup gitmi\u015fti. \u015eimdi havan\u0131n i\u00e7inde s\u0131k\u0131\u015f\u0131p kalan toz da ayn\u0131 kemiklerin zerreleriydi. Peki bunlar babam\u0131n hangi<span class=\"excerpt-hellip\"> [\u2026]<\/span><\/p>\n","protected":false},"featured_media":0,"template":"","meta":{"_monsterinsights_skip_tracking":false,"_monsterinsights_sitenote_active":false,"_monsterinsights_sitenote_note":"","_monsterinsights_sitenote_category":0},"product_brand":[],"product_cat":[12291,12711],"product_tag":[],"class_list":{"0":"post-784262","1":"product","2":"type-product","3":"status-publish","5":"product_cat-edebiyat","6":"product_cat-roman-oyku","7":"pa_cilt-ciltsiz","8":"pa_tur-kitap","9":"pa_yayinevi-gutenberg","10":"pa_yazar-tomoka-shibasaki","12":"first","13":"instock","14":"sale","15":"shipping-taxable","16":"purchasable","17":"product-type-simple"},"_links":{"self":[{"href":"https:\/\/roveyayinevi.com.tr\/index.php\/wp-json\/wp\/v2\/product\/784262","targetHints":{"allow":["GET"]}}],"collection":[{"href":"https:\/\/roveyayinevi.com.tr\/index.php\/wp-json\/wp\/v2\/product"}],"about":[{"href":"https:\/\/roveyayinevi.com.tr\/index.php\/wp-json\/wp\/v2\/types\/product"}],"wp:attachment":[{"href":"https:\/\/roveyayinevi.com.tr\/index.php\/wp-json\/wp\/v2\/media?parent=784262"}],"wp:term":[{"taxonomy":"product_brand","embeddable":true,"href":"https:\/\/roveyayinevi.com.tr\/index.php\/wp-json\/wp\/v2\/product_brand?post=784262"},{"taxonomy":"product_cat","embeddable":true,"href":"https:\/\/roveyayinevi.com.tr\/index.php\/wp-json\/wp\/v2\/product_cat?post=784262"},{"taxonomy":"product_tag","embeddable":true,"href":"https:\/\/roveyayinevi.com.tr\/index.php\/wp-json\/wp\/v2\/product_tag?post=784262"}],"curies":[{"name":"wp","href":"https:\/\/api.w.org\/{rel}","templated":true}]}}