{"id":784243,"date":"2026-03-05T04:15:33","date_gmt":"2026-03-05T01:15:33","guid":{"rendered":"https:\/\/roveyayinevi.com.tr\/index.php\/urun\/zehirli-kadeh\/"},"modified":"2026-04-15T03:47:37","modified_gmt":"2026-04-15T00:47:37","slug":"zehirli-kadeh","status":"publish","type":"product","link":"https:\/\/roveyayinevi.com.tr\/index.php\/urun\/zehirli-kadeh\/","title":{"rendered":"Zehirli Kadeh"},"content":{"rendered":"<p>B\u0130R CESET. \u0130MK\u00c2NSIZ B\u0130R \u00d6L\u00dcM. VE \u0130MPARATORLU\u011eU SARSACAK B\u0130R SIR.Daretana\u2019n\u0131n en g\u00f6rkemli malik\u00e2nesinde, y\u00fcksek r\u00fctbeli bir imparatorluk g\u00f6revlisi \u00f6l\u00fc bulunur. Salg\u0131nlar\u0131n kol gezdi\u011fi, leviathanlar\u0131n kan\u0131n\u0131n tuhaf b\u00fcy\u00fcsel d\u00f6n\u00fc\u015f\u00fcmlere yol a\u00e7t\u0131\u011f\u0131 imparatorluk s\u0131n\u0131rlar\u0131nda bile bu \u00f6l\u00fcm, ak\u0131l almaz ve     deh\u015fet vericidir.Olay\u0131 \u00e7\u00f6zmekle g\u00f6revlendirilen ki\u015fi, parlak zek\u00e2s\u0131 kadar tuhafl\u0131klar\u0131yla da \u00fcn salm\u0131\u015f dedektif Ana Dolabra\u2019d\u0131r. S\u00fcrekli g\u00f6zleri ba\u011fl\u0131 dola\u015ft\u0131\u011f\u0131, evinden hi\u00e7 \u00e7\u0131kmadan bile imk\u00e2ns\u0131z davalar\u0131 \u00e7\u00f6zd\u00fc\u011f\u00fc s\u00f6ylenen Ana\u2019n\u0131n yan\u0131ndaki yeni yard\u0131mc\u0131s\u0131 Dinios Kol ise b\u00fcy\u00fcyle de\u011fi\u015ftirilmi\u015f, benzersiz yeteneklere sahip bir asistand\u0131r.Din, yeni amirinin y\u00f6ntemleri kar\u015f\u0131s\u0131nda kimi zaman \u015fa\u015fk\u0131na d\u00f6ner, kimi zaman \u00f6fkelenir ancak Ana\u2019n\u0131n zihninin bir \u00e7\u0131kar\u0131mdan di\u011ferine ustal\u0131kla s\u0131\u00e7ray\u0131\u015f\u0131na tan\u0131k olduk\u00e7a, onun ger\u00e7ekten de imparatorlu\u011fun en b\u00fcy\u00fck dedektifi oldu\u011funu kabullenmek zorunda kal\u0131r. \u0130kili, ipu\u00e7lar\u0131n\u0131 birle\u015ftirdik\u00e7e yaln\u0131zca bir cinayetin de\u011fil, imparatorlu\u011fun kendisini tehdit eden \u00e7ok daha b\u00fcy\u00fck bir plan\u0131n izini s\u00fcrmeye ba\u015flar.Dedektif kurgusunun cazibesini \u00e7arp\u0131c\u0131 bir fantastik d\u00fcnya in\u015fas\u0131yla birle\u015ftiren Zehirli Kadeh, tan\u0131d\u0131k oldu\u011fu kadar \u015fa\u015f\u0131rt\u0131c\u0131, zekice kurgulanm\u0131\u015f ve soluksuz okunan bir         fantezi gizem roman\u0131.<\/p>\n","protected":false},"excerpt":{"rendered":"<p>B\u0130R CESET. \u0130MK\u00c2NSIZ B\u0130R \u00d6L\u00dcM. VE \u0130MPARATORLU\u011eU SARSACAK B\u0130R SIR.Daretana\u2019n\u0131n en g\u00f6rkemli malik\u00e2nesinde, y\u00fcksek r\u00fctbeli bir imparatorluk g\u00f6revlisi \u00f6l\u00fc bulunur. Salg\u0131nlar\u0131n kol gezdi\u011fi, leviathanlar\u0131n kan\u0131n\u0131n tuhaf<span class=\"excerpt-hellip\"> [\u2026]<\/span><\/p>\n","protected":false},"featured_media":0,"template":"","meta":{"_monsterinsights_skip_tracking":false,"_monsterinsights_sitenote_active":false,"_monsterinsights_sitenote_note":"","_monsterinsights_sitenote_category":0},"product_brand":[],"product_cat":[12291,14777],"product_tag":[],"class_list":{"0":"post-784243","1":"product","2":"type-product","3":"status-publish","5":"product_cat-edebiyat","6":"product_cat-fantastik","7":"pa_cilt-ciltsiz","8":"pa_tur-kitap","9":"pa_yayinevi-nemesis-kitap","10":"pa_yazar-robert-jackson-bennett","12":"first","13":"instock","14":"sale","15":"shipping-taxable","16":"purchasable","17":"product-type-simple"},"_links":{"self":[{"href":"https:\/\/roveyayinevi.com.tr\/index.php\/wp-json\/wp\/v2\/product\/784243","targetHints":{"allow":["GET"]}}],"collection":[{"href":"https:\/\/roveyayinevi.com.tr\/index.php\/wp-json\/wp\/v2\/product"}],"about":[{"href":"https:\/\/roveyayinevi.com.tr\/index.php\/wp-json\/wp\/v2\/types\/product"}],"wp:attachment":[{"href":"https:\/\/roveyayinevi.com.tr\/index.php\/wp-json\/wp\/v2\/media?parent=784243"}],"wp:term":[{"taxonomy":"product_brand","embeddable":true,"href":"https:\/\/roveyayinevi.com.tr\/index.php\/wp-json\/wp\/v2\/product_brand?post=784243"},{"taxonomy":"product_cat","embeddable":true,"href":"https:\/\/roveyayinevi.com.tr\/index.php\/wp-json\/wp\/v2\/product_cat?post=784243"},{"taxonomy":"product_tag","embeddable":true,"href":"https:\/\/roveyayinevi.com.tr\/index.php\/wp-json\/wp\/v2\/product_tag?post=784243"}],"curies":[{"name":"wp","href":"https:\/\/api.w.org\/{rel}","templated":true}]}}