{"id":784226,"date":"2026-03-05T04:14:23","date_gmt":"2026-03-05T01:14:23","guid":{"rendered":"https:\/\/roveyayinevi.com.tr\/index.php\/urun\/mola\/"},"modified":"2026-04-15T03:46:54","modified_gmt":"2026-04-15T00:46:54","slug":"mola","status":"publish","type":"product","link":"https:\/\/roveyayinevi.com.tr\/index.php\/urun\/mola\/","title":{"rendered":"Mola"},"content":{"rendered":"<p>\u201cBir ka\u00e7\u0131\u015f, bir mola, bir soluk&#8230; Her neyse ad\u0131, i\u015fte ona ihtiyac\u0131m vard\u0131. Eylem zaman\u0131yd\u0131. Eylem \u015fifayd\u0131. Evren eylemi severdi. Paran\u0131n, pulun can\u0131 cehenneme&#8230;\u201d \u0130\u015fte, her \u015fey b\u00f6yle ba\u015flad\u0131. Gen\u00e7, g\u00fczel, ak\u0131ll\u0131 bir kad\u0131nd\u0131 ama dinmeyen ac\u0131lar\u0131, kapanmayan yaralar\u0131, ba\u015fa \u00e7\u0131kamad\u0131\u011f\u0131 korkular\u0131 vard\u0131. Hayat\u0131n\u0131 karanl\u0131k bir t\u00fcnel, \u00e7\u0131kmaz bir sokak veya cehennemin dibi olarak tan\u0131ml\u0131yordu. S\u0131k s\u0131k ya\u015fad\u0131\u011f\u0131 panik atak krizleri, depresyon s\u00fcre\u00e7leri ve giderek artan kayg\u0131lar\u0131 y\u00fcz\u00fcnden yorgundu. Psikiyatristinin \u00f6nerisiyle verdi\u011fi mola hayat\u0131n\u0131n d\u00f6n\u00fcm noktas\u0131 olacakt\u0131. Do\u011fan\u0131n mucizeler bar\u0131nd\u0131rd\u0131\u011f\u0131n\u0131, ya\u015fam\u0131nsa bir ceza de\u011fil \u00f6d\u00fcl oldu\u011funu anlayacakt\u0131. Kalbinde h\u00e2l\u00e2 a\u015fka yer vard\u0131 ve ba\u015fka bir hayat m\u00fcmk\u00fcnd\u00fc.<\/p>\n","protected":false},"excerpt":{"rendered":"<p>\u201cBir ka\u00e7\u0131\u015f, bir mola, bir soluk&#8230; Her neyse ad\u0131, i\u015fte ona ihtiyac\u0131m vard\u0131. Eylem zaman\u0131yd\u0131. Eylem \u015fifayd\u0131. Evren eylemi severdi. Paran\u0131n, pulun can\u0131 cehenneme&#8230;\u201d \u0130\u015fte, her<span class=\"excerpt-hellip\"> [\u2026]<\/span><\/p>\n","protected":false},"featured_media":0,"template":"","meta":{"_monsterinsights_skip_tracking":false,"_monsterinsights_sitenote_active":false,"_monsterinsights_sitenote_note":"","_monsterinsights_sitenote_category":0},"product_brand":[],"product_cat":[12291,12711],"product_tag":[],"class_list":{"0":"post-784226","1":"product","2":"type-product","3":"status-publish","5":"product_cat-edebiyat","6":"product_cat-roman-oyku","7":"pa_cilt-ciltsiz","8":"pa_tur-kitap","9":"pa_yayinevi-eksik-parca-yayinlari","10":"pa_yazar-guldem-sahan","12":"first","13":"instock","14":"sale","15":"shipping-taxable","16":"purchasable","17":"product-type-simple"},"_links":{"self":[{"href":"https:\/\/roveyayinevi.com.tr\/index.php\/wp-json\/wp\/v2\/product\/784226","targetHints":{"allow":["GET"]}}],"collection":[{"href":"https:\/\/roveyayinevi.com.tr\/index.php\/wp-json\/wp\/v2\/product"}],"about":[{"href":"https:\/\/roveyayinevi.com.tr\/index.php\/wp-json\/wp\/v2\/types\/product"}],"wp:attachment":[{"href":"https:\/\/roveyayinevi.com.tr\/index.php\/wp-json\/wp\/v2\/media?parent=784226"}],"wp:term":[{"taxonomy":"product_brand","embeddable":true,"href":"https:\/\/roveyayinevi.com.tr\/index.php\/wp-json\/wp\/v2\/product_brand?post=784226"},{"taxonomy":"product_cat","embeddable":true,"href":"https:\/\/roveyayinevi.com.tr\/index.php\/wp-json\/wp\/v2\/product_cat?post=784226"},{"taxonomy":"product_tag","embeddable":true,"href":"https:\/\/roveyayinevi.com.tr\/index.php\/wp-json\/wp\/v2\/product_tag?post=784226"}],"curies":[{"name":"wp","href":"https:\/\/api.w.org\/{rel}","templated":true}]}}